* [xen-unstable-smoke test] 105822: regressions - trouble: broken/fail/pass
@ 2017-02-15 17:47 osstest service owner
0 siblings, 0 replies; only message in thread
From: osstest service owner @ 2017-02-15 17:47 UTC (permalink / raw)
To: xen-devel, osstest-admin
flight 105822 xen-unstable-smoke real [real]
http://logs.test-lab.xenproject.org/osstest/logs/105822/
Regressions :-(
Tests which did not succeed and are blocking,
including tests which could not be run:
test-armhf-armhf-xl 11 guest-start fail REGR. vs. 105820
Tests which did not succeed, but are not blocking:
test-arm64-arm64-xl-xsm 1 build-check(1) blocked n/a
build-arm64 5 xen-build fail never pass
test-amd64-amd64-libvirt 12 migrate-support-check fail never pass
build-arm64-pvops 5 kernel-build fail never pass
version targeted for testing:
xen b7a3ce49d5283b5940fe2dba85f7abfd6f8192e0
baseline version:
xen 93e1435290867703c50acad1f54b9208df473562
Last test of basis 105820 2017-02-15 13:01:10 Z 0 days
Testing same since 105822 2017-02-15 16:02:25 Z 0 days 1 attempts
------------------------------------------------------------
People who touched revisions under test:
George Dunlap <george.dunlap@citrix.com>
Ian Jackson <ian.jackson@citrix.com>
Jan Beulich <jbeulich@suse.com>
Konrad Rzeszutek Wilk <konrad.wilk@oracle.com>
Oleksandr Andrushchenko <oleksandr_andrushchenko@epam.com>
Stefano Stabellini <sstabellini@kernel.org>
Wei Liu <wei.liu2@citrix.com>
jobs:
build-amd64 pass
build-arm64 fail
build-armhf pass
build-amd64-libvirt pass
build-arm64-pvops fail
test-armhf-armhf-xl fail
test-arm64-arm64-xl-xsm broken
test-amd64-amd64-xl-qemuu-debianhvm-i386 pass
test-amd64-amd64-libvirt pass
------------------------------------------------------------
sg-report-flight on osstest.test-lab.xenproject.org
logs: /home/logs/logs
images: /home/logs/images
Logs, config files, etc. are available at
http://logs.test-lab.xenproject.org/osstest/logs
Explanation of these reports, and of osstest in general, is at
http://xenbits.xen.org/gitweb/?p=osstest.git;a=blob;f=README.email;hb=master
http://xenbits.xen.org/gitweb/?p=osstest.git;a=blob;f=README;hb=master
Test harness code can be found at
http://xenbits.xen.org/gitweb?p=osstest.git;a=summary
Not pushing.
------------------------------------------------------------
commit b7a3ce49d5283b5940fe2dba85f7abfd6f8192e0
Author: Oleksandr Andrushchenko <oleksandr_andrushchenko@epam.com>
Date: Wed Feb 8 09:38:18 2017 +0200
xen/kbdif: add multi-touch support
Multi-touch fields re-use the page that is used by the other features
which means that you can interleave multi-touch, motion, and key
events.
Reviewed-by: Konrad Rzeszutek Wilk <konrad.wilk@oracle.com>
Reviewed-by: Stefano Stabellini <sstabellini@kernel.org>
Signed-off-by: Oleksandr Andrushchenko <oleksandr_andrushchenko@epam.com>
commit b3b23a764f6d3a83297f24f70e24a7716a04549f
Author: Oleksandr Andrushchenko <oleksandr_andrushchenko@epam.com>
Date: Tue Feb 7 12:38:41 2017 -0500
xen/kbdif: Update protocol description
The patch clarifies the protocol that is used by the PV keyboard
drivers.
Reviewed-by: Konrad Rzeszutek Wilk <konrad.wilk@oracle.com>
Reviewed-by: Stefano Stabellini <sstabellini@kernel.org>
Signed-off-by: Oleksandr Andrushchenko <oleksandr_andrushchenko@epam.com>
commit 993056190e5630701b316925956e3026a5ec2da2
Author: Konrad Rzeszutek Wilk <konrad.wilk@oracle.com>
Date: Fri Nov 18 11:18:24 2016 -0500
MAINTAINERS: Add myself as the public API "Czar"
That way we have one person who can: a) poke other maintainers
or pull them in with new drivers are introduced, b) we have
one maintainer who can shepherd the patches along instead of
depending on the REST maintainers which may be busy with
other responsibilities.
Acked-by: Ian Jackson <ian.jackson@citrix.com>
Acked-by: Jan Beulich <jbeulich@suse.com>
Acked-by: Stefano Stabellini <sstabellini@kernel.org>
Acked-by: George Dunlap <george.dunlap@citrix.com>
Acked-by: Wei Liu <wei.liu2@citrix.com>
Signed-off-by: Konrad Rzeszutek Wilk <konrad.wilk@oracle.com>
(qemu changes not included)
_______________________________________________
Xen-devel mailing list
Xen-devel@lists.xen.org
https://lists.xen.org/xen-devel
^ permalink raw reply [flat|nested] only message in thread
only message in thread, other threads:[~2017-02-15 17:47 UTC | newest]
Thread overview: (only message) (download: mbox.gz follow: Atom feed
-- links below jump to the message on this page --
2017-02-15 17:47 [xen-unstable-smoke test] 105822: regressions - trouble: broken/fail/pass osstest service owner
This is a public inbox, see mirroring instructions
for how to clone and mirror all data and code used for this inbox;
as well as URLs for NNTP newsgroup(s).