* [qemu-mainline test] 105853: regressions - FAIL
@ 2017-02-17 3:15 osstest service owner
0 siblings, 0 replies; only message in thread
From: osstest service owner @ 2017-02-17 3:15 UTC (permalink / raw)
To: xen-devel, osstest-admin
flight 105853 qemu-mainline real [real]
http://logs.test-lab.xenproject.org/osstest/logs/105853/
Regressions :-(
Tests which did not succeed and are blocking,
including tests which could not be run:
test-amd64-i386-xl-qemuu-winxpsp3-vcpus1 9 windows-install fail REGR. vs. 105796
Regressions which are regarded as allowable (not blocking):
test-armhf-armhf-libvirt 13 saverestore-support-check fail like 105796
test-armhf-armhf-libvirt-xsm 13 saverestore-support-check fail like 105796
test-amd64-amd64-xl-qemuu-win7-amd64 16 guest-stop fail like 105796
test-amd64-i386-xl-qemuu-win7-amd64 16 guest-stop fail like 105796
test-armhf-armhf-libvirt-raw 12 saverestore-support-check fail like 105796
test-amd64-amd64-xl-rtds 9 debian-install fail like 105796
Tests which did not succeed, but are not blocking:
test-arm64-arm64-libvirt-xsm 1 build-check(1) blocked n/a
test-arm64-arm64-xl 1 build-check(1) blocked n/a
build-arm64-libvirt 1 build-check(1) blocked n/a
test-arm64-arm64-libvirt-qcow2 1 build-check(1) blocked n/a
test-arm64-arm64-libvirt 1 build-check(1) blocked n/a
test-arm64-arm64-xl-credit2 1 build-check(1) blocked n/a
test-arm64-arm64-xl-rtds 1 build-check(1) blocked n/a
test-arm64-arm64-xl-multivcpu 1 build-check(1) blocked n/a
test-arm64-arm64-xl-xsm 1 build-check(1) blocked n/a
test-amd64-amd64-xl-pvh-amd 11 guest-start fail never pass
test-amd64-amd64-xl-pvh-intel 11 guest-start fail never pass
test-amd64-amd64-libvirt-xsm 12 migrate-support-check fail never pass
test-amd64-amd64-libvirt 12 migrate-support-check fail never pass
test-amd64-i386-libvirt 12 migrate-support-check fail never pass
test-amd64-i386-libvirt-xsm 12 migrate-support-check fail never pass
test-amd64-amd64-libvirt-qemuu-debianhvm-amd64-xsm 10 migrate-support-check fail never pass
build-arm64-xsm 5 xen-build fail never pass
build-arm64 5 xen-build fail never pass
test-amd64-i386-libvirt-qemuu-debianhvm-amd64-xsm 10 migrate-support-check fail never pass
test-armhf-armhf-xl-arndale 12 migrate-support-check fail never pass
test-armhf-armhf-xl-arndale 13 saverestore-support-check fail never pass
build-arm64-pvops 5 kernel-build fail never pass
test-amd64-amd64-qemuu-nested-amd 16 debian-hvm-install/l1/l2 fail never pass
test-armhf-armhf-xl 12 migrate-support-check fail never pass
test-armhf-armhf-xl 13 saverestore-support-check fail never pass
test-armhf-armhf-xl-multivcpu 12 migrate-support-check fail never pass
test-armhf-armhf-xl-multivcpu 13 saverestore-support-check fail never pass
test-armhf-armhf-xl-cubietruck 12 migrate-support-check fail never pass
test-armhf-armhf-xl-xsm 12 migrate-support-check fail never pass
test-armhf-armhf-xl-xsm 13 saverestore-support-check fail never pass
test-armhf-armhf-xl-cubietruck 13 saverestore-support-check fail never pass
test-armhf-armhf-libvirt 12 migrate-support-check fail never pass
test-armhf-armhf-libvirt-xsm 12 migrate-support-check fail never pass
test-armhf-armhf-xl-credit2 12 migrate-support-check fail never pass
test-armhf-armhf-xl-credit2 13 saverestore-support-check fail never pass
test-amd64-amd64-libvirt-vhd 11 migrate-support-check fail never pass
test-armhf-armhf-libvirt-raw 11 migrate-support-check fail never pass
test-armhf-armhf-xl-rtds 12 migrate-support-check fail never pass
test-armhf-armhf-xl-rtds 13 saverestore-support-check fail never pass
test-armhf-armhf-xl-vhd 11 migrate-support-check fail never pass
test-armhf-armhf-xl-vhd 12 saverestore-support-check fail never pass
version targeted for testing:
qemuu ca5266de6cde132b647b44a108f6c0c009785fdd
baseline version:
qemuu 5dae13cd71f0755a1395b5a4cde635b8a6ee3f58
Last test of basis 105796 2017-02-14 16:14:51 Z 2 days
Testing same since 105853 2017-02-16 14:12:58 Z 0 days 1 attempts
------------------------------------------------------------
People who touched revisions under test:
Jason Wang <jasowang@redhat.com>
Li Qiang <liq3ea@gmail.com>
Li Qiang <liqiang6-s@360.cn>
Li Zhijian <lizhijian@cn.fujitsu.com>
Paolo Bonzini <pbonzini@redhat.com>
Peter Maydell <peter.maydell@linaro.org>
Prasad J Pandit <pjp@fedoraproject.org>
Thomas Huth <thuth@redhat.com>
Zhang Chen <zhangchen.fnst@cn.fujitsu.com>
jobs:
build-amd64-xsm pass
build-arm64-xsm fail
build-armhf-xsm pass
build-i386-xsm pass
build-amd64 pass
build-arm64 fail
build-armhf pass
build-i386 pass
build-amd64-libvirt pass
build-arm64-libvirt blocked
build-armhf-libvirt pass
build-i386-libvirt pass
build-amd64-pvops pass
build-arm64-pvops fail
build-armhf-pvops pass
build-i386-pvops pass
test-amd64-amd64-xl pass
test-arm64-arm64-xl blocked
test-armhf-armhf-xl pass
test-amd64-i386-xl pass
test-amd64-amd64-libvirt-qemuu-debianhvm-amd64-xsm pass
test-amd64-i386-libvirt-qemuu-debianhvm-amd64-xsm pass
test-amd64-amd64-xl-qemuu-debianhvm-amd64-xsm pass
test-amd64-i386-xl-qemuu-debianhvm-amd64-xsm pass
test-amd64-amd64-libvirt-xsm pass
test-arm64-arm64-libvirt-xsm blocked
test-armhf-armhf-libvirt-xsm pass
test-amd64-i386-libvirt-xsm pass
test-amd64-amd64-xl-xsm pass
test-arm64-arm64-xl-xsm blocked
test-armhf-armhf-xl-xsm pass
test-amd64-i386-xl-xsm pass
test-amd64-amd64-qemuu-nested-amd fail
test-amd64-amd64-xl-pvh-amd fail
test-amd64-i386-qemuu-rhel6hvm-amd pass
test-amd64-amd64-xl-qemuu-debianhvm-amd64 pass
test-amd64-i386-xl-qemuu-debianhvm-amd64 pass
test-amd64-i386-freebsd10-amd64 pass
test-amd64-amd64-xl-qemuu-ovmf-amd64 pass
test-amd64-i386-xl-qemuu-ovmf-amd64 pass
test-amd64-amd64-xl-qemuu-win7-amd64 fail
test-amd64-i386-xl-qemuu-win7-amd64 fail
test-armhf-armhf-xl-arndale pass
test-amd64-amd64-xl-credit2 pass
test-arm64-arm64-xl-credit2 blocked
test-armhf-armhf-xl-credit2 pass
test-armhf-armhf-xl-cubietruck pass
test-amd64-i386-freebsd10-i386 pass
test-amd64-amd64-qemuu-nested-intel pass
test-amd64-amd64-xl-pvh-intel fail
test-amd64-i386-qemuu-rhel6hvm-intel pass
test-amd64-amd64-libvirt pass
test-arm64-arm64-libvirt blocked
test-armhf-armhf-libvirt pass
test-amd64-i386-libvirt pass
test-amd64-amd64-xl-multivcpu pass
test-arm64-arm64-xl-multivcpu blocked
test-armhf-armhf-xl-multivcpu pass
test-amd64-amd64-pair pass
test-amd64-i386-pair pass
test-amd64-amd64-libvirt-pair pass
test-amd64-i386-libvirt-pair pass
test-amd64-amd64-amd64-pvgrub pass
test-amd64-amd64-i386-pvgrub pass
test-amd64-amd64-pygrub pass
test-arm64-arm64-libvirt-qcow2 blocked
test-amd64-amd64-xl-qcow2 pass
test-armhf-armhf-libvirt-raw pass
test-amd64-i386-xl-raw pass
test-amd64-amd64-xl-rtds fail
test-arm64-arm64-xl-rtds blocked
test-armhf-armhf-xl-rtds pass
test-amd64-i386-xl-qemuu-winxpsp3-vcpus1 fail
test-amd64-amd64-libvirt-vhd pass
test-armhf-armhf-xl-vhd pass
test-amd64-amd64-xl-qemuu-winxpsp3 pass
test-amd64-i386-xl-qemuu-winxpsp3 pass
------------------------------------------------------------
sg-report-flight on osstest.test-lab.xenproject.org
logs: /home/logs/logs
images: /home/logs/images
Logs, config files, etc. are available at
http://logs.test-lab.xenproject.org/osstest/logs
Explanation of these reports, and of osstest in general, is at
http://xenbits.xen.org/gitweb/?p=osstest.git;a=blob;f=README.email;hb=master
http://xenbits.xen.org/gitweb/?p=osstest.git;a=blob;f=README;hb=master
Test harness code can be found at
http://xenbits.xen.org/gitweb?p=osstest.git;a=summary
Not pushing.
------------------------------------------------------------
commit ca5266de6cde132b647b44a108f6c0c009785fdd
Merge: 5dae13c 4154c7e
Author: Peter Maydell <peter.maydell@linaro.org>
Date: Thu Feb 16 12:36:24 2017 +0000
Merge remote-tracking branch 'remotes/jasowang/tags/net-pull-request' into staging
# gpg: Signature made Wed 15 Feb 2017 03:46:59 GMT
# gpg: using RSA key 0xEF04965B398D6211
# gpg: Good signature from "Jason Wang (Jason Wang on RedHat) <jasowang@redhat.com>"
# gpg: WARNING: This key is not certified with sufficiently trusted signatures!
# gpg: It is not certain that the signature belongs to the owner.
# Primary key fingerprint: 215D 46F4 8246 689E C77F 3562 EF04 965B 398D 6211
* remotes/jasowang/tags/net-pull-request:
net: e1000e: fix an infinite loop issue
net: imx: limit buffer descriptor count
colo-compare: sort TCP packet queue by sequence number
net: e1000e: fix dead code in e1000e_write_packet_to_guest
net: Mark 'vlan' parameter as deprecated
Signed-off-by: Peter Maydell <peter.maydell@linaro.org>
commit 4154c7e03fa55b4cf52509a83d50d6c09d743b77
Author: Li Qiang <liq3ea@gmail.com>
Date: Thu Feb 9 18:19:19 2017 -0800
net: e1000e: fix an infinite loop issue
This issue is like the issue in e1000 network card addressed in
this commit:
e1000: eliminate infinite loops on out-of-bounds transfer start.
Signed-off-by: Li Qiang <liqiang6-s@360.cn>
Reviewed-by: Dmitry Fleytman <dmitry@daynix.com>
Signed-off-by: Jason Wang <jasowang@redhat.com>
commit 81f17e0d435c3db3a3e67e0d32ebf9c98973211f
Author: Prasad J Pandit <pjp@fedoraproject.org>
Date: Thu Feb 2 16:16:24 2017 +0530
net: imx: limit buffer descriptor count
i.MX Fast Ethernet Controller uses buffer descriptors to manage
data flow to/fro receive & transmit queues. While transmitting
packets, it could continue to read buffer descriptors if a buffer
descriptor has length of zero and has crafted values in bd.flags.
Set an upper limit to number of buffer descriptors.
Reported-by: Li Qiang <liqiang6-s@360.cn>
Signed-off-by: Prasad J Pandit <pjp@fedoraproject.org>
Signed-off-by: Jason Wang <jasowang@redhat.com>
commit a935cc3132aea175502f76c06eba7a78521ef3ba
Author: Zhang Chen <zhangchen.fnst@cn.fujitsu.com>
Date: Tue Jan 24 16:53:46 2017 +0800
colo-compare: sort TCP packet queue by sequence number
Improve efficiency of TCP packet comparison.
Signed-off-by: Zhang Chen <zhangchen.fnst@cn.fujitsu.com>
Signed-off-by: Li Zhijian <lizhijian@cn.fujitsu.com>
Signed-off-by: Jason Wang <jasowang@redhat.com>
commit e514fc7e1231c6d95011e448e6c626f2bb6f3cd8
Author: Paolo Bonzini <pbonzini@redhat.com>
Date: Thu Jan 26 11:10:10 2017 +0100
net: e1000e: fix dead code in e1000e_write_packet_to_guest
Because is_first is declared inside a loop, it is always true. The store
is dead, and so is the "else" branch of "if (is_first)". is_last is
okay though.
Reported by Coverity.
Signed-off-by: Paolo Bonzini <pbonzini@redhat.com>
Reviewed-by: Dmitry Fleytman <dmitry@daynix.com>
Signed-off-by: Jason Wang <jasowang@redhat.com>
commit a2dbe1356faff3cb613ae83b77c484a203be5f15
Author: Thomas Huth <thuth@redhat.com>
Date: Tue Jan 24 10:42:49 2017 +0100
net: Mark 'vlan' parameter as deprecated
The 'vlan' parameter is a continuous source of confusion for the users,
many people mix it up with the more common term VLAN (the link layer
packet encapsulation), and even if they realize that the QEMU 'vlan' is
rather some kind of network hub emulation, there is still a high risk
that they configure their QEMU networking in a wrong way with this
parameter (e.g. by hooking NICs together, so they get a 'loopback'
between one and the other NIC).
Thus at one point in time, we should finally get rid of the 'vlan'
feature in QEMU. Let's do a first step in this direction by declaring
the 'vlan' parameter as deprecated and informing the users to use the
'netdev' parameter instead.
Signed-off-by: Thomas Huth <thuth@redhat.com>
Signed-off-by: Jason Wang <jasowang@redhat.com>
_______________________________________________
Xen-devel mailing list
Xen-devel@lists.xen.org
https://lists.xen.org/xen-devel
^ permalink raw reply [flat|nested] only message in thread
only message in thread, other threads:[~2017-02-17 3:15 UTC | newest]
Thread overview: (only message) (download: mbox.gz follow: Atom feed
-- links below jump to the message on this page --
2017-02-17 3:15 [qemu-mainline test] 105853: regressions - FAIL osstest service owner
This is a public inbox, see mirroring instructions
for how to clone and mirror all data and code used for this inbox;
as well as URLs for NNTP newsgroup(s).