xen-devel.lists.xenproject.org archive mirror
 help / color / mirror / Atom feed
* [xen-unstable-smoke test] 105927: regressions - trouble: broken/fail/pass
@ 2017-02-20 17:46 osstest service owner
  0 siblings, 0 replies; only message in thread
From: osstest service owner @ 2017-02-20 17:46 UTC (permalink / raw)
  To: xen-devel, osstest-admin

flight 105927 xen-unstable-smoke real [real]
http://logs.test-lab.xenproject.org/osstest/logs/105927/

Regressions :-(

Tests which did not succeed and are blocking,
including tests which could not be run:
 test-armhf-armhf-xl          11 guest-start              fail REGR. vs. 105892

Tests which did not succeed, but are not blocking:
 test-arm64-arm64-xl-xsm       1 build-check(1)               blocked  n/a
 build-arm64                   5 xen-build                    fail   never pass
 build-arm64-pvops             5 kernel-build                 fail   never pass
 test-amd64-amd64-libvirt     12 migrate-support-check        fail   never pass

version targeted for testing:
 xen                  98689ab7ae206aab3b1317c8bf28282f35b3165e
baseline version:
 xen                  75da1b150e646bb9aaa26c5b2452f0c3e782d302

Last test of basis   105892  2017-02-18 00:02:19 Z    2 days
Testing same since   105927  2017-02-20 16:01:46 Z    0 days    1 attempts

------------------------------------------------------------
People who touched revisions under test:
  Boris Ostrovsky <boris.ostrovsky@oracle.com>
  Wei Liu <wei.liu2@citrix.com>

jobs:
 build-amd64                                                  pass    
 build-arm64                                                  fail    
 build-armhf                                                  pass    
 build-amd64-libvirt                                          pass    
 build-arm64-pvops                                            fail    
 test-armhf-armhf-xl                                          fail    
 test-arm64-arm64-xl-xsm                                      broken  
 test-amd64-amd64-xl-qemuu-debianhvm-i386                     pass    
 test-amd64-amd64-libvirt                                     pass    


------------------------------------------------------------
sg-report-flight on osstest.test-lab.xenproject.org
logs: /home/logs/logs
images: /home/logs/images

Logs, config files, etc. are available at
    http://logs.test-lab.xenproject.org/osstest/logs

Explanation of these reports, and of osstest in general, is at
    http://xenbits.xen.org/gitweb/?p=osstest.git;a=blob;f=README.email;hb=master
    http://xenbits.xen.org/gitweb/?p=osstest.git;a=blob;f=README;hb=master

Test harness code can be found at
    http://xenbits.xen.org/gitweb?p=osstest.git;a=summary


Not pushing.

------------------------------------------------------------
commit 98689ab7ae206aab3b1317c8bf28282f35b3165e
Author: Wei Liu <wei.liu2@citrix.com>
Date:   Mon Feb 20 14:37:37 2017 +0000

    x86emul/test: avoid race in link farm rune
    
    Several `ln -sf` can race with each other.  Provide dedicated targets
    for soft-linking directories.
    
    Signed-off-by: Wei Liu <wei.liu2@citrix.com>
    Reviewed-by: Jan Beulich <jbeulich@suse.com>

commit 8a899fde71b95cf6094ce487f036f2616963e0ad
Author: Wei Liu <wei.liu2@citrix.com>
Date:   Mon Feb 20 14:37:36 2017 +0000

    fuzz/x86emul: avoid race in link farm rune
    
    Several `ln -sf` can race with each other and cause error like:
    
    14:43:56 00:07:06 O: ln: cannot remove 'asm': No such file or directory
    
    Provide dedicated targets for soft-linking directories.
    
    Reported-by: Andrew Cooper <andrew.cooper3@citrix.com>
    Signed-off-by: Wei Liu <wei.liu2@citrix.com>
    Reviewed-by: Jan Beulich <jbeulich@suse.com>

commit d8c0824bee0393a95af4014276f12e876210ec0d
Author: Boris Ostrovsky <boris.ostrovsky@oracle.com>
Date:   Fri Feb 17 12:40:12 2017 -0500

    libxc/x86: PV guests should see leaf 0xa on Intel
    
    PV guests support VPMU and therefore leaf 0xa can be exposed
    to them.
    
    Signed-off-by: Boris Ostrovsky <boris.ostrovsky@oracle.com>
    Reviewed-by: Andrew Cooper <andrew.cooper3@citrix.com>
    Acked-by: Wei Liu <wei.liu2@citrix.com>
(qemu changes not included)

_______________________________________________
Xen-devel mailing list
Xen-devel@lists.xen.org
https://lists.xen.org/xen-devel

^ permalink raw reply	[flat|nested] only message in thread

only message in thread, other threads:[~2017-02-20 17:46 UTC | newest]

Thread overview: (only message) (download: mbox.gz follow: Atom feed
-- links below jump to the message on this page --
2017-02-20 17:46 [xen-unstable-smoke test] 105927: regressions - trouble: broken/fail/pass osstest service owner

This is a public inbox, see mirroring instructions
for how to clone and mirror all data and code used for this inbox;
as well as URLs for NNTP newsgroup(s).