From: osstest service owner <osstest-admin@xenproject.org>
To: xen-devel@lists.xensource.com, osstest-admin@xenproject.org
Subject: [xen-unstable-smoke test] 105993: regressions - trouble: broken/fail/pass
Date: Wed, 22 Feb 2017 19:32:53 +0000 [thread overview]
Message-ID: <osstest-105993-mainreport@xen.org> (raw)
flight 105993 xen-unstable-smoke real [real]
http://logs.test-lab.xenproject.org/osstest/logs/105993/
Regressions :-(
Tests which did not succeed and are blocking,
including tests which could not be run:
test-armhf-armhf-xl 9 debian-install fail REGR. vs. 105987
Tests which did not succeed, but are not blocking:
test-arm64-arm64-xl-xsm 1 build-check(1) blocked n/a
build-arm64 5 xen-build fail never pass
build-arm64-pvops 5 kernel-build fail never pass
test-amd64-amd64-libvirt 12 migrate-support-check fail never pass
version targeted for testing:
xen a4f3d32d7b2fff718e08cbc56762e2eec6b6ed0e
baseline version:
xen 80a7d04f532ddc3500acd7988917708a536ae15f
Last test of basis 105987 2017-02-22 16:01:54 Z 0 days
Testing same since 105993 2017-02-22 18:02:32 Z 0 days 1 attempts
------------------------------------------------------------
People who touched revisions under test:
Ian Jackson <ian.jackson@eu.citrix.com>
jobs:
build-amd64 pass
build-arm64 fail
build-armhf pass
build-amd64-libvirt pass
build-arm64-pvops fail
test-armhf-armhf-xl fail
test-arm64-arm64-xl-xsm broken
test-amd64-amd64-xl-qemuu-debianhvm-i386 pass
test-amd64-amd64-libvirt pass
------------------------------------------------------------
sg-report-flight on osstest.test-lab.xenproject.org
logs: /home/logs/logs
images: /home/logs/images
Logs, config files, etc. are available at
http://logs.test-lab.xenproject.org/osstest/logs
Explanation of these reports, and of osstest in general, is at
http://xenbits.xen.org/gitweb/?p=osstest.git;a=blob;f=README.email;hb=master
http://xenbits.xen.org/gitweb/?p=osstest.git;a=blob;f=README;hb=master
Test harness code can be found at
http://xenbits.xen.org/gitweb?p=osstest.git;a=summary
Not pushing.
------------------------------------------------------------
commit a4f3d32d7b2fff718e08cbc56762e2eec6b6ed0e
Author: Ian Jackson <ian.jackson@eu.citrix.com>
Date: Wed Feb 22 16:25:42 2017 +0000
QEMU_TAG update
(qemu changes not included)
_______________________________________________
Xen-devel mailing list
Xen-devel@lists.xen.org
https://lists.xen.org/xen-devel
reply other threads:[~2017-02-22 19:32 UTC|newest]
Thread overview: [no followups] expand[flat|nested] mbox.gz Atom feed
Reply instructions:
You may reply publicly to this message via plain-text email
using any one of the following methods:
* Save the following mbox file, import it into your mail client,
and reply-to-all from there: mbox
Avoid top-posting and favor interleaved quoting:
https://en.wikipedia.org/wiki/Posting_style#Interleaved_style
* Reply using the --to, --cc, and --in-reply-to
switches of git-send-email(1):
git send-email \
--in-reply-to=osstest-105993-mainreport@xen.org \
--to=osstest-admin@xenproject.org \
--cc=xen-devel@lists.xensource.com \
/path/to/YOUR_REPLY
https://kernel.org/pub/software/scm/git/docs/git-send-email.html
* If your mail client supports setting the In-Reply-To header
via mailto: links, try the mailto: link
Be sure your reply has a Subject: header at the top and a blank line
before the message body.
This is a public inbox, see mirroring instructions
for how to clone and mirror all data and code used for this inbox;
as well as URLs for NNTP newsgroup(s).