* [linux-linus test] 106009: regressions - trouble: blocked/broken/fail/pass
@ 2017-02-24 1:20 osstest service owner
2017-02-24 14:34 ` Boris Ostrovsky
0 siblings, 1 reply; 4+ messages in thread
From: osstest service owner @ 2017-02-24 1:20 UTC (permalink / raw)
To: xen-devel, osstest-admin
flight 106009 linux-linus real [real]
http://logs.test-lab.xenproject.org/osstest/logs/106009/
Regressions :-(
Tests which did not succeed and are blocking,
including tests which could not be run:
test-amd64-i386-xl-qemuu-ovmf-amd64 3 host-install(3) broken REGR. vs. 59254
test-amd64-i386-xl-qemut-debianhvm-amd64 3 host-install(3) broken REGR. vs. 59254
test-amd64-amd64-xl-pvh-intel 11 guest-start fail REGR. vs. 59254
test-armhf-armhf-xl-multivcpu 6 xen-boot fail REGR. vs. 59254
test-amd64-amd64-xl-qemut-debianhvm-amd64 15 guest-localmigrate/x10 fail REGR. vs. 59254
test-armhf-armhf-xl 6 xen-boot fail REGR. vs. 59254
test-armhf-armhf-libvirt 6 xen-boot fail REGR. vs. 59254
test-armhf-armhf-xl-credit2 6 xen-boot fail REGR. vs. 59254
test-armhf-armhf-xl-xsm 6 xen-boot fail REGR. vs. 59254
test-armhf-armhf-libvirt-xsm 6 xen-boot fail REGR. vs. 59254
test-armhf-armhf-xl-arndale 6 xen-boot fail REGR. vs. 59254
Regressions which are regarded as allowable (not blocking):
test-armhf-armhf-xl-rtds 6 xen-boot fail REGR. vs. 59254
test-amd64-amd64-xl-rtds 9 debian-install fail REGR. vs. 59254
test-armhf-armhf-xl-vhd 6 xen-boot fail baseline untested
test-armhf-armhf-libvirt-raw 6 xen-boot fail baseline untested
test-amd64-amd64-xl-qemut-win7-amd64 16 guest-stop fail like 59254
test-amd64-i386-xl-qemuu-win7-amd64 16 guest-stop fail like 59254
test-amd64-i386-xl-qemut-win7-amd64 16 guest-stop fail like 59254
test-amd64-amd64-xl-qemuu-win7-amd64 16 guest-stop fail like 59254
Tests which did not succeed, but are not blocking:
test-arm64-arm64-libvirt-xsm 1 build-check(1) blocked n/a
test-arm64-arm64-xl 1 build-check(1) blocked n/a
build-arm64-libvirt 1 build-check(1) blocked n/a
test-arm64-arm64-libvirt-qcow2 1 build-check(1) blocked n/a
test-arm64-arm64-libvirt 1 build-check(1) blocked n/a
test-arm64-arm64-xl-credit2 1 build-check(1) blocked n/a
test-arm64-arm64-xl-rtds 1 build-check(1) blocked n/a
test-arm64-arm64-xl-multivcpu 1 build-check(1) blocked n/a
test-arm64-arm64-xl-xsm 1 build-check(1) blocked n/a
test-amd64-amd64-xl-pvh-amd 11 guest-start fail never pass
test-amd64-i386-libvirt 12 migrate-support-check fail never pass
test-amd64-amd64-libvirt 12 migrate-support-check fail never pass
build-arm64-xsm 5 xen-build fail never pass
test-amd64-amd64-libvirt-xsm 12 migrate-support-check fail never pass
build-arm64 5 xen-build fail never pass
test-amd64-amd64-libvirt-qemuu-debianhvm-amd64-xsm 10 migrate-support-check fail never pass
test-amd64-amd64-libvirt-vhd 11 migrate-support-check fail never pass
test-amd64-amd64-qemuu-nested-amd 16 debian-hvm-install/l1/l2 fail never pass
test-armhf-armhf-xl-cubietruck 12 migrate-support-check fail never pass
test-armhf-armhf-xl-cubietruck 13 saverestore-support-check fail never pass
test-amd64-i386-libvirt-xsm 12 migrate-support-check fail never pass
test-amd64-i386-libvirt-qemuu-debianhvm-amd64-xsm 10 migrate-support-check fail never pass
version targeted for testing:
linux bc49a7831b1137ce1c2dda1c57e3631655f5d2ae
baseline version:
linux 45820c294fe1b1a9df495d57f40585ef2d069a39
Last test of basis 59254 2015-07-09 04:20:48 Z 595 days
Failing since 59348 2015-07-10 04:24:05 Z 594 days 292 attempts
Testing same since 106009 2017-02-23 05:57:02 Z 0 days 1 attempts
------------------------------------------------------------
7888 people touched revisions under test,
not listing them all
jobs:
build-amd64-xsm pass
build-arm64-xsm fail
build-armhf-xsm pass
build-i386-xsm pass
build-amd64 pass
build-arm64 fail
build-armhf pass
build-i386 pass
build-amd64-libvirt pass
build-arm64-libvirt blocked
build-armhf-libvirt pass
build-i386-libvirt pass
build-amd64-pvops pass
build-arm64-pvops pass
build-armhf-pvops pass
build-i386-pvops pass
build-amd64-rumprun pass
build-i386-rumprun pass
test-amd64-amd64-xl pass
test-arm64-arm64-xl blocked
test-armhf-armhf-xl fail
test-amd64-i386-xl pass
test-amd64-amd64-xl-qemut-debianhvm-amd64-xsm pass
test-amd64-i386-xl-qemut-debianhvm-amd64-xsm pass
test-amd64-amd64-libvirt-qemuu-debianhvm-amd64-xsm pass
test-amd64-i386-libvirt-qemuu-debianhvm-amd64-xsm pass
test-amd64-amd64-xl-qemuu-debianhvm-amd64-xsm pass
test-amd64-i386-xl-qemuu-debianhvm-amd64-xsm pass
test-amd64-amd64-xl-qemut-stubdom-debianhvm-amd64-xsm pass
test-amd64-i386-xl-qemut-stubdom-debianhvm-amd64-xsm pass
test-amd64-amd64-libvirt-xsm pass
test-arm64-arm64-libvirt-xsm blocked
test-armhf-armhf-libvirt-xsm fail
test-amd64-i386-libvirt-xsm pass
test-amd64-amd64-xl-xsm pass
test-arm64-arm64-xl-xsm blocked
test-armhf-armhf-xl-xsm fail
test-amd64-i386-xl-xsm pass
test-amd64-amd64-qemuu-nested-amd fail
test-amd64-amd64-xl-pvh-amd fail
test-amd64-i386-qemut-rhel6hvm-amd pass
test-amd64-i386-qemuu-rhel6hvm-amd pass
test-amd64-amd64-xl-qemut-debianhvm-amd64 fail
test-amd64-i386-xl-qemut-debianhvm-amd64 broken
test-amd64-amd64-xl-qemuu-debianhvm-amd64 pass
test-amd64-i386-xl-qemuu-debianhvm-amd64 pass
test-amd64-i386-freebsd10-amd64 pass
test-amd64-amd64-xl-qemuu-ovmf-amd64 pass
test-amd64-i386-xl-qemuu-ovmf-amd64 broken
test-amd64-amd64-rumprun-amd64 pass
test-amd64-amd64-xl-qemut-win7-amd64 fail
test-amd64-i386-xl-qemut-win7-amd64 fail
test-amd64-amd64-xl-qemuu-win7-amd64 fail
test-amd64-i386-xl-qemuu-win7-amd64 fail
test-armhf-armhf-xl-arndale fail
test-amd64-amd64-xl-credit2 pass
test-arm64-arm64-xl-credit2 blocked
test-armhf-armhf-xl-credit2 fail
test-armhf-armhf-xl-cubietruck pass
test-amd64-i386-freebsd10-i386 pass
test-amd64-i386-rumprun-i386 pass
test-amd64-amd64-qemuu-nested-intel pass
test-amd64-amd64-xl-pvh-intel fail
test-amd64-i386-qemut-rhel6hvm-intel pass
test-amd64-i386-qemuu-rhel6hvm-intel pass
test-amd64-amd64-libvirt pass
test-arm64-arm64-libvirt blocked
test-armhf-armhf-libvirt fail
test-amd64-i386-libvirt pass
test-amd64-amd64-xl-multivcpu pass
test-arm64-arm64-xl-multivcpu blocked
test-armhf-armhf-xl-multivcpu fail
test-amd64-amd64-pair pass
test-amd64-i386-pair pass
test-amd64-amd64-libvirt-pair pass
test-amd64-i386-libvirt-pair pass
test-amd64-amd64-amd64-pvgrub pass
test-amd64-amd64-i386-pvgrub pass
test-amd64-amd64-pygrub pass
test-arm64-arm64-libvirt-qcow2 blocked
test-amd64-amd64-xl-qcow2 pass
test-armhf-armhf-libvirt-raw fail
test-amd64-i386-xl-raw pass
test-amd64-amd64-xl-rtds fail
test-arm64-arm64-xl-rtds blocked
test-armhf-armhf-xl-rtds fail
test-amd64-i386-xl-qemut-winxpsp3-vcpus1 pass
test-amd64-i386-xl-qemuu-winxpsp3-vcpus1 pass
test-amd64-amd64-libvirt-vhd pass
test-armhf-armhf-xl-vhd fail
test-amd64-amd64-xl-qemut-winxpsp3 pass
test-amd64-i386-xl-qemut-winxpsp3 pass
test-amd64-amd64-xl-qemuu-winxpsp3 pass
test-amd64-i386-xl-qemuu-winxpsp3 pass
------------------------------------------------------------
sg-report-flight on osstest.test-lab.xenproject.org
logs: /home/logs/logs
images: /home/logs/images
Logs, config files, etc. are available at
http://logs.test-lab.xenproject.org/osstest/logs
Explanation of these reports, and of osstest in general, is at
http://xenbits.xen.org/gitweb/?p=osstest.git;a=blob;f=README.email;hb=master
http://xenbits.xen.org/gitweb/?p=osstest.git;a=blob;f=README;hb=master
Test harness code can be found at
http://xenbits.xen.org/gitweb?p=osstest.git;a=summary
broken-step test-amd64-i386-xl-qemuu-ovmf-amd64 host-install(3)
broken-step test-amd64-i386-xl-qemut-debianhvm-amd64 host-install(3)
Not pushing.
(No revision log; it would be 2333620 lines long.)
_______________________________________________
Xen-devel mailing list
Xen-devel@lists.xen.org
https://lists.xen.org/xen-devel
^ permalink raw reply [flat|nested] 4+ messages in thread* Re: [linux-linus test] 106009: regressions - trouble: blocked/broken/fail/pass
2017-02-24 1:20 [linux-linus test] 106009: regressions - trouble: blocked/broken/fail/pass osstest service owner
@ 2017-02-24 14:34 ` Boris Ostrovsky
2017-02-24 15:27 ` Ian Jackson
0 siblings, 1 reply; 4+ messages in thread
From: Boris Ostrovsky @ 2017-02-24 14:34 UTC (permalink / raw)
To: osstest service owner, xen-devel, Ian Jackson
On 02/23/2017 08:20 PM, osstest service owner wrote:
> flight 106009 linux-linus real [real]
> http://logs.test-lab.xenproject.org/osstest/logs/106009/
>
> Regressions :-(
>
> Tests which did not succeed and are blocking,
> including tests which could not be run:
> test-amd64-i386-xl-qemuu-ovmf-amd64 3 host-install(3) broken REGR. vs. 59254
> test-amd64-i386-xl-qemut-debianhvm-amd64 3 host-install(3) broken REGR. vs. 59254
> test-amd64-amd64-xl-pvh-intel 11 guest-start fail REGR. vs. 59254
Ian,
Can you change PVH test to use
device_model_version="none"
instead of
pvh=1
I think this needs something like
diff --git a/make-flight b/make-flight
index f513b80..604b96b 100755
--- a/make-flight
+++ b/make-flight
@@ -646,7 +646,7 @@ test_matrix_do_one () {
*) test_xend=n ;;
esac
- # PVH tests for versions >= 4.5 only
+ # PVH tests for versions >= 4.9 only
case "$xenbranch" in
xen-3.*-testing) test_pvh=n ;;
xen-4.0-testing) test_pvh=n ;;
@@ -654,6 +654,10 @@ test_matrix_do_one () {
xen-4.2-testing) test_pvh=n ;;
xen-4.3-testing) test_pvh=n ;;
xen-4.4-testing) test_pvh=n ;;
+ xen-4.5-testing) test_pvh=n ;;
+ xen-4.6-testing) test_pvh=n ;;
+ xen-4.7-testing) test_pvh=n ;;
+ xen-4.8-testing) test_pvh=n ;;
*) test_pvh=y ;;
esac
@@ -738,7 +742,7 @@ test_matrix_do_one () {
# which would need looking at.
fi
- if [ x$test_pvh = xy -a $xenarch = amd64 -a $dom0arch = amd64 ]; then
+ if [ x$test_pvh = xy -a $xenarch = amd64 ]; then
for cpuvendor in amd intel; do
diff --git a/ts-debian-fixup b/ts-debian-fixup
index cc779a3..f869c2c 100755
--- a/ts-debian-fixup
+++ b/ts-debian-fixup
@@ -136,7 +136,8 @@ sub otherfixupcfg () {
my $pvh = guest_var($gho,'pvh',undef);
if ($pvh) {
$cfg =~ s/^pvh\b.*//mg;
- $cfg .= "\npvh=$pvh\n";
+ $cfg .= "\nbuilder='hvm'\n"
+ $cfg .= "\ndevice_model_version='none'\n"
}
# PCI passthrough
-boris
_______________________________________________
Xen-devel mailing list
Xen-devel@lists.xen.org
https://lists.xen.org/xen-devel
^ permalink raw reply related [flat|nested] 4+ messages in thread* Re: [linux-linus test] 106009: regressions - trouble: blocked/broken/fail/pass
2017-02-24 14:34 ` Boris Ostrovsky
@ 2017-02-24 15:27 ` Ian Jackson
2017-02-24 16:23 ` Roger Pau Monne
0 siblings, 1 reply; 4+ messages in thread
From: Ian Jackson @ 2017-02-24 15:27 UTC (permalink / raw)
To: Boris Ostrovsky; +Cc: xen-devel, Roger Pau Monne
Boris Ostrovsky writes ("Re: [Xen-devel] [linux-linus test] 106009: regressions - trouble: blocked/broken/fail/pass"):
> Can you change PVH test to use
> device_model_version="none"
> instead of
> pvh=1
I had this conversation with Roger and we seem to have concluded that
`pvh=1' should be repurposed to mean PVHv2.
Of course we should force push the removal of PVHv1, as applicable.
Ian.
_______________________________________________
Xen-devel mailing list
Xen-devel@lists.xen.org
https://lists.xen.org/xen-devel
^ permalink raw reply [flat|nested] 4+ messages in thread* Re: [linux-linus test] 106009: regressions - trouble: blocked/broken/fail/pass
2017-02-24 15:27 ` Ian Jackson
@ 2017-02-24 16:23 ` Roger Pau Monne
0 siblings, 0 replies; 4+ messages in thread
From: Roger Pau Monne @ 2017-02-24 16:23 UTC (permalink / raw)
To: Ian Jackson; +Cc: Boris Ostrovsky, xen-devel
On Fri, Feb 24, 2017 at 03:27:02PM +0000, Ian Jackson wrote:
> Boris Ostrovsky writes ("Re: [Xen-devel] [linux-linus test] 106009: regressions - trouble: blocked/broken/fail/pass"):
> > Can you change PVH test to use
> > device_model_version="none"
> > instead of
> > pvh=1
>
> I had this conversation with Roger and we seem to have concluded that
> `pvh=1' should be repurposed to mean PVHv2.
>
> Of course we should force push the removal of PVHv1, as applicable.
Yes, that's the idea, please see:
https://lists.xenproject.org/archives/html/xen-devel/2017-02/msg03089.html
Relevant changes are in xl_cmdimpl.c and libxl_create.c.
Roger.
_______________________________________________
Xen-devel mailing list
Xen-devel@lists.xen.org
https://lists.xen.org/xen-devel
^ permalink raw reply [flat|nested] 4+ messages in thread
end of thread, other threads:[~2017-02-24 16:23 UTC | newest]
Thread overview: 4+ messages (download: mbox.gz follow: Atom feed
-- links below jump to the message on this page --
2017-02-24 1:20 [linux-linus test] 106009: regressions - trouble: blocked/broken/fail/pass osstest service owner
2017-02-24 14:34 ` Boris Ostrovsky
2017-02-24 15:27 ` Ian Jackson
2017-02-24 16:23 ` Roger Pau Monne
This is a public inbox, see mirroring instructions
for how to clone and mirror all data and code used for this inbox;
as well as URLs for NNTP newsgroup(s).