From: osstest service owner <osstest-admin@xenproject.org>
To: xen-devel@lists.xensource.com, osstest-admin@xenproject.org
Subject: [qemu-mainline test] 106014: trouble: blocked/broken/fail/pass
Date: Fri, 24 Feb 2017 03:44:14 +0000 [thread overview]
Message-ID: <osstest-106014-mainreport@xen.org> (raw)
flight 106014 qemu-mainline real [real]
http://logs.test-lab.xenproject.org/osstest/logs/106014/
Failures and problems with tests :-(
Tests which did not succeed and are blocking,
including tests which could not be run:
test-amd64-amd64-amd64-pvgrub 3 host-install(3) broken REGR. vs. 105962
test-amd64-amd64-libvirt 3 host-install(3) broken REGR. vs. 105962
test-amd64-amd64-libvirt-pair 4 host-install/dst_host(4) broken REGR. vs. 105962
test-amd64-i386-freebsd10-i386 3 host-install(3) broken REGR. vs. 105962
Regressions which are regarded as allowable (not blocking):
test-armhf-armhf-xl-rtds 15 guest-start/debian.repeat fail blocked in 105962
test-armhf-armhf-libvirt 13 saverestore-support-check fail like 105962
test-armhf-armhf-libvirt-xsm 13 saverestore-support-check fail like 105962
test-amd64-amd64-xl-qemuu-win7-amd64 16 guest-stop fail like 105962
test-amd64-i386-xl-qemuu-win7-amd64 16 guest-stop fail like 105962
test-armhf-armhf-libvirt-raw 12 saverestore-support-check fail like 105962
test-amd64-amd64-xl-rtds 9 debian-install fail like 105962
Tests which did not succeed, but are not blocking:
test-arm64-arm64-libvirt-xsm 1 build-check(1) blocked n/a
test-arm64-arm64-xl 1 build-check(1) blocked n/a
build-arm64-libvirt 1 build-check(1) blocked n/a
test-arm64-arm64-libvirt-qcow2 1 build-check(1) blocked n/a
test-arm64-arm64-libvirt 1 build-check(1) blocked n/a
test-arm64-arm64-xl-credit2 1 build-check(1) blocked n/a
test-arm64-arm64-xl-rtds 1 build-check(1) blocked n/a
test-arm64-arm64-xl-multivcpu 1 build-check(1) blocked n/a
test-arm64-arm64-xl-xsm 1 build-check(1) blocked n/a
test-amd64-amd64-xl-pvh-amd 11 guest-start fail never pass
test-amd64-amd64-xl-pvh-intel 11 guest-start fail never pass
test-amd64-amd64-libvirt-xsm 12 migrate-support-check fail never pass
test-amd64-i386-libvirt-xsm 12 migrate-support-check fail never pass
test-amd64-i386-libvirt 12 migrate-support-check fail never pass
test-amd64-amd64-libvirt-qemuu-debianhvm-amd64-xsm 10 migrate-support-check fail never pass
build-arm64 5 xen-build fail never pass
build-arm64-xsm 5 xen-build fail never pass
test-amd64-i386-libvirt-qemuu-debianhvm-amd64-xsm 10 migrate-support-check fail never pass
test-armhf-armhf-xl-arndale 12 migrate-support-check fail never pass
test-armhf-armhf-xl-arndale 13 saverestore-support-check fail never pass
build-arm64-pvops 5 kernel-build fail never pass
test-amd64-amd64-qemuu-nested-amd 16 debian-hvm-install/l1/l2 fail never pass
test-armhf-armhf-xl 12 migrate-support-check fail never pass
test-armhf-armhf-xl 13 saverestore-support-check fail never pass
test-armhf-armhf-xl-xsm 12 migrate-support-check fail never pass
test-armhf-armhf-xl-xsm 13 saverestore-support-check fail never pass
test-armhf-armhf-xl-multivcpu 12 migrate-support-check fail never pass
test-armhf-armhf-xl-multivcpu 13 saverestore-support-check fail never pass
test-armhf-armhf-libvirt 12 migrate-support-check fail never pass
test-armhf-armhf-libvirt-xsm 12 migrate-support-check fail never pass
test-armhf-armhf-xl-credit2 12 migrate-support-check fail never pass
test-armhf-armhf-xl-credit2 13 saverestore-support-check fail never pass
test-armhf-armhf-xl-cubietruck 12 migrate-support-check fail never pass
test-armhf-armhf-xl-cubietruck 13 saverestore-support-check fail never pass
test-amd64-amd64-libvirt-vhd 11 migrate-support-check fail never pass
test-armhf-armhf-libvirt-raw 11 migrate-support-check fail never pass
test-armhf-armhf-xl-rtds 12 migrate-support-check fail never pass
test-armhf-armhf-xl-rtds 13 saverestore-support-check fail never pass
test-armhf-armhf-xl-vhd 11 migrate-support-check fail never pass
test-armhf-armhf-xl-vhd 12 saverestore-support-check fail never pass
version targeted for testing:
qemuu e295a154c2a95f114e52ef4b0fb22b801b028bdc
baseline version:
qemuu 796b288f7be875045670f963ce99991b3c8e96ac
Last test of basis 105962 2017-02-21 20:42:52 Z 2 days
Testing same since 106014 2017-02-23 10:13:03 Z 0 days 1 attempts
------------------------------------------------------------
People who touched revisions under test:
David Gibson <david@gibson.dropbear.id.au>
Dr. David Alan Gilbert <dgilbert@redhat.com>
Eric Blake <eblake@redhat.com>
Pavel Hrdina <phrdina@redhat.com>
Peter Maydell <peter.maydell@linaro.org>
Thomas Huth <thuth@redhat.com>
jobs:
build-amd64-xsm pass
build-arm64-xsm fail
build-armhf-xsm pass
build-i386-xsm pass
build-amd64 pass
build-arm64 fail
build-armhf pass
build-i386 pass
build-amd64-libvirt pass
build-arm64-libvirt blocked
build-armhf-libvirt pass
build-i386-libvirt pass
build-amd64-pvops pass
build-arm64-pvops fail
build-armhf-pvops pass
build-i386-pvops pass
test-amd64-amd64-xl pass
test-arm64-arm64-xl blocked
test-armhf-armhf-xl pass
test-amd64-i386-xl pass
test-amd64-amd64-libvirt-qemuu-debianhvm-amd64-xsm pass
test-amd64-i386-libvirt-qemuu-debianhvm-amd64-xsm pass
test-amd64-amd64-xl-qemuu-debianhvm-amd64-xsm pass
test-amd64-i386-xl-qemuu-debianhvm-amd64-xsm pass
test-amd64-amd64-libvirt-xsm pass
test-arm64-arm64-libvirt-xsm blocked
test-armhf-armhf-libvirt-xsm pass
test-amd64-i386-libvirt-xsm pass
test-amd64-amd64-xl-xsm pass
test-arm64-arm64-xl-xsm blocked
test-armhf-armhf-xl-xsm pass
test-amd64-i386-xl-xsm pass
test-amd64-amd64-qemuu-nested-amd fail
test-amd64-amd64-xl-pvh-amd fail
test-amd64-i386-qemuu-rhel6hvm-amd pass
test-amd64-amd64-xl-qemuu-debianhvm-amd64 pass
test-amd64-i386-xl-qemuu-debianhvm-amd64 pass
test-amd64-i386-freebsd10-amd64 pass
test-amd64-amd64-xl-qemuu-ovmf-amd64 pass
test-amd64-i386-xl-qemuu-ovmf-amd64 pass
test-amd64-amd64-xl-qemuu-win7-amd64 fail
test-amd64-i386-xl-qemuu-win7-amd64 fail
test-armhf-armhf-xl-arndale pass
test-amd64-amd64-xl-credit2 pass
test-arm64-arm64-xl-credit2 blocked
test-armhf-armhf-xl-credit2 pass
test-armhf-armhf-xl-cubietruck pass
test-amd64-i386-freebsd10-i386 broken
test-amd64-amd64-qemuu-nested-intel pass
test-amd64-amd64-xl-pvh-intel fail
test-amd64-i386-qemuu-rhel6hvm-intel pass
test-amd64-amd64-libvirt broken
test-arm64-arm64-libvirt blocked
test-armhf-armhf-libvirt pass
test-amd64-i386-libvirt pass
test-amd64-amd64-xl-multivcpu pass
test-arm64-arm64-xl-multivcpu blocked
test-armhf-armhf-xl-multivcpu pass
test-amd64-amd64-pair pass
test-amd64-i386-pair pass
test-amd64-amd64-libvirt-pair broken
test-amd64-i386-libvirt-pair pass
test-amd64-amd64-amd64-pvgrub broken
test-amd64-amd64-i386-pvgrub pass
test-amd64-amd64-pygrub pass
test-arm64-arm64-libvirt-qcow2 blocked
test-amd64-amd64-xl-qcow2 pass
test-armhf-armhf-libvirt-raw pass
test-amd64-i386-xl-raw pass
test-amd64-amd64-xl-rtds fail
test-arm64-arm64-xl-rtds blocked
test-armhf-armhf-xl-rtds fail
test-amd64-i386-xl-qemuu-winxpsp3-vcpus1 pass
test-amd64-amd64-libvirt-vhd pass
test-armhf-armhf-xl-vhd pass
test-amd64-amd64-xl-qemuu-winxpsp3 pass
test-amd64-i386-xl-qemuu-winxpsp3 pass
------------------------------------------------------------
sg-report-flight on osstest.test-lab.xenproject.org
logs: /home/logs/logs
images: /home/logs/images
Logs, config files, etc. are available at
http://logs.test-lab.xenproject.org/osstest/logs
Explanation of these reports, and of osstest in general, is at
http://xenbits.xen.org/gitweb/?p=osstest.git;a=blob;f=README.email;hb=master
http://xenbits.xen.org/gitweb/?p=osstest.git;a=blob;f=README;hb=master
Test harness code can be found at
http://xenbits.xen.org/gitweb?p=osstest.git;a=summary
broken-step test-amd64-amd64-amd64-pvgrub host-install(3)
broken-step test-amd64-amd64-libvirt host-install(3)
broken-step test-amd64-amd64-libvirt-pair host-install/dst_host(4)
broken-step test-amd64-i386-freebsd10-i386 host-install(3)
Not pushing.
------------------------------------------------------------
commit e295a154c2a95f114e52ef4b0fb22b801b028bdc
Merge: 796b288 854e67f
Author: Peter Maydell <peter.maydell@linaro.org>
Date: Tue Feb 21 19:41:57 2017 +0000
Merge remote-tracking branch 'remotes/dgilbert/tags/pull-hmp-20170221' into staging
HMP pull
Note, I had seen a fail in the vhost-user/flags-mismatch on one
host in one build, but not others with the same patches; and these patches
go nowhere near that, so I think that's a separate vhost-user issue.
# gpg: Signature made Tue 21 Feb 2017 18:49:25 GMT
# gpg: using RSA key 0x0516331EBC5BFDE7
# gpg: Good signature from "Dr. David Alan Gilbert (RH2) <dgilbert@redhat.com>"
# gpg: WARNING: This key is not certified with a trusted signature!
# gpg: There is no indication that the signature belongs to the owner.
# Primary key fingerprint: 45F5 C71B 4A0C B7FB 977A 9FA9 0516 331E BC5B FDE7
* remotes/dgilbert/tags/pull-hmp-20170221:
monitor: Fix crashes when using HMP commands without CPU
monitor: add poll-* properties into query-iothreads result
hmp: fix block_set_io_throttle
Signed-off-by: Peter Maydell <peter.maydell@linaro.org>
commit 854e67fea6a6f181163a5467fc9ba04de8d181bb
Author: Thomas Huth <thuth@redhat.com>
Date: Fri Jan 13 13:12:35 2017 +0100
monitor: Fix crashes when using HMP commands without CPU
When running certain HMP commands ("info registers", "info cpustats",
"info tlb", "nmi", "memsave" or dumping virtual memory) with the "none"
machine, QEMU crashes with a segmentation fault. This happens because the
"none" machine does not have any CPUs by default, but these HMP commands
did not check for a valid CPU pointer yet. Add such checks now, so we get
an error message about the missing CPU instead.
Signed-off-by: Thomas Huth <thuth@redhat.com>
Message-Id: <1484309555-1935-1-git-send-email-thuth@redhat.com>
Reviewed-by: Markus Armbruster <armbru@redhat.com>
Acked-by: David Gibson <david@gibson.dropbear.id.au>
Signed-off-by: Dr. David Alan Gilbert <dgilbert@redhat.com>
commit 5fc00480ab1ce767f1c6c63ae644e960295fed2c
Author: Pavel Hrdina <phrdina@redhat.com>
Date: Fri Feb 10 10:41:17 2017 +0100
monitor: add poll-* properties into query-iothreads result
IOthreads were recently extended by new properties that can
enable/disable and configure aio polling. This will also allow
other tools that uses QEMU to probe for existence of those new
properties via query-qmp-schema.
Signed-off-by: Pavel Hrdina <phrdina@redhat.com>
Message-Id: <3163c16d6ab4257f7be9ad44fe9cc0ce8c359e5a.1486718555.git.phrdina@redhat.com>
Reviewed-by: Stefan Hajnoczi <stefanha@redhat.com>
Signed-off-by: Dr. David Alan Gilbert <dgilbert@redhat.com>
commit 3f35c3b166c18043596768448e5d91b5d52f8353
Author: Eric Blake <eblake@redhat.com>
Date: Fri Jan 20 17:03:59 2017 -0600
hmp: fix block_set_io_throttle
Commit 7a9877a made the 'device' parameter to BlockIOThrottle
optional, favoring 'id' instead. But it forgot to update the
HMP usage to set has_device, which makes all attempts to change
throttling via HMP fail with "Need exactly one of 'device' and 'id'"
CC: qemu-stable@nongnu.org
Signed-off-by: Eric Blake <eblake@redhat.com>
Message-Id: <20170120230359.4244-1-eblake@redhat.com>
Reviewed-by: Stefan Hajnoczi <stefanha@redhat.com>
Signed-off-by: Dr. David Alan Gilbert <dgilbert@redhat.com>
_______________________________________________
Xen-devel mailing list
Xen-devel@lists.xen.org
https://lists.xen.org/xen-devel
reply other threads:[~2017-02-24 3:44 UTC|newest]
Thread overview: [no followups] expand[flat|nested] mbox.gz Atom feed
Reply instructions:
You may reply publicly to this message via plain-text email
using any one of the following methods:
* Save the following mbox file, import it into your mail client,
and reply-to-all from there: mbox
Avoid top-posting and favor interleaved quoting:
https://en.wikipedia.org/wiki/Posting_style#Interleaved_style
* Reply using the --to, --cc, and --in-reply-to
switches of git-send-email(1):
git send-email \
--in-reply-to=osstest-106014-mainreport@xen.org \
--to=osstest-admin@xenproject.org \
--cc=xen-devel@lists.xensource.com \
/path/to/YOUR_REPLY
https://kernel.org/pub/software/scm/git/docs/git-send-email.html
* If your mail client supports setting the In-Reply-To header
via mailto: links, try the mailto: link
Be sure your reply has a Subject: header at the top and a blank line
before the message body.
This is a public inbox, see mirroring instructions
for how to clone and mirror all data and code used for this inbox;
as well as URLs for NNTP newsgroup(s).