xen-devel.lists.xenproject.org archive mirror
 help / color / mirror / Atom feed
* [xen-unstable-smoke test] 106032: tolerable trouble: broken/fail/pass - PUSHED
@ 2017-02-23 20:53 osstest service owner
  2017-02-24 14:47 ` Julien Grall
  0 siblings, 1 reply; 2+ messages in thread
From: osstest service owner @ 2017-02-23 20:53 UTC (permalink / raw)
  To: xen-devel, osstest-admin

[-- Attachment #1: Type: text/plain, Size: 7561 bytes --]

flight 106032 xen-unstable-smoke real [real]
http://logs.test-lab.xenproject.org/osstest/logs/106032/

Failures :-/ but no regressions.

Tests which did not succeed, but are not blocking:
 test-arm64-arm64-xl-xsm       1 build-check(1)               blocked  n/a
 build-arm64                   5 xen-build                    fail   never pass
 build-arm64-pvops             5 kernel-build                 fail   never pass
 test-armhf-armhf-xl          12 migrate-support-check        fail   never pass
 test-armhf-armhf-xl          13 saverestore-support-check    fail   never pass
 test-amd64-amd64-libvirt     12 migrate-support-check        fail   never pass

version targeted for testing:
 xen                  5258ab0fcc67587d802e33bcc5bf89048d184a73
baseline version:
 xen                  d97ce3614ba5d5e70a39d28a64de684e3b27c9dc

Last test of basis   106016  2017-02-23 11:02:27 Z    0 days
Failing since        106021  2017-02-23 14:01:51 Z    0 days    3 attempts
Testing same since   106032  2017-02-23 19:04:32 Z    0 days    1 attempts

------------------------------------------------------------
People who touched revisions under test:
  Ian Jackson <ian.jackson@eu.citrix.com>
  Marek Marczykowski-Górecki <marmarek@invisiblethingslab.com>
  Paul Durrant <paul.durrant@citrix.com>
  Razvan Cojocaru <rcojocaru@bitdefender.com>
  Samuel Thibault <samuel.thibault@ens-lyon.org>
  Wei Liu <wei.liu2@citrix.com>

jobs:
 build-amd64                                                  pass    
 build-arm64                                                  fail    
 build-armhf                                                  pass    
 build-amd64-libvirt                                          pass    
 build-arm64-pvops                                            fail    
 test-armhf-armhf-xl                                          pass    
 test-arm64-arm64-xl-xsm                                      broken  
 test-amd64-amd64-xl-qemuu-debianhvm-i386                     pass    
 test-amd64-amd64-libvirt                                     pass    


------------------------------------------------------------
sg-report-flight on osstest.test-lab.xenproject.org
logs: /home/logs/logs
images: /home/logs/images

Logs, config files, etc. are available at
    http://logs.test-lab.xenproject.org/osstest/logs

Explanation of these reports, and of osstest in general, is at
    http://xenbits.xen.org/gitweb/?p=osstest.git;a=blob;f=README.email;hb=master
    http://xenbits.xen.org/gitweb/?p=osstest.git;a=blob;f=README;hb=master

Test harness code can be found at
    http://xenbits.xen.org/gitweb?p=osstest.git;a=summary


Pushing revision :

+ branch=xen-unstable-smoke
+ revision=5258ab0fcc67587d802e33bcc5bf89048d184a73
+ . ./cri-lock-repos
++ . ./cri-common
+++ . ./cri-getconfig
+++ umask 002
+++ getrepos
++++ getconfig Repos
++++ perl -e '
                use Osstest;
                readglobalconfig();
                print $c{"Repos"} or die $!;
        '
+++ local repos=/home/osstest/repos
+++ '[' -z /home/osstest/repos ']'
+++ '[' '!' -d /home/osstest/repos ']'
+++ echo /home/osstest/repos
++ repos=/home/osstest/repos
++ repos_lock=/home/osstest/repos/lock
++ '[' x '!=' x/home/osstest/repos/lock ']'
++ OSSTEST_REPOS_LOCK_LOCKED=/home/osstest/repos/lock
++ exec with-lock-ex -w /home/osstest/repos/lock ./ap-push xen-unstable-smoke 5258ab0fcc67587d802e33bcc5bf89048d184a73
+ branch=xen-unstable-smoke
+ revision=5258ab0fcc67587d802e33bcc5bf89048d184a73
+ . ./cri-lock-repos
++ . ./cri-common
+++ . ./cri-getconfig
+++ umask 002
+++ getrepos
++++ getconfig Repos
++++ perl -e '
                use Osstest;
                readglobalconfig();
                print $c{"Repos"} or die $!;
        '
+++ local repos=/home/osstest/repos
+++ '[' -z /home/osstest/repos ']'
+++ '[' '!' -d /home/osstest/repos ']'
+++ echo /home/osstest/repos
++ repos=/home/osstest/repos
++ repos_lock=/home/osstest/repos/lock
++ '[' x/home/osstest/repos/lock '!=' x/home/osstest/repos/lock ']'
+ . ./cri-common
++ . ./cri-getconfig
++ umask 002
+ select_xenbranch
+ case "$branch" in
+ tree=xen
+ xenbranch=xen-unstable-smoke
+ qemuubranch=qemu-upstream-unstable
+ '[' xxen = xlinux ']'
+ linuxbranch=
+ '[' xqemu-upstream-unstable = x ']'
+ select_prevxenbranch
++ ./cri-getprevxenbranch xen-unstable-smoke
+ prevxenbranch=xen-4.8-testing
+ '[' x5258ab0fcc67587d802e33bcc5bf89048d184a73 = x ']'
+ : tested/2.6.39.x
+ . ./ap-common
++ : osstest@xenbits.xen.org
+++ getconfig OsstestUpstream
+++ perl -e '
                use Osstest;
                readglobalconfig();
                print $c{"OsstestUpstream"} or die $!;
        '
++ :
++ : git://xenbits.xen.org/xen.git
++ : osstest@xenbits.xen.org:/home/xen/git/xen.git
++ : git://xenbits.xen.org/qemu-xen-traditional.git
++ : git://git.kernel.org
++ : git://git.kernel.org/pub/scm/linux/kernel/git
++ : git
++ : git://xenbits.xen.org/xtf.git
++ : osstest@xenbits.xen.org:/home/xen/git/xtf.git
++ : git://xenbits.xen.org/xtf.git
++ : git://xenbits.xen.org/libvirt.git
++ : osstest@xenbits.xen.org:/home/xen/git/libvirt.git
++ : git://xenbits.xen.org/libvirt.git
++ : git://xenbits.xen.org/osstest/rumprun.git
++ : git
++ : git://xenbits.xen.org/osstest/rumprun.git
++ : osstest@xenbits.xen.org:/home/xen/git/osstest/rumprun.git
++ : git://git.seabios.org/seabios.git
++ : osstest@xenbits.xen.org:/home/xen/git/osstest/seabios.git
++ : git://xenbits.xen.org/osstest/seabios.git
++ : https://github.com/tianocore/edk2.git
++ : osstest@xenbits.xen.org:/home/xen/git/osstest/ovmf.git
++ : git://xenbits.xen.org/osstest/ovmf.git
++ : git://xenbits.xen.org/osstest/linux-firmware.git
++ : osstest@xenbits.xen.org:/home/osstest/ext/linux-firmware.git
++ : git://git.kernel.org/pub/scm/linux/kernel/git/firmware/linux-firmware.git
++ : osstest@xenbits.xen.org:/home/xen/git/linux-pvops.git
++ : git://xenbits.xen.org/linux-pvops.git
++ : tested/linux-3.14
++ : tested/linux-arm-xen
++ '[' xgit://xenbits.xen.org/linux-pvops.git = x ']'
++ '[' x = x ']'
++ : git://xenbits.xen.org/linux-pvops.git
++ : tested/linux-arm-xen
++ : git://git.kernel.org/pub/scm/linux/kernel/git/konrad/xen.git
++ : tested/2.6.39.x
++ : daily-cron.xen-unstable-smoke
++ : daily-cron.xen-unstable-smoke
++ : daily-cron.xen-unstable-smoke
++ : daily-cron.xen-unstable-smoke
++ : daily-cron.xen-unstable-smoke
++ : daily-cron.xen-unstable-smoke
++ : daily-cron.xen-unstable-smoke
++ : http://hg.uk.xensource.com/carbon/trunk/linux-2.6.27
++ : git://xenbits.xen.org/qemu-xen.git
++ : osstest@xenbits.xen.org:/home/xen/git/qemu-xen.git
++ : daily-cron.xen-unstable-smoke
++ : git://xenbits.xen.org/qemu-xen.git
++ : git://git.qemu.org/qemu.git
+ TREE_LINUX=osstest@xenbits.xen.org:/home/xen/git/linux-pvops.git
+ TREE_QEMU_UPSTREAM=osstest@xenbits.xen.org:/home/xen/git/qemu-xen.git
+ TREE_XEN=osstest@xenbits.xen.org:/home/xen/git/xen.git
+ TREE_LIBVIRT=osstest@xenbits.xen.org:/home/xen/git/libvirt.git
+ TREE_RUMPRUN=osstest@xenbits.xen.org:/home/xen/git/osstest/rumprun.git
+ TREE_SEABIOS=osstest@xenbits.xen.org:/home/xen/git/osstest/seabios.git
+ TREE_OVMF=osstest@xenbits.xen.org:/home/xen/git/osstest/ovmf.git
+ TREE_XTF=osstest@xenbits.xen.org:/home/xen/git/xtf.git
+ info_linux_tree xen-unstable-smoke
+ case $1 in
+ return 1
+ case "$branch" in
+ cd /home/osstest/repos/xen
+ git push osstest@xenbits.xen.org:/home/xen/git/xen.git 5258ab0fcc67587d802e33bcc5bf89048d184a73:refs/heads/smoke
To osstest@xenbits.xen.org:/home/xen/git/xen.git
   d97ce36..5258ab0  5258ab0fcc67587d802e33bcc5bf89048d184a73 -> smoke


[-- Attachment #2: Type: text/plain, Size: 127 bytes --]

_______________________________________________
Xen-devel mailing list
Xen-devel@lists.xen.org
https://lists.xen.org/xen-devel

^ permalink raw reply	[flat|nested] 2+ messages in thread

* Re: [xen-unstable-smoke test] 106032: tolerable trouble: broken/fail/pass - PUSHED
  2017-02-23 20:53 [xen-unstable-smoke test] 106032: tolerable trouble: broken/fail/pass - PUSHED osstest service owner
@ 2017-02-24 14:47 ` Julien Grall
  0 siblings, 0 replies; 2+ messages in thread
From: Julien Grall @ 2017-02-24 14:47 UTC (permalink / raw)
  To: osstest service owner, xen-devel, Ian Jackson; +Cc: nd, Stefano Stabellini

Hi Ian,

On 23/02/17 20:53, osstest service owner wrote:
> flight 106032 xen-unstable-smoke real [real]
> http://logs.test-lab.xenproject.org/osstest/logs/106032/
>
> Failures :-/ but no regressions.
>
> Tests which did not succeed, but are not blocking:
>  test-arm64-arm64-xl-xsm       1 build-check(1)               blocked  n/a
>  build-arm64                   5 xen-build                    fail   never pass
>  build-arm64-pvops             5 kernel-build                 fail   never pass

Looking at the log [1] , the kernel build is failing because the target 
dtbs_install does not exist on the revision used.

However Linux 3.16 will unlikely boot on Seattle. IIRC a good kernel for 
this board would be 4.4, but we may want a more recent to accommodate 
Thunder-X. IIRC the support was added in Linux 4.9.

Cheers,

[1] 
http://logs.test-lab.xenproject.org/osstest/logs/106032/build-arm64-pvops/5.ts-kernel-build.log


>  test-armhf-armhf-xl          12 migrate-support-check        fail   never pass
>  test-armhf-armhf-xl          13 saverestore-support-check    fail   never pass
>  test-amd64-amd64-libvirt     12 migrate-support-check        fail   never pass
>
> version targeted for testing:
>  xen                  5258ab0fcc67587d802e33bcc5bf89048d184a73
> baseline version:
>  xen                  d97ce3614ba5d5e70a39d28a64de684e3b27c9dc
>
> Last test of basis   106016  2017-02-23 11:02:27 Z    0 days
> Failing since        106021  2017-02-23 14:01:51 Z    0 days    3 attempts
> Testing same since   106032  2017-02-23 19:04:32 Z    0 days    1 attempts
>
> ------------------------------------------------------------
> People who touched revisions under test:
>   Ian Jackson <ian.jackson@eu.citrix.com>
>   Marek Marczykowski-Górecki <marmarek@invisiblethingslab.com>
>   Paul Durrant <paul.durrant@citrix.com>
>   Razvan Cojocaru <rcojocaru@bitdefender.com>
>   Samuel Thibault <samuel.thibault@ens-lyon.org>
>   Wei Liu <wei.liu2@citrix.com>
>
> jobs:
>  build-amd64                                                  pass
>  build-arm64                                                  fail
>  build-armhf                                                  pass
>  build-amd64-libvirt                                          pass
>  build-arm64-pvops                                            fail
>  test-armhf-armhf-xl                                          pass
>  test-arm64-arm64-xl-xsm                                      broken
>  test-amd64-amd64-xl-qemuu-debianhvm-i386                     pass
>  test-amd64-amd64-libvirt                                     pass
>
>
> ------------------------------------------------------------
> sg-report-flight on osstest.test-lab.xenproject.org
> logs: /home/logs/logs
> images: /home/logs/images
>
> Logs, config files, etc. are available at
>     http://logs.test-lab.xenproject.org/osstest/logs
>
> Explanation of these reports, and of osstest in general, is at
>     http://xenbits.xen.org/gitweb/?p=osstest.git;a=blob;f=README.email;hb=master
>     http://xenbits.xen.org/gitweb/?p=osstest.git;a=blob;f=README;hb=master
>
> Test harness code can be found at
>     http://xenbits.xen.org/gitweb?p=osstest.git;a=summary
>
>
> Pushing revision :
>
> + branch=xen-unstable-smoke
> + revision=5258ab0fcc67587d802e33bcc5bf89048d184a73
> + . ./cri-lock-repos
> ++ . ./cri-common
> +++ . ./cri-getconfig
> +++ umask 002
> +++ getrepos
> ++++ getconfig Repos
> ++++ perl -e '
>                 use Osstest;
>                 readglobalconfig();
>                 print $c{"Repos"} or die $!;
>         '
> +++ local repos=/home/osstest/repos
> +++ '[' -z /home/osstest/repos ']'
> +++ '[' '!' -d /home/osstest/repos ']'
> +++ echo /home/osstest/repos
> ++ repos=/home/osstest/repos
> ++ repos_lock=/home/osstest/repos/lock
> ++ '[' x '!=' x/home/osstest/repos/lock ']'
> ++ OSSTEST_REPOS_LOCK_LOCKED=/home/osstest/repos/lock
> ++ exec with-lock-ex -w /home/osstest/repos/lock ./ap-push xen-unstable-smoke 5258ab0fcc67587d802e33bcc5bf89048d184a73
> + branch=xen-unstable-smoke
> + revision=5258ab0fcc67587d802e33bcc5bf89048d184a73
> + . ./cri-lock-repos
> ++ . ./cri-common
> +++ . ./cri-getconfig
> +++ umask 002
> +++ getrepos
> ++++ getconfig Repos
> ++++ perl -e '
>                 use Osstest;
>                 readglobalconfig();
>                 print $c{"Repos"} or die $!;
>         '
> +++ local repos=/home/osstest/repos
> +++ '[' -z /home/osstest/repos ']'
> +++ '[' '!' -d /home/osstest/repos ']'
> +++ echo /home/osstest/repos
> ++ repos=/home/osstest/repos
> ++ repos_lock=/home/osstest/repos/lock
> ++ '[' x/home/osstest/repos/lock '!=' x/home/osstest/repos/lock ']'
> + . ./cri-common
> ++ . ./cri-getconfig
> ++ umask 002
> + select_xenbranch
> + case "$branch" in
> + tree=xen
> + xenbranch=xen-unstable-smoke
> + qemuubranch=qemu-upstream-unstable
> + '[' xxen = xlinux ']'
> + linuxbranch=
> + '[' xqemu-upstream-unstable = x ']'
> + select_prevxenbranch
> ++ ./cri-getprevxenbranch xen-unstable-smoke
> + prevxenbranch=xen-4.8-testing
> + '[' x5258ab0fcc67587d802e33bcc5bf89048d184a73 = x ']'
> + : tested/2.6.39.x
> + . ./ap-common
> ++ : osstest@xenbits.xen.org
> +++ getconfig OsstestUpstream
> +++ perl -e '
>                 use Osstest;
>                 readglobalconfig();
>                 print $c{"OsstestUpstream"} or die $!;
>         '
> ++ :
> ++ : git://xenbits.xen.org/xen.git
> ++ : osstest@xenbits.xen.org:/home/xen/git/xen.git
> ++ : git://xenbits.xen.org/qemu-xen-traditional.git
> ++ : git://git.kernel.org
> ++ : git://git.kernel.org/pub/scm/linux/kernel/git
> ++ : git
> ++ : git://xenbits.xen.org/xtf.git
> ++ : osstest@xenbits.xen.org:/home/xen/git/xtf.git
> ++ : git://xenbits.xen.org/xtf.git
> ++ : git://xenbits.xen.org/libvirt.git
> ++ : osstest@xenbits.xen.org:/home/xen/git/libvirt.git
> ++ : git://xenbits.xen.org/libvirt.git
> ++ : git://xenbits.xen.org/osstest/rumprun.git
> ++ : git
> ++ : git://xenbits.xen.org/osstest/rumprun.git
> ++ : osstest@xenbits.xen.org:/home/xen/git/osstest/rumprun.git
> ++ : git://git.seabios.org/seabios.git
> ++ : osstest@xenbits.xen.org:/home/xen/git/osstest/seabios.git
> ++ : git://xenbits.xen.org/osstest/seabios.git
> ++ : https://github.com/tianocore/edk2.git
> ++ : osstest@xenbits.xen.org:/home/xen/git/osstest/ovmf.git
> ++ : git://xenbits.xen.org/osstest/ovmf.git
> ++ : git://xenbits.xen.org/osstest/linux-firmware.git
> ++ : osstest@xenbits.xen.org:/home/osstest/ext/linux-firmware.git
> ++ : git://git.kernel.org/pub/scm/linux/kernel/git/firmware/linux-firmware.git
> ++ : osstest@xenbits.xen.org:/home/xen/git/linux-pvops.git
> ++ : git://xenbits.xen.org/linux-pvops.git
> ++ : tested/linux-3.14
> ++ : tested/linux-arm-xen
> ++ '[' xgit://xenbits.xen.org/linux-pvops.git = x ']'
> ++ '[' x = x ']'
> ++ : git://xenbits.xen.org/linux-pvops.git
> ++ : tested/linux-arm-xen
> ++ : git://git.kernel.org/pub/scm/linux/kernel/git/konrad/xen.git
> ++ : tested/2.6.39.x
> ++ : daily-cron.xen-unstable-smoke
> ++ : daily-cron.xen-unstable-smoke
> ++ : daily-cron.xen-unstable-smoke
> ++ : daily-cron.xen-unstable-smoke
> ++ : daily-cron.xen-unstable-smoke
> ++ : daily-cron.xen-unstable-smoke
> ++ : daily-cron.xen-unstable-smoke
> ++ : http://hg.uk.xensource.com/carbon/trunk/linux-2.6.27
> ++ : git://xenbits.xen.org/qemu-xen.git
> ++ : osstest@xenbits.xen.org:/home/xen/git/qemu-xen.git
> ++ : daily-cron.xen-unstable-smoke
> ++ : git://xenbits.xen.org/qemu-xen.git
> ++ : git://git.qemu.org/qemu.git
> + TREE_LINUX=osstest@xenbits.xen.org:/home/xen/git/linux-pvops.git
> + TREE_QEMU_UPSTREAM=osstest@xenbits.xen.org:/home/xen/git/qemu-xen.git
> + TREE_XEN=osstest@xenbits.xen.org:/home/xen/git/xen.git
> + TREE_LIBVIRT=osstest@xenbits.xen.org:/home/xen/git/libvirt.git
> + TREE_RUMPRUN=osstest@xenbits.xen.org:/home/xen/git/osstest/rumprun.git
> + TREE_SEABIOS=osstest@xenbits.xen.org:/home/xen/git/osstest/seabios.git
> + TREE_OVMF=osstest@xenbits.xen.org:/home/xen/git/osstest/ovmf.git
> + TREE_XTF=osstest@xenbits.xen.org:/home/xen/git/xtf.git
> + info_linux_tree xen-unstable-smoke
> + case $1 in
> + return 1
> + case "$branch" in
> + cd /home/osstest/repos/xen
> + git push osstest@xenbits.xen.org:/home/xen/git/xen.git 5258ab0fcc67587d802e33bcc5bf89048d184a73:refs/heads/smoke
> To osstest@xenbits.xen.org:/home/xen/git/xen.git
>    d97ce36..5258ab0  5258ab0fcc67587d802e33bcc5bf89048d184a73 -> smoke
>
>
>
> _______________________________________________
> Xen-devel mailing list
> Xen-devel@lists.xen.org
> https://lists.xen.org/xen-devel
>

-- 
Julien Grall

_______________________________________________
Xen-devel mailing list
Xen-devel@lists.xen.org
https://lists.xen.org/xen-devel

^ permalink raw reply	[flat|nested] 2+ messages in thread

end of thread, other threads:[~2017-02-24 14:47 UTC | newest]

Thread overview: 2+ messages (download: mbox.gz follow: Atom feed
-- links below jump to the message on this page --
2017-02-23 20:53 [xen-unstable-smoke test] 106032: tolerable trouble: broken/fail/pass - PUSHED osstest service owner
2017-02-24 14:47 ` Julien Grall

This is a public inbox, see mirroring instructions
for how to clone and mirror all data and code used for this inbox;
as well as URLs for NNTP newsgroup(s).