xen-devel.lists.xenproject.org archive mirror
 help / color / mirror / Atom feed
* [ovmf test] 106187: regressions - FAIL
@ 2017-02-27 15:46 osstest service owner
  0 siblings, 0 replies; only message in thread
From: osstest service owner @ 2017-02-27 15:46 UTC (permalink / raw)
  To: xen-devel, osstest-admin

flight 106187 ovmf real [real]
http://logs.test-lab.xenproject.org/osstest/logs/106187/

Regressions :-(

Tests which did not succeed and are blocking,
including tests which could not be run:
 test-amd64-amd64-xl-qemuu-ovmf-amd64 9 debian-hvm-install fail REGR. vs. 105963
 test-amd64-i386-xl-qemuu-ovmf-amd64 9 debian-hvm-install fail REGR. vs. 105963

version targeted for testing:
 ovmf                 29c90f14c91bf134a202c1b4ed600c9766bc1411
baseline version:
 ovmf                 e0307a7dad02aa8c0cd8b3b0b9edce8ddb3fef2e

Last test of basis   105963  2017-02-21 21:43:31 Z    5 days
Failing since        105980  2017-02-22 10:03:53 Z    5 days   12 attempts
Testing same since   106187  2017-02-27 06:33:44 Z    0 days    1 attempts

------------------------------------------------------------
People who touched revisions under test:
  Anthony PERARD <anthony.perard@citrix.com>
  Ard Biesheuvel <ard.biesheuvel@linaro.org>
  Jeff Fan <jeff.fan@intel.com>
  Jiewen Yao <jiewen.yao@intel.com>
  Laszlo Ersek <lersek@redhat.com>
  Paolo Bonzini <pbonzini@redhat.com>
  Star Zeng <star.zeng@intel.com>
  Yonghong Zhu <yonghong.zhu@intel.com>
  Zhang Lubo <lubo.zhang@intel.com>

jobs:
 build-amd64-xsm                                              pass    
 build-i386-xsm                                               pass    
 build-amd64                                                  pass    
 build-i386                                                   pass    
 build-amd64-libvirt                                          pass    
 build-i386-libvirt                                           pass    
 build-amd64-pvops                                            pass    
 build-i386-pvops                                             pass    
 test-amd64-amd64-xl-qemuu-ovmf-amd64                         fail    
 test-amd64-i386-xl-qemuu-ovmf-amd64                          fail    


------------------------------------------------------------
sg-report-flight on osstest.test-lab.xenproject.org
logs: /home/logs/logs
images: /home/logs/images

Logs, config files, etc. are available at
    http://logs.test-lab.xenproject.org/osstest/logs

Explanation of these reports, and of osstest in general, is at
    http://xenbits.xen.org/gitweb/?p=osstest.git;a=blob;f=README.email;hb=master
    http://xenbits.xen.org/gitweb/?p=osstest.git;a=blob;f=README;hb=master

Test harness code can be found at
    http://xenbits.xen.org/gitweb?p=osstest.git;a=summary


Not pushing.

(No revision log; it would be 1029 lines long.)

_______________________________________________
Xen-devel mailing list
Xen-devel@lists.xen.org
https://lists.xen.org/xen-devel

^ permalink raw reply	[flat|nested] only message in thread

only message in thread, other threads:[~2017-02-27 15:46 UTC | newest]

Thread overview: (only message) (download: mbox.gz follow: Atom feed
-- links below jump to the message on this page --
2017-02-27 15:46 [ovmf test] 106187: regressions - FAIL osstest service owner

This is a public inbox, see mirroring instructions
for how to clone and mirror all data and code used for this inbox;
as well as URLs for NNTP newsgroup(s).