From mboxrd@z Thu Jan 1 00:00:00 1970 From: xen.org Subject: [xen-unstable test] 10628: tolerable FAIL - PUSHED Date: Tue, 3 Jan 2012 01:03:23 +0000 Message-ID: Mime-Version: 1.0 Content-Type: text/plain; charset="us-ascii" Content-Transfer-Encoding: 7bit Return-path: List-Unsubscribe: , List-Post: List-Help: List-Subscribe: , Sender: xen-devel-bounces@lists.xensource.com Errors-To: xen-devel-bounces@lists.xensource.com To: xen-devel@lists.xensource.com Cc: ian.jackson@eu.citrix.com List-Id: xen-devel@lists.xenproject.org flight 10628 xen-unstable real [real] http://www.chiark.greenend.org.uk/~xensrcts/logs/10628/ Failures :-/ but no regressions. Tests which are failing intermittently (not blocking): test-amd64-amd64-xl-sedf 13 guest-localmigrate.2 fail pass in 10626 test-amd64-i386-xl-credit2 10 guest-saverestore fail pass in 10623 test-i386-i386-xl-win 7 windows-install fail pass in 10623 test-amd64-i386-xend-winxpsp3 14 guest-start.2 fail pass in 10623 test-amd64-i386-rhel6hvm-intel 4 xen-install fail in 10626 pass in 10628 test-amd64-i386-pv 4 xen-install fail in 10626 pass in 10628 test-amd64-i386-xl-multivcpu 4 xen-install fail in 10626 pass in 10628 test-amd64-i386-xl 4 xen-install fail in 10626 pass in 10628 test-amd64-i386-pair 6 xen-install/dst_host fail in 10626 pass in 10628 test-amd64-i386-pair 5 xen-install/src_host fail in 10626 pass in 10628 test-amd64-i386-rhel6hvm-amd 4 xen-install fail in 10626 pass in 10628 build-i386 2 host-install(2) broken in 10626 pass in 10628 test-amd64-i386-xl-credit2 4 xen-install fail in 10626 pass in 10628 test-amd64-i386-xl-win-vcpus1 4 xen-install fail in 10626 pass in 10628 test-amd64-i386-win 4 xen-install fail in 10626 pass in 10628 test-amd64-i386-xl-winxpsp3-vcpus1 4 xen-install fail in 10626 pass in 10628 test-amd64-i386-win-vcpus1 4 xen-install fail in 10626 pass in 10628 test-amd64-i386-xend-winxpsp3 4 xen-install fail in 10626 pass in 10628 test-amd64-i386-xl-win7-amd64 4 xen-install fail in 10626 pass in 10628 test-amd64-i386-xl-multivcpu 16 guest-start.2 fail in 10623 pass in 10628 Regressions which are regarded as allowable (not blocking): test-amd64-amd64-pv 16 guest-start.2 fail in 10623 like 10619 test-amd64-i386-pv 16 guest-start.2 fail in 10623 like 10621 test-amd64-amd64-xl-sedf 5 xen-boot fail in 10623 like 10614 Tests which did not succeed, but are not blocking: test-amd64-amd64-xl-pcipt-intel 9 guest-start fail never pass test-amd64-i386-rhel6hvm-intel 9 guest-start.2 fail never pass test-amd64-i386-rhel6hvm-amd 9 guest-start.2 fail never pass test-amd64-i386-xl-win-vcpus1 13 guest-stop fail never pass test-amd64-i386-win 16 leak-check/check fail never pass test-amd64-amd64-xl-win 13 guest-stop fail never pass test-i386-i386-win 16 leak-check/check fail never pass test-amd64-amd64-xl-winxpsp3 13 guest-stop fail never pass test-amd64-i386-xl-winxpsp3-vcpus1 13 guest-stop fail never pass test-i386-i386-xl-winxpsp3 13 guest-stop fail never pass test-amd64-i386-win-vcpus1 16 leak-check/check fail never pass test-amd64-amd64-xl-win7-amd64 13 guest-stop fail never pass test-amd64-i386-xl-win7-amd64 13 guest-stop fail never pass test-amd64-amd64-win 16 leak-check/check fail never pass test-i386-i386-pv 1 xen-build-check(1) blocked in 10626 n/a test-i386-i386-xl 1 xen-build-check(1) blocked in 10626 n/a test-i386-i386-pair 1 xen-build-check(1) blocked in 10626 n/a test-i386-i386-win 1 xen-build-check(1) blocked in 10626 n/a test-i386-i386-xl-win 1 xen-build-check(1) blocked in 10626 n/a test-i386-i386-xl-winxpsp3 1 xen-build-check(1) blocked in 10626 n/a test-i386-i386-xl-win 13 guest-stop fail in 10623 never pass test-amd64-i386-xend-winxpsp3 16 leak-check/check fail in 10623 never pass version targeted for testing: xen 50117a4d1a2c baseline version: xen a7b2610b8e5c ------------------------------------------------------------ People who touched revisions under test: Gang Wei Haitao Shan Jan Beulich Joseph Cihula Keir Fraser Shan Haitao Stefano Stabellini Tim Deegan Yongjie Ren ------------------------------------------------------------ jobs: build-amd64 pass build-i386 pass build-amd64-oldkern pass build-i386-oldkern pass build-amd64-pvops pass build-i386-pvops pass test-amd64-amd64-xl pass test-amd64-i386-xl pass test-i386-i386-xl pass test-amd64-i386-rhel6hvm-amd fail test-amd64-amd64-xl-win7-amd64 fail test-amd64-i386-xl-win7-amd64 fail test-amd64-i386-xl-credit2 fail test-amd64-amd64-xl-pcipt-intel fail test-amd64-i386-rhel6hvm-intel fail test-amd64-i386-xl-multivcpu pass test-amd64-amd64-pair pass test-amd64-i386-pair pass test-i386-i386-pair pass test-amd64-amd64-xl-sedf-pin pass test-amd64-amd64-pv pass test-amd64-i386-pv pass test-i386-i386-pv pass test-amd64-amd64-xl-sedf fail test-amd64-i386-win-vcpus1 fail test-amd64-i386-xl-win-vcpus1 fail test-amd64-i386-xl-winxpsp3-vcpus1 fail test-amd64-amd64-win fail test-amd64-i386-win fail test-i386-i386-win fail test-amd64-amd64-xl-win fail test-i386-i386-xl-win fail test-amd64-i386-xend-winxpsp3 fail test-amd64-amd64-xl-winxpsp3 fail test-i386-i386-xl-winxpsp3 fail ------------------------------------------------------------ sg-report-flight on woking.cam.xci-test.com logs: /home/xc_osstest/logs images: /home/xc_osstest/images Logs, config files, etc. are available at http://www.chiark.greenend.org.uk/~xensrcts/logs Test harness code can be found at http://xenbits.xensource.com/gitweb?p=osstest.git;a=summary Pushing revision : + branch=xen-unstable + revision=50117a4d1a2c + . cri-lock-repos ++ . cri-common +++ umask 002 +++ getconfig Repos +++ perl -e ' use Osstest; readconfigonly(); print $c{Repos} or die $!; ' ++ repos=/export/home/osstest/repos ++ repos_lock=/export/home/osstest/repos/lock ++ '[' x '!=' x/export/home/osstest/repos/lock ']' ++ OSSTEST_REPOS_LOCK_LOCKED=/export/home/osstest/repos/lock ++ exec with-lock-ex -w /export/home/osstest/repos/lock ./ap-push xen-unstable 50117a4d1a2c + branch=xen-unstable + revision=50117a4d1a2c + . cri-lock-repos ++ . cri-common +++ umask 002 +++ getconfig Repos +++ perl -e ' use Osstest; readconfigonly(); print $c{Repos} or die $!; ' ++ repos=/export/home/osstest/repos ++ repos_lock=/export/home/osstest/repos/lock ++ '[' x/export/home/osstest/repos/lock '!=' x/export/home/osstest/repos/lock ']' + : xen@xenbits.xensource.com + : xen@xenbits.xensource.com:git/linux-pvops + : master + : tested/2.6.39.x + case "$branch" in + cd /export/home/osstest/repos/xen-unstable.hg + hg push -r 50117a4d1a2c ssh://xen@xenbits.xensource.com/HG/xen-unstable.hg pushing to ssh://xen@xenbits.xensource.com/HG/xen-unstable.hg searching for changes remote: adding changesets remote: adding manifests remote: adding file changes remote: added 3 changesets with 3 changes to 3 files