* [xen-unstable test] 106398: regressions - trouble: blocked/broken/fail/pass
@ 2017-03-03 16:30 osstest service owner
0 siblings, 0 replies; only message in thread
From: osstest service owner @ 2017-03-03 16:30 UTC (permalink / raw)
To: xen-devel, osstest-admin
[-- Attachment #1: Type: text/plain, Size: 22175 bytes --]
flight 106398 xen-unstable real [real]
http://logs.test-lab.xenproject.org/osstest/logs/106398/
Regressions :-(
Tests which did not succeed and are blocking,
including tests which could not be run:
test-amd64-amd64-xl-qemuu-debianhvm-amd64-xsm 3 host-install(3) broken REGR. vs. 106351
test-amd64-i386-xl-xsm 11 guest-start fail REGR. vs. 106351
Regressions which are regarded as allowable (not blocking):
test-armhf-armhf-libvirt-xsm 13 saverestore-support-check fail like 106351
test-amd64-amd64-xl-qemut-win7-amd64 16 guest-stop fail like 106351
test-amd64-i386-xl-qemut-win7-amd64 16 guest-stop fail like 106351
test-amd64-i386-xl-qemuu-win7-amd64 16 guest-stop fail like 106351
test-amd64-amd64-xl-qemuu-win7-amd64 16 guest-stop fail like 106351
test-armhf-armhf-libvirt-raw 12 saverestore-support-check fail like 106351
test-armhf-armhf-libvirt 13 saverestore-support-check fail like 106351
test-amd64-amd64-xl-rtds 9 debian-install fail like 106351
Tests which did not succeed, but are not blocking:
test-arm64-arm64-libvirt-xsm 1 build-check(1) blocked n/a
test-arm64-arm64-xl 1 build-check(1) blocked n/a
build-arm64-libvirt 1 build-check(1) blocked n/a
test-arm64-arm64-libvirt-qcow2 1 build-check(1) blocked n/a
test-arm64-arm64-libvirt 1 build-check(1) blocked n/a
test-arm64-arm64-xl-credit2 1 build-check(1) blocked n/a
test-arm64-arm64-xl-rtds 1 build-check(1) blocked n/a
test-arm64-arm64-xl-multivcpu 1 build-check(1) blocked n/a
test-arm64-arm64-xl-xsm 1 build-check(1) blocked n/a
test-amd64-amd64-xl-pvh-amd 11 guest-start fail never pass
test-amd64-amd64-xl-pvh-intel 11 guest-start fail never pass
test-amd64-i386-libvirt 12 migrate-support-check fail never pass
test-amd64-amd64-libvirt-xsm 12 migrate-support-check fail never pass
test-amd64-i386-libvirt-xsm 12 migrate-support-check fail never pass
build-arm64 5 xen-build fail never pass
build-arm64-xsm 5 xen-build fail never pass
test-amd64-i386-libvirt-qemuu-debianhvm-amd64-xsm 10 migrate-support-check fail never pass
test-amd64-amd64-libvirt-qemuu-debianhvm-amd64-xsm 10 migrate-support-check fail never pass
build-arm64-pvops 5 kernel-build fail never pass
test-amd64-amd64-libvirt-vhd 11 migrate-support-check fail never pass
test-amd64-amd64-qemuu-nested-amd 16 debian-hvm-install/l1/l2 fail never pass
test-armhf-armhf-xl-xsm 12 migrate-support-check fail never pass
test-armhf-armhf-xl-xsm 13 saverestore-support-check fail never pass
test-armhf-armhf-xl 12 migrate-support-check fail never pass
test-armhf-armhf-xl 13 saverestore-support-check fail never pass
test-armhf-armhf-libvirt-xsm 12 migrate-support-check fail never pass
test-armhf-armhf-xl-cubietruck 12 migrate-support-check fail never pass
test-armhf-armhf-xl-cubietruck 13 saverestore-support-check fail never pass
test-armhf-armhf-xl-multivcpu 12 migrate-support-check fail never pass
test-armhf-armhf-xl-multivcpu 13 saverestore-support-check fail never pass
test-armhf-armhf-libvirt-raw 11 migrate-support-check fail never pass
test-amd64-amd64-libvirt 12 migrate-support-check fail never pass
test-armhf-armhf-libvirt 12 migrate-support-check fail never pass
test-armhf-armhf-xl-credit2 12 migrate-support-check fail never pass
test-armhf-armhf-xl-credit2 13 saverestore-support-check fail never pass
test-armhf-armhf-xl-arndale 12 migrate-support-check fail never pass
test-armhf-armhf-xl-arndale 13 saverestore-support-check fail never pass
test-armhf-armhf-xl-rtds 12 migrate-support-check fail never pass
test-armhf-armhf-xl-rtds 13 saverestore-support-check fail never pass
test-armhf-armhf-xl-vhd 11 migrate-support-check fail never pass
test-armhf-armhf-xl-vhd 12 saverestore-support-check fail never pass
version targeted for testing:
xen 7bdb974a82c1631bfc7451b9dd9756858617aef4
baseline version:
xen 1a0ab02e342cfd80decd72606c94479e4b309a3c
Last test of basis 106351 2017-03-02 04:21:56 Z 1 days
Failing since 106371 2017-03-02 14:14:36 Z 1 days 3 attempts
Testing same since 106398 2017-03-03 08:33:04 Z 0 days 1 attempts
------------------------------------------------------------
People who touched revisions under test:
Andrew Cooper <andrew.cooper3@citrix.com>
Andy Lutomirski <luto@kernel.org>
Anthony PERARD <anthony.perard@citrix.com>
Borislav Petkov <bp@alien8.de>
Ian Jackson <ian.jackson@eu.citrix.com>
Jan Beulich <jbeulich@suse.com>
Juergen Gross <jgross@suse.com>
keios <keios.cn@gmail.com>
Kevin Tian <kevin.tian@intel.com>
Marek Marczykowski-Górecki <marmarek@invisiblethingslab.com>
Olaf Hering <olaf@aepfle.de>
Wei Liu <wei.liu2@citrix.com>
jobs:
build-amd64-xsm pass
build-arm64-xsm fail
build-armhf-xsm pass
build-i386-xsm pass
build-amd64-xtf pass
build-amd64 pass
build-arm64 fail
build-armhf pass
build-i386 pass
build-amd64-libvirt pass
build-arm64-libvirt blocked
build-armhf-libvirt pass
build-i386-libvirt pass
build-amd64-oldkern pass
build-i386-oldkern pass
build-amd64-prev pass
build-i386-prev pass
build-amd64-pvops pass
build-arm64-pvops fail
build-armhf-pvops pass
build-i386-pvops pass
build-amd64-rumprun pass
build-i386-rumprun pass
test-xtf-amd64-amd64-1 pass
test-xtf-amd64-amd64-2 pass
test-xtf-amd64-amd64-3 pass
test-xtf-amd64-amd64-4 pass
test-xtf-amd64-amd64-5 pass
test-amd64-amd64-xl pass
test-arm64-arm64-xl blocked
test-armhf-armhf-xl pass
test-amd64-i386-xl pass
test-amd64-amd64-xl-qemut-debianhvm-amd64-xsm pass
test-amd64-i386-xl-qemut-debianhvm-amd64-xsm pass
test-amd64-amd64-libvirt-qemuu-debianhvm-amd64-xsm pass
test-amd64-i386-libvirt-qemuu-debianhvm-amd64-xsm pass
test-amd64-amd64-xl-qemuu-debianhvm-amd64-xsm broken
test-amd64-i386-xl-qemuu-debianhvm-amd64-xsm pass
test-amd64-amd64-xl-qemut-stubdom-debianhvm-amd64-xsm pass
test-amd64-i386-xl-qemut-stubdom-debianhvm-amd64-xsm pass
test-amd64-amd64-libvirt-xsm pass
test-arm64-arm64-libvirt-xsm blocked
test-armhf-armhf-libvirt-xsm pass
test-amd64-i386-libvirt-xsm pass
test-amd64-amd64-xl-xsm pass
test-arm64-arm64-xl-xsm blocked
test-armhf-armhf-xl-xsm pass
test-amd64-i386-xl-xsm fail
test-amd64-amd64-qemuu-nested-amd fail
test-amd64-amd64-xl-pvh-amd fail
test-amd64-i386-qemut-rhel6hvm-amd pass
test-amd64-i386-qemuu-rhel6hvm-amd pass
test-amd64-amd64-xl-qemut-debianhvm-amd64 pass
test-amd64-i386-xl-qemut-debianhvm-amd64 pass
test-amd64-amd64-xl-qemuu-debianhvm-amd64 pass
test-amd64-i386-xl-qemuu-debianhvm-amd64 pass
test-amd64-i386-freebsd10-amd64 pass
test-amd64-amd64-xl-qemuu-ovmf-amd64 pass
test-amd64-i386-xl-qemuu-ovmf-amd64 pass
test-amd64-amd64-rumprun-amd64 pass
test-amd64-amd64-xl-qemut-win7-amd64 fail
test-amd64-i386-xl-qemut-win7-amd64 fail
test-amd64-amd64-xl-qemuu-win7-amd64 fail
test-amd64-i386-xl-qemuu-win7-amd64 fail
test-armhf-armhf-xl-arndale pass
test-amd64-amd64-xl-credit2 pass
test-arm64-arm64-xl-credit2 blocked
test-armhf-armhf-xl-credit2 pass
test-armhf-armhf-xl-cubietruck pass
test-amd64-i386-freebsd10-i386 pass
test-amd64-i386-rumprun-i386 pass
test-amd64-amd64-qemuu-nested-intel pass
test-amd64-amd64-xl-pvh-intel fail
test-amd64-i386-qemut-rhel6hvm-intel pass
test-amd64-i386-qemuu-rhel6hvm-intel pass
test-amd64-amd64-libvirt pass
test-arm64-arm64-libvirt blocked
test-armhf-armhf-libvirt pass
test-amd64-i386-libvirt pass
test-amd64-amd64-migrupgrade pass
test-amd64-i386-migrupgrade pass
test-amd64-amd64-xl-multivcpu pass
test-arm64-arm64-xl-multivcpu blocked
test-armhf-armhf-xl-multivcpu pass
test-amd64-amd64-pair pass
test-amd64-i386-pair pass
test-amd64-amd64-libvirt-pair pass
test-amd64-i386-libvirt-pair pass
test-amd64-amd64-amd64-pvgrub pass
test-amd64-amd64-i386-pvgrub pass
test-amd64-amd64-pygrub pass
test-arm64-arm64-libvirt-qcow2 blocked
test-amd64-amd64-xl-qcow2 pass
test-armhf-armhf-libvirt-raw pass
test-amd64-i386-xl-raw pass
test-amd64-amd64-xl-rtds fail
test-arm64-arm64-xl-rtds blocked
test-armhf-armhf-xl-rtds pass
test-amd64-i386-xl-qemut-winxpsp3-vcpus1 pass
test-amd64-i386-xl-qemuu-winxpsp3-vcpus1 pass
test-amd64-amd64-libvirt-vhd pass
test-armhf-armhf-xl-vhd pass
test-amd64-amd64-xl-qemut-winxpsp3 pass
test-amd64-i386-xl-qemut-winxpsp3 pass
test-amd64-amd64-xl-qemuu-winxpsp3 pass
test-amd64-i386-xl-qemuu-winxpsp3 pass
------------------------------------------------------------
sg-report-flight on osstest.test-lab.xenproject.org
logs: /home/logs/logs
images: /home/logs/images
Logs, config files, etc. are available at
http://logs.test-lab.xenproject.org/osstest/logs
Explanation of these reports, and of osstest in general, is at
http://xenbits.xen.org/gitweb/?p=osstest.git;a=blob;f=README.email;hb=master
http://xenbits.xen.org/gitweb/?p=osstest.git;a=blob;f=README;hb=master
Test harness code can be found at
http://xenbits.xen.org/gitweb?p=osstest.git;a=summary
broken-step test-amd64-amd64-xl-qemuu-debianhvm-amd64-xsm host-install(3)
Not pushing.
------------------------------------------------------------
commit 7bdb974a82c1631bfc7451b9dd9756858617aef4
Author: Andrew Cooper <andrew.cooper3@citrix.com>
Date: Tue Jul 5 10:40:21 2016 +0100
x86/hvm: Adjust hvm_nx_enabled() to match how Xen behaves
On Intel hardware, EFER is not fully switched between host and guest contexts.
In practice, this means that Xen's EFER.NX setting leaks into guest context,
and influences the behaviour of the hardware pagewalker.
When servicing a pagefault, Xen's model of guests behaviour should match
hardware's behaviour, to allow correct interpretation of the pagefault error
code, and to avoid creating observable difference in behaviour from the guests
point of view.
Signed-off-by: Andrew Cooper <andrew.cooper3@citrix.com>
Reviewed-by: Jan Beulich <jbeulich@suse.com>
commit b95028e468f73528146d57e68ffca71aa47b4cbe
Author: Andy Lutomirski <luto@kernel.org>
Date: Fri Dec 9 10:24:07 2016 -0800
x86/microcode: Replace sync_core() with cpuid_eax()
The Intel microcode driver is using sync_core() to mean "do CPUID
with EAX=1".
Signed-off-by: Andy Lutomirski <luto@kernel.org>
Acked-by: Borislav Petkov <bp@alien8.de>
[Linux commit 484d0e5c7943644cc46e7308a8f9d83be598f2b9]
[Ported to Xen]
Signed-off-by: Andrew Cooper <andrew.cooper3@citrix.com>
Acked-by: Jan Beulich <jbeulich@suse.com>
commit c7cde9e28bb537945c003e5d28525713f5a6eb15
Author: keios <keios.cn@gmail.com>
Date: Tue Oct 3 01:13:49 2006 -0700
xen/common: low performance of lib/sort.c
It is a non-standard heap-sort algorithm implementation because the index
of child node is wrong . The sort function still outputs right result, but
the performance is O( n * ( log(n) + 1 ) ) , about 10% ~ 20% worse than
standard algorithm.
Signed-off-by: keios <keios.cn@gmail.com>
[Linux commit: d3717bdf8f08a0e1039158c8bab2c24d20f492b6]
[Ported to Xen]
Signed-off-by: Andrew Cooper <andrew.cooper3@citrix.com>
Acked-by: Jan Beulich <jbeulich@suse.com>
commit 26735f30dffe1091686bbe921aacbea8ba371cc8
Author: Jan Beulich <jbeulich@suse.com>
Date: Thu Mar 2 16:08:27 2017 +0100
x86emul: correct decoding of vzero{all,upper}
These VEX encoded insns aren't followed by a ModR/M byte.
Signed-off-by: Jan Beulich <jbeulich@suse.com>
Reviewed-by: Andrew Cooper <andrew.cooper3@citrix.com>
commit 02cccf38d201ea35a883e9b6b1c2c3cf01ea9dde
Author: Jan Beulich <jbeulich@suse.com>
Date: Thu Mar 2 16:07:42 2017 +0100
x86/VMX: switch away from temporary 32-bit register names
Signed-off-by: Jan Beulich <jbeulich@suse.com>
Reviewed-by: Andrew Cooper <andrew.cooper3@citrix.com>
Acked-by: Kevin Tian <kevin.tian@intel.com>
commit 098dedd9316597f813773740f6a2ada89b7a36e4
Author: Wei Liu <wei.liu2@citrix.com>
Date: Wed Mar 1 10:24:55 2017 +0000
xl: lift logfile declaration to xl.h
No functional change.
Signed-off-by: Wei Liu <wei.liu2@citrix.com>
Acked-by: Ian Jackson <ian.jackson@eu.citrix.com>
commit 7910b8cb65210babbc833241a3f34331fedb601c
Author: Wei Liu <wei.liu2@citrix.com>
Date: Wed Mar 1 10:24:54 2017 +0000
xl: lift common_domname declaration to xl.h
No functional change.
Signed-off-by: Wei Liu <wei.liu2@citrix.com>
Acked-by: Ian Jackson <ian.jackson@eu.citrix.com>
commit 697dd4af748311ab87949fb4fd8e879c11aa2b31
Author: Wei Liu <wei.liu2@citrix.com>
Date: Wed Mar 1 10:24:53 2017 +0000
xl: remove declaration of ctx in c files
There is already one in xl.h.
No functional change.
Signed-off-by: Wei Liu <wei.liu2@citrix.com>
Acked-by: Ian Jackson <ian.jackson@eu.citrix.com>
commit 631f4bf1f7ea2d1b2c277992489fd168ab1412ca
Author: Wei Liu <wei.liu2@citrix.com>
Date: Wed Mar 1 10:24:52 2017 +0000
xl: add CODING_STYLE
Copy the one in libxl, remove the irrelevant bits about libxl. Replace
libxl with xl where appropriate.
Signed-off-by: Wei Liu <wei.liu2@citrix.com>
Acked-by: Ian Jackson <ian.jackson@eu.citrix.com>
commit 5c1446fa1d72d8dcccc436da6b6c1669e9edf20f
Author: Wei Liu <wei.liu2@citrix.com>
Date: Wed Mar 1 10:24:51 2017 +0000
CONTRIBUTING: list xl in inbound license section
Signed-off-by: Wei Liu <wei.liu2@citrix.com>
Acked-by: Ian Jackson <ian.jackson@eu.citrix.com>
commit 9a0e3e618b590eb6093a8a170453a95fb32840b8
Author: Juergen Gross <jgross@suse.com>
Date: Thu Mar 2 06:13:18 2017 +0100
tools: set pkg-config path when configuring qemu
When calling configure for qemu provide the local pkg-config directory
in order to let the configure process find the libxenctrl version.
Signed-off-by: Juergen Gross <jgross@suse.com>
Acked-by: Ian Jackson <ian.jackson@eu.citrix.com>
commit 938d9e6ca870f5a6fcaf4ca6ef556065b1d57074
Author: Juergen Gross <jgross@suse.com>
Date: Thu Mar 2 06:13:17 2017 +0100
tools: use a dedicated build directory for qemu
Instead of using the downloaded git tree as target directory for the
qemu build create a dedicated directory for that purpose.
This way it is possible to use the same source directory of qemu to
configure and build qemu upstream in a stubdom environment in future.
Signed-off-by: Juergen Gross <jgross@suse.com>
Acked-by: Ian Jackson <ian.jackson@eu.citrix.com>
commit f5c5d0352464e2c4dd4c58ae739ff7bad83760ee
Author: Juergen Gross <jgross@suse.com>
Date: Thu Mar 2 06:13:16 2017 +0100
tools: add pkg-config file for libxc
When configuring the build of qemu the configure script is building
various test programs to determine the exact version of libxencontrol.
Instead of a try and error approach needing updates for nearly each
new version of Xen just provide xencontrol.pc to be used via
pkg-config.
In the end we need two different variants of that file: one for the
target system where eventually someone wants to build qemu, and one
for the local system to be used for building qemu as part of the Xen
build process.
The local variant is created in a dedicated directory in order to be
able to collect more pkg-config files used for building tools there.
Signed-off-by: Juergen Gross <jgross@suse.com>
Acked-by: Ian Jackson <ian.jackson@eu.citrix.com>
commit ecb50e65e133c5776bee958fd551c2930abe6e8e
Author: Juergen Gross <jgross@suse.com>
Date: Thu Mar 2 06:13:15 2017 +0100
stubdom: set xen interface version for stubdom apps using xenctrl.h
A stubdom app using xenctrl.h must use the latest interface version of
Xen in order to avoid compatibility issues. Add the related config
item to the stubdom config files where needed.
Signed-off-by: Juergen Gross <jgross@suse.com>
Acked-by: Ian Jackson <ian.jackson@eu.citrix.com>
commit 9970e98ace48574701f7e2286fb67090481a3fec
Author: Anthony PERARD <anthony.perard@citrix.com>
Date: Thu Mar 2 11:22:35 2017 +0000
tools: Fix build of QEMU with lib xendevicemodel support
Signed-off-by: Anthony PERARD <anthony.perard@citrix.com>
Acked-by: Wei Liu <wei.liu2@citrix.com>
commit f14ce1a13455bfc3fb7b33c185e3e49749d68e28
Author: Wei Liu <wei.liu2@citrix.com>
Date: Wed Mar 1 12:32:26 2017 +0000
MAINTAINERS: add Marek as maintainer of python bindings
Marek has kindly agreed to step up and co-maintain the python bindings.
Signed-off-by: Wei Liu <wei.liu2@citrix.com>
Acked-by: Marek Marczykowski-Górecki <marmarek@invisiblethingslab.com>
commit d31828e348e7b7229d7ecb32f7f0bee7f125e61e
Author: Olaf Hering <olaf@aepfle.de>
Date: Wed Mar 1 12:27:08 2017 +0000
tools/libxendevicemodel: define O_CLOEXEC
Some libc headers don't have O_CLOEXEC, we need to take care of it by
defining to 0 (on the ground that such glibc might barf on O_CLOEXEC).
Fixes e7745d8ef5 ("tools/libxendevicemodel: introduce a Linux-specific
implementation")
Signed-off-by: Olaf Hering <olaf@aepfle.de>
Acked-by: Wei Liu <wei.liu2@citrix.com>
commit 34b05462d93f06f9a08caf98b7aed865f6b796bd
Author: Wei Liu <wei.liu2@citrix.com>
Date: Wed Mar 1 11:07:24 2017 +0000
acpi: check if mapping is valid before reading / writing
If acpi_map_os_memory has failed, return early with AE_ERROR.
Coverity-ID: 1401601
Coverity-ID: 1401602
Signed-off-by: Wei Liu <wei.liu2@citrix.com>
Reviewed-by: Jan Beulich <jbeulich@suse.com>
(qemu changes not included)
[-- Attachment #2: Type: text/plain, Size: 127 bytes --]
_______________________________________________
Xen-devel mailing list
Xen-devel@lists.xen.org
https://lists.xen.org/xen-devel
^ permalink raw reply [flat|nested] only message in thread
only message in thread, other threads:[~2017-03-03 16:30 UTC | newest]
Thread overview: (only message) (download: mbox.gz follow: Atom feed
-- links below jump to the message on this page --
2017-03-03 16:30 [xen-unstable test] 106398: regressions - trouble: blocked/broken/fail/pass osstest service owner
This is a public inbox, see mirroring instructions
for how to clone and mirror all data and code used for this inbox;
as well as URLs for NNTP newsgroup(s).