From: osstest service owner <osstest-admin@xenproject.org>
To: xen-devel@lists.xensource.com, osstest-admin@xenproject.org
Subject: [qemu-mainline test] 106508: regressions - FAIL
Date: Tue, 07 Mar 2017 08:31:53 +0000 [thread overview]
Message-ID: <osstest-106508-mainreport@xen.org> (raw)
[-- Attachment #1: Type: text/plain, Size: 15754 bytes --]
flight 106508 qemu-mainline real [real]
http://logs.test-lab.xenproject.org/osstest/logs/106508/
Regressions :-(
Tests which did not succeed and are blocking,
including tests which could not be run:
test-armhf-armhf-xl-arndale 15 guest-start/debian.repeat fail REGR. vs. 106491
Regressions which are regarded as allowable (not blocking):
test-amd64-amd64-xl-qemuu-win7-amd64 16 guest-stop fail like 106491
test-amd64-i386-xl-qemuu-win7-amd64 16 guest-stop fail like 106491
test-armhf-armhf-libvirt-raw 12 saverestore-support-check fail like 106491
test-armhf-armhf-libvirt 13 saverestore-support-check fail like 106491
test-armhf-armhf-libvirt-xsm 13 saverestore-support-check fail like 106491
test-amd64-amd64-xl-rtds 9 debian-install fail like 106491
Tests which did not succeed, but are not blocking:
test-arm64-arm64-libvirt-xsm 1 build-check(1) blocked n/a
test-arm64-arm64-xl 1 build-check(1) blocked n/a
build-arm64-libvirt 1 build-check(1) blocked n/a
test-arm64-arm64-libvirt-qcow2 1 build-check(1) blocked n/a
test-arm64-arm64-libvirt 1 build-check(1) blocked n/a
test-arm64-arm64-xl-credit2 1 build-check(1) blocked n/a
test-arm64-arm64-xl-rtds 1 build-check(1) blocked n/a
test-arm64-arm64-xl-multivcpu 1 build-check(1) blocked n/a
test-arm64-arm64-xl-xsm 1 build-check(1) blocked n/a
test-amd64-amd64-xl-pvh-amd 11 guest-start fail never pass
test-amd64-amd64-xl-pvh-intel 11 guest-start fail never pass
test-amd64-i386-libvirt 12 migrate-support-check fail never pass
test-amd64-amd64-libvirt-xsm 12 migrate-support-check fail never pass
test-amd64-amd64-libvirt 12 migrate-support-check fail never pass
build-arm64 5 xen-build fail never pass
build-arm64-xsm 5 xen-build fail never pass
test-amd64-i386-libvirt-qemuu-debianhvm-amd64-xsm 10 migrate-support-check fail never pass
test-amd64-amd64-libvirt-qemuu-debianhvm-amd64-xsm 10 migrate-support-check fail never pass
test-armhf-armhf-xl-arndale 12 migrate-support-check fail never pass
test-armhf-armhf-xl-arndale 13 saverestore-support-check fail never pass
build-arm64-pvops 5 kernel-build fail never pass
test-amd64-amd64-libvirt-vhd 11 migrate-support-check fail never pass
test-amd64-amd64-qemuu-nested-amd 16 debian-hvm-install/l1/l2 fail never pass
test-armhf-armhf-xl-xsm 12 migrate-support-check fail never pass
test-armhf-armhf-xl-xsm 13 saverestore-support-check fail never pass
test-armhf-armhf-xl-multivcpu 12 migrate-support-check fail never pass
test-armhf-armhf-xl-multivcpu 13 saverestore-support-check fail never pass
test-armhf-armhf-xl-cubietruck 12 migrate-support-check fail never pass
test-armhf-armhf-xl-cubietruck 13 saverestore-support-check fail never pass
test-amd64-i386-libvirt-xsm 12 migrate-support-check fail never pass
test-armhf-armhf-libvirt-raw 11 migrate-support-check fail never pass
test-armhf-armhf-libvirt 12 migrate-support-check fail never pass
test-armhf-armhf-xl 12 migrate-support-check fail never pass
test-armhf-armhf-xl 13 saverestore-support-check fail never pass
test-armhf-armhf-libvirt-xsm 12 migrate-support-check fail never pass
test-armhf-armhf-xl-credit2 12 migrate-support-check fail never pass
test-armhf-armhf-xl-credit2 13 saverestore-support-check fail never pass
test-armhf-armhf-xl-rtds 12 migrate-support-check fail never pass
test-armhf-armhf-xl-rtds 13 saverestore-support-check fail never pass
test-armhf-armhf-xl-vhd 11 migrate-support-check fail never pass
test-armhf-armhf-xl-vhd 12 saverestore-support-check fail never pass
version targeted for testing:
qemuu 56b51708e9e22809d2a78f38d0ac84bb3f3fca92
baseline version:
qemuu fbddc2e5608eb655493253d080598375db61a748
Last test of basis 106491 2017-03-06 13:14:18 Z 0 days
Testing same since 106508 2017-03-06 21:44:30 Z 0 days 1 attempts
------------------------------------------------------------
People who touched revisions under test:
Cédric Le Goater <clg@kaod.org>
David Gibson <david@gibson.dropbear.id.au>
Igor Mammedov <imammedo@redhat.com>
Nikunj A Dadhania <nikunj@linux.vnet.ibm.com>
Peter Maydell <peter.maydell@linaro.org>
Thomas Huth <thuth@redhat.com>
jobs:
build-amd64-xsm pass
build-arm64-xsm fail
build-armhf-xsm pass
build-i386-xsm pass
build-amd64 pass
build-arm64 fail
build-armhf pass
build-i386 pass
build-amd64-libvirt pass
build-arm64-libvirt blocked
build-armhf-libvirt pass
build-i386-libvirt pass
build-amd64-pvops pass
build-arm64-pvops fail
build-armhf-pvops pass
build-i386-pvops pass
test-amd64-amd64-xl pass
test-arm64-arm64-xl blocked
test-armhf-armhf-xl pass
test-amd64-i386-xl pass
test-amd64-amd64-libvirt-qemuu-debianhvm-amd64-xsm pass
test-amd64-i386-libvirt-qemuu-debianhvm-amd64-xsm pass
test-amd64-amd64-xl-qemuu-debianhvm-amd64-xsm pass
test-amd64-i386-xl-qemuu-debianhvm-amd64-xsm pass
test-amd64-amd64-libvirt-xsm pass
test-arm64-arm64-libvirt-xsm blocked
test-armhf-armhf-libvirt-xsm pass
test-amd64-i386-libvirt-xsm pass
test-amd64-amd64-xl-xsm pass
test-arm64-arm64-xl-xsm blocked
test-armhf-armhf-xl-xsm pass
test-amd64-i386-xl-xsm pass
test-amd64-amd64-qemuu-nested-amd fail
test-amd64-amd64-xl-pvh-amd fail
test-amd64-i386-qemuu-rhel6hvm-amd pass
test-amd64-amd64-xl-qemuu-debianhvm-amd64 pass
test-amd64-i386-xl-qemuu-debianhvm-amd64 pass
test-amd64-i386-freebsd10-amd64 pass
test-amd64-amd64-xl-qemuu-ovmf-amd64 pass
test-amd64-i386-xl-qemuu-ovmf-amd64 pass
test-amd64-amd64-xl-qemuu-win7-amd64 fail
test-amd64-i386-xl-qemuu-win7-amd64 fail
test-armhf-armhf-xl-arndale fail
test-amd64-amd64-xl-credit2 pass
test-arm64-arm64-xl-credit2 blocked
test-armhf-armhf-xl-credit2 pass
test-armhf-armhf-xl-cubietruck pass
test-amd64-i386-freebsd10-i386 pass
test-amd64-amd64-qemuu-nested-intel pass
test-amd64-amd64-xl-pvh-intel fail
test-amd64-i386-qemuu-rhel6hvm-intel pass
test-amd64-amd64-libvirt pass
test-arm64-arm64-libvirt blocked
test-armhf-armhf-libvirt pass
test-amd64-i386-libvirt pass
test-amd64-amd64-xl-multivcpu pass
test-arm64-arm64-xl-multivcpu blocked
test-armhf-armhf-xl-multivcpu pass
test-amd64-amd64-pair pass
test-amd64-i386-pair pass
test-amd64-amd64-libvirt-pair pass
test-amd64-i386-libvirt-pair pass
test-amd64-amd64-amd64-pvgrub pass
test-amd64-amd64-i386-pvgrub pass
test-amd64-amd64-pygrub pass
test-arm64-arm64-libvirt-qcow2 blocked
test-amd64-amd64-xl-qcow2 pass
test-armhf-armhf-libvirt-raw pass
test-amd64-i386-xl-raw pass
test-amd64-amd64-xl-rtds fail
test-arm64-arm64-xl-rtds blocked
test-armhf-armhf-xl-rtds pass
test-amd64-i386-xl-qemuu-winxpsp3-vcpus1 pass
test-amd64-amd64-libvirt-vhd pass
test-armhf-armhf-xl-vhd pass
test-amd64-amd64-xl-qemuu-winxpsp3 pass
test-amd64-i386-xl-qemuu-winxpsp3 pass
------------------------------------------------------------
sg-report-flight on osstest.test-lab.xenproject.org
logs: /home/logs/logs
images: /home/logs/images
Logs, config files, etc. are available at
http://logs.test-lab.xenproject.org/osstest/logs
Explanation of these reports, and of osstest in general, is at
http://xenbits.xen.org/gitweb/?p=osstest.git;a=blob;f=README.email;hb=master
http://xenbits.xen.org/gitweb/?p=osstest.git;a=blob;f=README;hb=master
Test harness code can be found at
http://xenbits.xen.org/gitweb?p=osstest.git;a=summary
Not pushing.
------------------------------------------------------------
commit 56b51708e9e22809d2a78f38d0ac84bb3f3fca92
Merge: fbddc2e 182fe2c
Author: Peter Maydell <peter.maydell@linaro.org>
Date: Mon Mar 6 13:06:30 2017 +0000
Merge remote-tracking branch 'remotes/dgibson/tags/ppc-for-2.9-20170306' into staging
ppc patch queue for 2017-03-06
Looks like my previous batch wasn't quite the last before hard freeze.
This has a handful of bugfixes to go in. They're all genuine
bugfixes, though not regressions in some cases.
# gpg: Signature made Mon 06 Mar 2017 04:07:48 GMT
# gpg: using RSA key 0x6C38CACA20D9B392
# gpg: Good signature from "David Gibson <david@gibson.dropbear.id.au>"
# gpg: aka "David Gibson (Red Hat) <dgibson@redhat.com>"
# gpg: aka "David Gibson (ozlabs.org) <dgibson@ozlabs.org>"
# gpg: aka "David Gibson (kernel.org) <dwg@kernel.org>"
# Primary key fingerprint: 75F4 6586 AE61 A66C C44E 87DC 6C38 CACA 20D9 B392
* remotes/dgibson/tags/ppc-for-2.9-20170306:
target/ppc: use helper for excp handling
target/ppc: fmadd: add macro for updating flags
target/ppc: fmadd check for excp independently
spapr: ensure that all threads within core are on the same NUMA node
ppc/xics: register reset handlers for the ICP and ICS objects
Signed-off-by: Peter Maydell <peter.maydell@linaro.org>
commit 182fe2cf19e829e34f63443ee1ccd9f799715c2c
Author: Nikunj A Dadhania <nikunj@linux.vnet.ibm.com>
Date: Sat Mar 4 19:32:09 2017 +0530
target/ppc: use helper for excp handling
Use the helper routine float[32,64]_maddsub_update_excp() in VSX_MADD
macro.
Signed-off-by: Nikunj A Dadhania <nikunj@linux.vnet.ibm.com>
Signed-off-by: David Gibson <david@gibson.dropbear.id.au>
commit 3e5b26cf57a28c2e33655205d8f49e633a75fa8c
Author: Nikunj A Dadhania <nikunj@linux.vnet.ibm.com>
Date: Sat Mar 4 19:32:08 2017 +0530
target/ppc: fmadd: add macro for updating flags
Adds FPU_MADDSUB_UPDATE macro, this will be used for other routines
having float32/16
Signed-off-by: Nikunj A Dadhania <nikunj@linux.vnet.ibm.com>
Signed-off-by: David Gibson <david@gibson.dropbear.id.au>
commit 806c9d71abbcd283c0a6d8250e5a6db951ba9494
Author: Nikunj A Dadhania <nikunj@linux.vnet.ibm.com>
Date: Sat Mar 4 19:32:07 2017 +0530
target/ppc: fmadd check for excp independently
Current order of checking does not confirm with the spec
(ISA 3.0: MultiplyAddDP page-469). Change the order and make them
independent of each other.
For example: a = infinity, b = zero, c = SNaN, this should set both
VXIMZ and VXNAN
Signed-off-by: Nikunj A Dadhania <nikunj@linux.vnet.ibm.com>
Signed-off-by: David Gibson <david@gibson.dropbear.id.au>
commit 17b7c39e275ecacae1416bc164189d6ddd116c57
Author: Igor Mammedov <imammedo@redhat.com>
Date: Fri Feb 24 10:26:56 2017 +0100
spapr: ensure that all threads within core are on the same NUMA node
Threads within a core shouldn't be on different
NUMA nodes, so if user has misconfgured command
line, fail QEMU at start up to force user fix it.
For now use the first thread on the core as source
of core's node-id. Later when cpu-numa refactoring
lands it will be switched to core's node-id from
possible_cpus[].
This prevents the same problems as commit 20bb648d
"spapr: Fix default NUMA node allocation for threads",
but for the case of manually configured NUMA node
mappings, instead of just the default case.
Signed-off-by: Igor Mammedov <imammedo@redhat.com>
Signed-off-by: David Gibson <david@gibson.dropbear.id.au>
commit 7ea6e0671754330510bcdde2e7f5b5f2db426472
Author: Cédric Le Goater <clg@kaod.org>
Date: Fri Mar 3 13:51:03 2017 +0100
ppc/xics: register reset handlers for the ICP and ICS objects
The recent changes on the XICS layer removed the XICSState object to
let the sPAPR machine handle the ICP and ICS directly. The reset of
these objects was previously handled by XICSState, which was a SysBus
device, and to keep the same behavior, the ICP and ICS were assigned
to SysbBus.
But that broke the 'info qtree' command in the monitor. 'qtree'
performs a loop on the children of a bus to print their properties and
SysBus devices are expected to be found under SysBus, which is not the
case anymore.
The fix for this problem is to register reset handlers for the ICP and
ICS objects and stop using SysBus for such devices.
Signed-off-by: Cédric Le Goater <clg@kaod.org>
Reviewed-by: Thomas Huth <thuth@redhat.com>
Tested-by: Thomas Huth <thuth@redhat.com>
Signed-off-by: David Gibson <david@gibson.dropbear.id.au>
[-- Attachment #2: Type: text/plain, Size: 127 bytes --]
_______________________________________________
Xen-devel mailing list
Xen-devel@lists.xen.org
https://lists.xen.org/xen-devel
reply other threads:[~2017-03-07 8:31 UTC|newest]
Thread overview: [no followups] expand[flat|nested] mbox.gz Atom feed
Reply instructions:
You may reply publicly to this message via plain-text email
using any one of the following methods:
* Save the following mbox file, import it into your mail client,
and reply-to-all from there: mbox
Avoid top-posting and favor interleaved quoting:
https://en.wikipedia.org/wiki/Posting_style#Interleaved_style
* Reply using the --to, --cc, and --in-reply-to
switches of git-send-email(1):
git send-email \
--in-reply-to=osstest-106508-mainreport@xen.org \
--to=osstest-admin@xenproject.org \
--cc=xen-devel@lists.xensource.com \
/path/to/YOUR_REPLY
https://kernel.org/pub/software/scm/git/docs/git-send-email.html
* If your mail client supports setting the In-Reply-To header
via mailto: links, try the mailto: link
Be sure your reply has a Subject: header at the top and a blank line
before the message body.
This is a public inbox, see mirroring instructions
for how to clone and mirror all data and code used for this inbox;
as well as URLs for NNTP newsgroup(s).