From: osstest service owner <osstest-admin@xenproject.org>
To: xen-devel@lists.xensource.com, osstest-admin@xenproject.org
Subject: [xen-4.6-testing test] 106542: regressions - trouble: broken/fail/pass
Date: Wed, 08 Mar 2017 16:27:01 +0000 [thread overview]
Message-ID: <osstest-106542-mainreport@xen.org> (raw)
flight 106542 xen-4.6-testing real [real]
http://logs.test-lab.xenproject.org/osstest/logs/106542/
Regressions :-(
Tests which did not succeed and are blocking,
including tests which could not be run:
test-armhf-armhf-xl-multivcpu 3 host-install(3) broken REGR. vs. 105991
test-armhf-armhf-xl-vhd 6 xen-boot fail REGR. vs. 105991
test-armhf-armhf-xl-credit2 15 guest-start/debian.repeat fail REGR. vs. 105991
Regressions which are regarded as allowable (not blocking):
test-armhf-armhf-xl-rtds 16 guest-start.2 fail REGR. vs. 105991
test-armhf-armhf-libvirt-xsm 13 saverestore-support-check fail like 105991
test-armhf-armhf-libvirt 13 saverestore-support-check fail like 105991
test-amd64-i386-xl-qemuu-win7-amd64 16 guest-stop fail like 105991
test-amd64-amd64-xl-qemut-win7-amd64 16 guest-stop fail like 105991
test-amd64-i386-xl-qemut-win7-amd64 16 guest-stop fail like 105991
test-amd64-amd64-xl-qemuu-win7-amd64 16 guest-stop fail like 105991
test-armhf-armhf-libvirt-raw 12 saverestore-support-check fail like 105991
Tests which did not succeed, but are not blocking:
test-xtf-amd64-amd64-1 63 xtf/test-pv32pae-xsa-194 fail never pass
test-xtf-amd64-amd64-2 63 xtf/test-pv32pae-xsa-194 fail never pass
test-xtf-amd64-amd64-5 63 xtf/test-pv32pae-xsa-194 fail never pass
test-xtf-amd64-amd64-3 63 xtf/test-pv32pae-xsa-194 fail never pass
test-amd64-amd64-libvirt 12 migrate-support-check fail never pass
test-amd64-amd64-libvirt-xsm 12 migrate-support-check fail never pass
test-amd64-amd64-xl-pvh-intel 11 guest-start fail never pass
test-xtf-amd64-amd64-4 63 xtf/test-pv32pae-xsa-194 fail never pass
test-amd64-amd64-xl-pvh-amd 11 guest-start fail never pass
test-amd64-i386-libvirt 12 migrate-support-check fail never pass
test-amd64-amd64-libvirt-qemuu-debianhvm-amd64-xsm 10 migrate-support-check fail never pass
test-amd64-i386-libvirt-qemuu-debianhvm-amd64-xsm 10 migrate-support-check fail never pass
test-armhf-armhf-xl-arndale 12 migrate-support-check fail never pass
test-armhf-armhf-xl-arndale 13 saverestore-support-check fail never pass
test-amd64-amd64-qemuu-nested-amd 16 debian-hvm-install/l1/l2 fail never pass
test-amd64-amd64-libvirt-vhd 11 migrate-support-check fail never pass
test-armhf-armhf-xl-rtds 12 migrate-support-check fail never pass
test-armhf-armhf-xl-rtds 13 saverestore-support-check fail never pass
test-armhf-armhf-xl-credit2 12 migrate-support-check fail never pass
test-armhf-armhf-xl-credit2 13 saverestore-support-check fail never pass
test-armhf-armhf-xl-cubietruck 12 migrate-support-check fail never pass
test-armhf-armhf-xl-cubietruck 13 saverestore-support-check fail never pass
test-armhf-armhf-xl 12 migrate-support-check fail never pass
test-armhf-armhf-xl 13 saverestore-support-check fail never pass
test-armhf-armhf-libvirt-xsm 12 migrate-support-check fail never pass
test-armhf-armhf-libvirt 12 migrate-support-check fail never pass
test-amd64-i386-libvirt-xsm 12 migrate-support-check fail never pass
test-armhf-armhf-libvirt-raw 11 migrate-support-check fail never pass
test-armhf-armhf-xl-xsm 12 migrate-support-check fail never pass
test-armhf-armhf-xl-xsm 13 saverestore-support-check fail never pass
version targeted for testing:
xen b0577dd0c600241abcaddeb8d75abb0d956fdae3
baseline version:
xen e9fbb8eb834b21a6f0ed18f41e35baa74ada3205
Last test of basis 105991 2017-02-22 17:09:42 Z 13 days
Failing since 106529 2017-03-07 16:41:56 Z 0 days 2 attempts
Testing same since 106542 2017-03-08 02:00:50 Z 0 days 1 attempts
------------------------------------------------------------
People who touched revisions under test:
Edgar E. Iglesias <edgar.iglesias@xilinx.com>
Jan Beulich <jbeulich@suse.com>
Stefano Stabellini <sstabellini@kernel.org>
jobs:
build-amd64-xsm pass
build-armhf-xsm pass
build-i386-xsm pass
build-amd64-xtf pass
build-amd64 pass
build-armhf pass
build-i386 pass
build-amd64-libvirt pass
build-armhf-libvirt pass
build-i386-libvirt pass
build-amd64-prev pass
build-i386-prev pass
build-amd64-pvops pass
build-armhf-pvops pass
build-i386-pvops pass
build-amd64-rumprun pass
build-i386-rumprun pass
test-xtf-amd64-amd64-1 pass
test-xtf-amd64-amd64-2 pass
test-xtf-amd64-amd64-3 pass
test-xtf-amd64-amd64-4 pass
test-xtf-amd64-amd64-5 pass
test-amd64-amd64-xl pass
test-armhf-armhf-xl pass
test-amd64-i386-xl pass
test-amd64-amd64-xl-qemut-debianhvm-amd64-xsm pass
test-amd64-i386-xl-qemut-debianhvm-amd64-xsm pass
test-amd64-amd64-libvirt-qemuu-debianhvm-amd64-xsm pass
test-amd64-i386-libvirt-qemuu-debianhvm-amd64-xsm pass
test-amd64-amd64-xl-qemuu-debianhvm-amd64-xsm pass
test-amd64-i386-xl-qemuu-debianhvm-amd64-xsm pass
test-amd64-amd64-xl-qemut-stubdom-debianhvm-amd64-xsm pass
test-amd64-i386-xl-qemut-stubdom-debianhvm-amd64-xsm pass
test-amd64-amd64-libvirt-xsm pass
test-armhf-armhf-libvirt-xsm pass
test-amd64-i386-libvirt-xsm pass
test-amd64-amd64-xl-xsm pass
test-armhf-armhf-xl-xsm pass
test-amd64-i386-xl-xsm pass
test-amd64-amd64-qemuu-nested-amd fail
test-amd64-amd64-xl-pvh-amd fail
test-amd64-i386-qemut-rhel6hvm-amd pass
test-amd64-i386-qemuu-rhel6hvm-amd pass
test-amd64-amd64-xl-qemut-debianhvm-amd64 pass
test-amd64-i386-xl-qemut-debianhvm-amd64 pass
test-amd64-amd64-xl-qemuu-debianhvm-amd64 pass
test-amd64-i386-xl-qemuu-debianhvm-amd64 pass
test-amd64-i386-freebsd10-amd64 pass
test-amd64-amd64-xl-qemuu-ovmf-amd64 pass
test-amd64-i386-xl-qemuu-ovmf-amd64 pass
test-amd64-amd64-rumprun-amd64 pass
test-amd64-amd64-xl-qemut-win7-amd64 fail
test-amd64-i386-xl-qemut-win7-amd64 fail
test-amd64-amd64-xl-qemuu-win7-amd64 fail
test-amd64-i386-xl-qemuu-win7-amd64 fail
test-armhf-armhf-xl-arndale pass
test-amd64-amd64-xl-credit2 pass
test-armhf-armhf-xl-credit2 fail
test-armhf-armhf-xl-cubietruck pass
test-amd64-i386-freebsd10-i386 pass
test-amd64-i386-rumprun-i386 pass
test-amd64-amd64-qemuu-nested-intel pass
test-amd64-amd64-xl-pvh-intel fail
test-amd64-i386-qemut-rhel6hvm-intel pass
test-amd64-i386-qemuu-rhel6hvm-intel pass
test-amd64-amd64-libvirt pass
test-armhf-armhf-libvirt pass
test-amd64-i386-libvirt pass
test-amd64-amd64-migrupgrade pass
test-amd64-i386-migrupgrade pass
test-amd64-amd64-xl-multivcpu pass
test-armhf-armhf-xl-multivcpu broken
test-amd64-amd64-pair pass
test-amd64-i386-pair pass
test-amd64-amd64-libvirt-pair pass
test-amd64-i386-libvirt-pair pass
test-amd64-amd64-amd64-pvgrub pass
test-amd64-amd64-i386-pvgrub pass
test-amd64-amd64-pygrub pass
test-amd64-amd64-xl-qcow2 pass
test-armhf-armhf-libvirt-raw pass
test-amd64-i386-xl-raw pass
test-amd64-amd64-xl-rtds pass
test-armhf-armhf-xl-rtds fail
test-amd64-i386-xl-qemut-winxpsp3-vcpus1 pass
test-amd64-i386-xl-qemuu-winxpsp3-vcpus1 pass
test-amd64-amd64-libvirt-vhd pass
test-armhf-armhf-xl-vhd fail
test-amd64-amd64-xl-qemut-winxpsp3 pass
test-amd64-i386-xl-qemut-winxpsp3 pass
test-amd64-amd64-xl-qemuu-winxpsp3 pass
test-amd64-i386-xl-qemuu-winxpsp3 pass
------------------------------------------------------------
sg-report-flight on osstest.test-lab.xenproject.org
logs: /home/logs/logs
images: /home/logs/images
Logs, config files, etc. are available at
http://logs.test-lab.xenproject.org/osstest/logs
Explanation of these reports, and of osstest in general, is at
http://xenbits.xen.org/gitweb/?p=osstest.git;a=blob;f=README.email;hb=master
http://xenbits.xen.org/gitweb/?p=osstest.git;a=blob;f=README;hb=master
Test harness code can be found at
http://xenbits.xen.org/gitweb?p=osstest.git;a=summary
broken-step test-armhf-armhf-xl-multivcpu host-install(3)
Not pushing.
------------------------------------------------------------
commit b0577dd0c600241abcaddeb8d75abb0d956fdae3
Author: Stefano Stabellini <sstabellini@kernel.org>
Date: Thu Mar 2 17:15:26 2017 -0800
xen/arm: fix affected memory range by dcache clean functions
clean_dcache_va_range and clean_and_invalidate_dcache_va_range don't
calculate the range correctly when "end" is not cacheline aligned. As a
result, the last cacheline is not skipped. Fix the issue by aligning the
start address to the cacheline size.
In addition, make the code simpler and faster in
invalidate_dcache_va_range, by removing the module operation and using
bitmasks instead. Also remove the size adjustments in
invalidate_dcache_va_range, because the size variable is not used later
on.
Signed-off-by: Stefano Stabellini <sstabellini@kernel.org>
Reviewed-by: Edgar E. Iglesias <edgar.iglesias@xilinx.com>
Reviewed-by: Julien Grall <julien.grall@arm.com>
Tested-by: Edgar E. Iglesias <edgar.iglesias@xilinx.com>
commit 82fde4fa369969db64ccd421c399b5557feffa34
Author: Stefano Stabellini <sstabellini@kernel.org>
Date: Wed Mar 1 11:43:15 2017 -0800
xen/arm: introduce vwfi parameter
Introduce new Xen command line parameter called "vwfi", which stands for
virtual wfi. The default is "trap": Xen traps guest wfi and wfe
instructions. In the case of wfi, Xen calls vcpu_block on the guest
vcpu; in the case of guest wfe, Xen calls vcpu_yield on the guest vcpu.
The behavior can be changed by setting vwfi to "native", in that case
Xen doesn't trap neither wfi nor wfe, running them in guest context.
The result is strong reduction in irq latency (from 5000ns to 2000ns,
measured using https://github.com/edgarigl/tbm, the physical timer, and
1 pcpu dedicated to 1 vcpu). The downside is that the scheduler thinks
that the guest is busy when actually is sleeping, leading to suboptimal
scheduling decisions.
Signed-off-by: Stefano Stabellini <sstabellini@kernel.org>
Reviewed-by: Dario Faggioli <dario.faggioli@citrix.com>
Reviewed-by: Julien Grall <julien.grall@arm.com>
commit abb5a1291555d0e33a19e2a252f00852a9026f98
Author: Jan Beulich <jbeulich@suse.com>
Date: Tue Mar 7 17:19:05 2017 +0100
update Xen version to 4.6.5
(qemu changes not included)
_______________________________________________
Xen-devel mailing list
Xen-devel@lists.xen.org
https://lists.xen.org/xen-devel
reply other threads:[~2017-03-08 16:27 UTC|newest]
Thread overview: [no followups] expand[flat|nested] mbox.gz Atom feed
Reply instructions:
You may reply publicly to this message via plain-text email
using any one of the following methods:
* Save the following mbox file, import it into your mail client,
and reply-to-all from there: mbox
Avoid top-posting and favor interleaved quoting:
https://en.wikipedia.org/wiki/Posting_style#Interleaved_style
* Reply using the --to, --cc, and --in-reply-to
switches of git-send-email(1):
git send-email \
--in-reply-to=osstest-106542-mainreport@xen.org \
--to=osstest-admin@xenproject.org \
--cc=xen-devel@lists.xensource.com \
/path/to/YOUR_REPLY
https://kernel.org/pub/software/scm/git/docs/git-send-email.html
* If your mail client supports setting the In-Reply-To header
via mailto: links, try the mailto: link
Be sure your reply has a Subject: header at the top and a blank line
before the message body.
This is a public inbox, see mirroring instructions
for how to clone and mirror all data and code used for this inbox;
as well as URLs for NNTP newsgroup(s).