* [xen-unstable test] 106671: regressions - FAIL
@ 2017-03-15 17:35 osstest service owner
0 siblings, 0 replies; only message in thread
From: osstest service owner @ 2017-03-15 17:35 UTC (permalink / raw)
To: xen-devel, osstest-admin
flight 106671 xen-unstable real [real]
http://logs.test-lab.xenproject.org/osstest/logs/106671/
Regressions :-(
Tests which did not succeed and are blocking,
including tests which could not be run:
test-amd64-amd64-qemuu-nested-intel 16 debian-hvm-install/l1/l2 fail REGR. vs. 106652
Regressions which are regarded as allowable (not blocking):
test-armhf-armhf-libvirt-raw 12 saverestore-support-check fail like 106642
test-amd64-i386-xl-qemuu-win7-amd64 16 guest-stop fail like 106652
test-amd64-amd64-xl-qemut-win7-amd64 16 guest-stop fail like 106652
test-amd64-i386-xl-qemut-win7-amd64 16 guest-stop fail like 106652
test-amd64-amd64-xl-qemuu-win7-amd64 16 guest-stop fail like 106652
test-armhf-armhf-libvirt 13 saverestore-support-check fail like 106652
test-armhf-armhf-libvirt-xsm 13 saverestore-support-check fail like 106652
test-amd64-amd64-xl-rtds 9 debian-install fail like 106652
Tests which did not succeed, but are not blocking:
test-arm64-arm64-libvirt-xsm 1 build-check(1) blocked n/a
test-arm64-arm64-xl 1 build-check(1) blocked n/a
build-arm64-libvirt 1 build-check(1) blocked n/a
test-arm64-arm64-libvirt-qcow2 1 build-check(1) blocked n/a
test-arm64-arm64-libvirt 1 build-check(1) blocked n/a
test-arm64-arm64-xl-credit2 1 build-check(1) blocked n/a
test-arm64-arm64-xl-rtds 1 build-check(1) blocked n/a
test-arm64-arm64-xl-multivcpu 1 build-check(1) blocked n/a
test-arm64-arm64-xl-xsm 1 build-check(1) blocked n/a
test-amd64-amd64-xl-pvh-amd 11 guest-start fail never pass
test-amd64-amd64-xl-pvh-intel 11 guest-start fail never pass
test-amd64-i386-libvirt-xsm 12 migrate-support-check fail never pass
test-amd64-i386-libvirt 12 migrate-support-check fail never pass
test-amd64-amd64-libvirt 12 migrate-support-check fail never pass
build-arm64-xsm 5 xen-build fail never pass
build-arm64 5 xen-build fail never pass
test-amd64-amd64-libvirt-qemuu-debianhvm-amd64-xsm 10 migrate-support-check fail never pass
test-amd64-i386-libvirt-qemuu-debianhvm-amd64-xsm 10 migrate-support-check fail never pass
build-arm64-pvops 5 kernel-build fail never pass
test-amd64-amd64-qemuu-nested-amd 16 debian-hvm-install/l1/l2 fail never pass
test-amd64-amd64-libvirt-vhd 11 migrate-support-check fail never pass
test-armhf-armhf-xl-cubietruck 12 migrate-support-check fail never pass
test-armhf-armhf-xl-cubietruck 13 saverestore-support-check fail never pass
test-armhf-armhf-xl 12 migrate-support-check fail never pass
test-armhf-armhf-xl 13 saverestore-support-check fail never pass
test-armhf-armhf-xl-credit2 12 migrate-support-check fail never pass
test-armhf-armhf-xl-credit2 13 saverestore-support-check fail never pass
test-armhf-armhf-xl-multivcpu 12 migrate-support-check fail never pass
test-armhf-armhf-xl-multivcpu 13 saverestore-support-check fail never pass
test-amd64-amd64-libvirt-xsm 12 migrate-support-check fail never pass
test-armhf-armhf-xl-vhd 11 migrate-support-check fail never pass
test-armhf-armhf-xl-vhd 12 saverestore-support-check fail never pass
test-armhf-armhf-xl-arndale 12 migrate-support-check fail never pass
test-armhf-armhf-xl-arndale 13 saverestore-support-check fail never pass
test-armhf-armhf-xl-xsm 12 migrate-support-check fail never pass
test-armhf-armhf-xl-xsm 13 saverestore-support-check fail never pass
test-armhf-armhf-libvirt 12 migrate-support-check fail never pass
test-armhf-armhf-libvirt-xsm 12 migrate-support-check fail never pass
test-armhf-armhf-xl-rtds 12 migrate-support-check fail never pass
test-armhf-armhf-xl-rtds 13 saverestore-support-check fail never pass
test-armhf-armhf-libvirt-raw 11 migrate-support-check fail never pass
version targeted for testing:
xen 48321fa86ddefe2fddf728dc972b01bb7c7c8559
baseline version:
xen bd8ad2a52aba4911ada897c72f8795172a09a193
Last test of basis 106652 2017-03-14 08:24:37 Z 1 days
Testing same since 106671 2017-03-14 20:44:11 Z 0 days 1 attempts
------------------------------------------------------------
People who touched revisions under test:
Jan Beulich <jbeulich@suse.com>
Kevin Tian <kevin.tian@intel.com>
Sergey Dyasli <sergey.dyasli@citrix.com>
Wei Liu <wei.liu2@citrix.com>
Zhang Chen <zhangchen.fnst@cn.fujitsu.com>
jobs:
build-amd64-xsm pass
build-arm64-xsm fail
build-armhf-xsm pass
build-i386-xsm pass
build-amd64-xtf pass
build-amd64 pass
build-arm64 fail
build-armhf pass
build-i386 pass
build-amd64-libvirt pass
build-arm64-libvirt blocked
build-armhf-libvirt pass
build-i386-libvirt pass
build-amd64-oldkern pass
build-i386-oldkern pass
build-amd64-prev pass
build-i386-prev pass
build-amd64-pvops pass
build-arm64-pvops fail
build-armhf-pvops pass
build-i386-pvops pass
build-amd64-rumprun pass
build-i386-rumprun pass
test-xtf-amd64-amd64-1 pass
test-xtf-amd64-amd64-2 pass
test-xtf-amd64-amd64-3 pass
test-xtf-amd64-amd64-4 pass
test-xtf-amd64-amd64-5 pass
test-amd64-amd64-xl pass
test-arm64-arm64-xl blocked
test-armhf-armhf-xl pass
test-amd64-i386-xl pass
test-amd64-amd64-xl-qemut-debianhvm-amd64-xsm pass
test-amd64-i386-xl-qemut-debianhvm-amd64-xsm pass
test-amd64-amd64-libvirt-qemuu-debianhvm-amd64-xsm pass
test-amd64-i386-libvirt-qemuu-debianhvm-amd64-xsm pass
test-amd64-amd64-xl-qemuu-debianhvm-amd64-xsm pass
test-amd64-i386-xl-qemuu-debianhvm-amd64-xsm pass
test-amd64-amd64-xl-qemut-stubdom-debianhvm-amd64-xsm pass
test-amd64-i386-xl-qemut-stubdom-debianhvm-amd64-xsm pass
test-amd64-amd64-libvirt-xsm pass
test-arm64-arm64-libvirt-xsm blocked
test-armhf-armhf-libvirt-xsm pass
test-amd64-i386-libvirt-xsm pass
test-amd64-amd64-xl-xsm pass
test-arm64-arm64-xl-xsm blocked
test-armhf-armhf-xl-xsm pass
test-amd64-i386-xl-xsm pass
test-amd64-amd64-qemuu-nested-amd fail
test-amd64-amd64-xl-pvh-amd fail
test-amd64-i386-qemut-rhel6hvm-amd pass
test-amd64-i386-qemuu-rhel6hvm-amd pass
test-amd64-amd64-xl-qemut-debianhvm-amd64 pass
test-amd64-i386-xl-qemut-debianhvm-amd64 pass
test-amd64-amd64-xl-qemuu-debianhvm-amd64 pass
test-amd64-i386-xl-qemuu-debianhvm-amd64 pass
test-amd64-i386-freebsd10-amd64 pass
test-amd64-amd64-xl-qemuu-ovmf-amd64 pass
test-amd64-i386-xl-qemuu-ovmf-amd64 pass
test-amd64-amd64-rumprun-amd64 pass
test-amd64-amd64-xl-qemut-win7-amd64 fail
test-amd64-i386-xl-qemut-win7-amd64 fail
test-amd64-amd64-xl-qemuu-win7-amd64 fail
test-amd64-i386-xl-qemuu-win7-amd64 fail
test-armhf-armhf-xl-arndale pass
test-amd64-amd64-xl-credit2 pass
test-arm64-arm64-xl-credit2 blocked
test-armhf-armhf-xl-credit2 pass
test-armhf-armhf-xl-cubietruck pass
test-amd64-i386-freebsd10-i386 pass
test-amd64-i386-rumprun-i386 pass
test-amd64-amd64-qemuu-nested-intel fail
test-amd64-amd64-xl-pvh-intel fail
test-amd64-i386-qemut-rhel6hvm-intel pass
test-amd64-i386-qemuu-rhel6hvm-intel pass
test-amd64-amd64-libvirt pass
test-arm64-arm64-libvirt blocked
test-armhf-armhf-libvirt pass
test-amd64-i386-libvirt pass
test-amd64-amd64-migrupgrade pass
test-amd64-i386-migrupgrade pass
test-amd64-amd64-xl-multivcpu pass
test-arm64-arm64-xl-multivcpu blocked
test-armhf-armhf-xl-multivcpu pass
test-amd64-amd64-pair pass
test-amd64-i386-pair pass
test-amd64-amd64-libvirt-pair pass
test-amd64-i386-libvirt-pair pass
test-amd64-amd64-amd64-pvgrub pass
test-amd64-amd64-i386-pvgrub pass
test-amd64-amd64-pygrub pass
test-arm64-arm64-libvirt-qcow2 blocked
test-amd64-amd64-xl-qcow2 pass
test-armhf-armhf-libvirt-raw pass
test-amd64-i386-xl-raw pass
test-amd64-amd64-xl-rtds fail
test-arm64-arm64-xl-rtds blocked
test-armhf-armhf-xl-rtds pass
test-amd64-i386-xl-qemut-winxpsp3-vcpus1 pass
test-amd64-i386-xl-qemuu-winxpsp3-vcpus1 pass
test-amd64-amd64-libvirt-vhd pass
test-armhf-armhf-xl-vhd pass
test-amd64-amd64-xl-qemut-winxpsp3 pass
test-amd64-i386-xl-qemut-winxpsp3 pass
test-amd64-amd64-xl-qemuu-winxpsp3 pass
test-amd64-i386-xl-qemuu-winxpsp3 pass
------------------------------------------------------------
sg-report-flight on osstest.test-lab.xenproject.org
logs: /home/logs/logs
images: /home/logs/images
Logs, config files, etc. are available at
http://logs.test-lab.xenproject.org/osstest/logs
Explanation of these reports, and of osstest in general, is at
http://xenbits.xen.org/gitweb/?p=osstest.git;a=blob;f=README.email;hb=master
http://xenbits.xen.org/gitweb/?p=osstest.git;a=blob;f=README;hb=master
Test harness code can be found at
http://xenbits.xen.org/gitweb?p=osstest.git;a=summary
Not pushing.
------------------------------------------------------------
commit 48321fa86ddefe2fddf728dc972b01bb7c7c8559
Author: Wei Liu <wei.liu2@citrix.com>
Date: Mon Mar 13 10:38:43 2017 +0000
tools/Rules.mk: libxlutil should use $(XEN_XLUTIL)
A typo was made in 7a6de259f.
Currently libxlutil lives in the same directory as libxl, fixing this
issue causes no functional change.
Signed-off-by: Wei Liu <wei.liu2@citrix.com>
commit d5613a7b84415237db40ceae142ba5e92c3f8caa
Author: Zhang Chen <zhangchen.fnst@cn.fujitsu.com>
Date: Mon Mar 6 10:59:26 2017 +0800
COLO-proxy: Add colo_userspace_proxy macro
Signed-off-by: Zhang Chen <zhangchen.fnst@cn.fujitsu.com>
Acked-by: Wei Liu <wei.liu2@citrix.com>
commit 03a5db86f769c1864824e9c2e549e0d6d68290ff
Author: Zhang Chen <zhangchen.fnst@cn.fujitsu.com>
Date: Mon Mar 6 10:59:25 2017 +0800
COLO-Proxy: Use socket to get checkpoint event.
We use kernel colo proxy's way to get the checkpoint event
from qemu colo-compare.
Qemu colo-compare need add a API to support this(I will add this in qemu).
Qemu side patch:
https://lists.nongnu.org/archive/html/qemu-devel/2017-02/msg07265.html
Signed-off-by: Zhang Chen <zhangchen.fnst@cn.fujitsu.com>
Acked-by: Wei Liu <wei.liu2@citrix.com>
commit 72638bd7c9dd73ae58d72e1295cabe81206f160d
Author: Zhang Chen <zhangchen.fnst@cn.fujitsu.com>
Date: Mon Mar 6 10:59:24 2017 +0800
COLO-Proxy: Add colo-compare notify args
Xen colo-frame can use the notify way communicate with
qemu colo-compare.
Signed-off-by: Zhang Chen <zhangchen.fnst@cn.fujitsu.com>
Acked-by: Wei Liu <wei.liu2@citrix.com>
commit 0d7f830bd7328b817d756ca0a0fa3ab3f8e6109f
Author: Zhang Chen <zhangchen.fnst@cn.fujitsu.com>
Date: Mon Mar 6 10:59:23 2017 +0800
COLO-Proxy: Add secondary userspace colo-proxy start args
Qemu need this args to start userspace colo-proxy.
Signed-off-by: Zhang Chen <zhangchen.fnst@cn.fujitsu.com>
Acked-by: Wei Liu <wei.liu2@citrix.com>
commit 4e7aaad24884ea580ab994a6508b7245b1b672a0
Author: Zhang Chen <zhangchen.fnst@cn.fujitsu.com>
Date: Mon Mar 6 10:59:22 2017 +0800
COLO-Proxy: Add primary userspace colo proxy start args
Qemu need this args to start userspace colo-proxy.
Signed-off-by: Zhang Chen <zhangchen.fnst@cn.fujitsu.com>
Acked-by: Wei Liu <wei.liu2@citrix.com>
commit 97171477b99dd9201e1dc3bd82807c8e1138507e
Author: Zhang Chen <zhangchen.fnst@cn.fujitsu.com>
Date: Mon Mar 6 10:59:21 2017 +0800
COLO-Proxy: Setup userspace colo-proxy on secondary side
In this patch we add a function to close COLO kernel Proxy on secondary side.
Signed-off-by: Zhang Chen <zhangchen.fnst@cn.fujitsu.com>
Acked-by: Wei Liu <wei.liu2@citrix.com>
commit 410cc81cfc773d0506cb1a263d04ae1841a2dcdc
Author: Zhang Chen <zhangchen.fnst@cn.fujitsu.com>
Date: Mon Mar 6 10:59:20 2017 +0800
COLO-Proxy: Setup userspace colo-proxy on primary side
In this patch we close kernel COLO-Proxy on primary side.
Signed-off-by: Zhang Chen <zhangchen.fnst@cn.fujitsu.com>
Acked-by: Wei Liu <wei.liu2@citrix.com>
commit f55686226be266f18b93b4aa1fe3ad3fb8e6fd98
Author: Zhang Chen <zhangchen.fnst@cn.fujitsu.com>
Date: Mon Mar 6 10:59:19 2017 +0800
COLO-Proxy: Add remus command to open userspace proxy
Add remus '-p' to enable userspace colo proxy(in qemu).
Signed-off-by: Zhang Chen <zhangchen.fnst@cn.fujitsu.com>
Acked-by: Wei Liu <wei.liu2@citrix.com>
commit ffb8499504e3a3d065bd44fdc1e15d0e6b74ce9f
Author: Jan Beulich <jbeulich@suse.com>
Date: Tue Mar 14 12:26:26 2017 +0100
x86emul: fold exit paths
Move "cannot_emulate" and make it go through the common (error) exit
path.
Signed-off-by: Jan Beulich <jbeulich@suse.com>
Reviewed-by: Andrew Cooper <andrew.cooper3@citrix.com>
commit b22ee98c4ecc4e7c827451dee01181529df4d26c
Author: Sergey Dyasli <sergey.dyasli@citrix.com>
Date: Tue Mar 14 12:25:47 2017 +0100
x86/vvmx: add a shadow vmcs check to vmlaunch
Intel SDM states that if the current VMCS is a shadow VMCS,
VMFailInvalid occurs and control passes to the next instruction.
Implement such behaviour for nested vmlaunch.
Signed-off-by: Sergey Dyasli <sergey.dyasli@citrix.com>
Acked-by: Kevin Tian <kevin.tian@intel.com>
commit dc05c0ceeb8609b6d60f6a117a0192e9160946b8
Author: Sergey Dyasli <sergey.dyasli@citrix.com>
Date: Tue Mar 14 12:25:14 2017 +0100
x86/vvmx: correct nested shadow VMCS handling
Currently xen always sets the shadow VMCS-indicator bit on nested
vmptrld and always clears it on nested vmclear. This behavior is
wrong when the guest loads a shadow VMCS: shadow bit will be lost
on nested vmclear.
Fix this by checking if the guest has provided a shadow VMCS.
Signed-off-by: Sergey Dyasli <sergey.dyasli@citrix.com>
Acked-by: Kevin Tian <kevin.tian@intel.com>
commit 7ecd11c90a133ab8000ebf7f5309f6aa95f1f7db
Author: Sergey Dyasli <sergey.dyasli@citrix.com>
Date: Tue Mar 14 12:24:38 2017 +0100
x86/vvmx: add mov-ss blocking check to vmentry
Intel SDM states that if there is a current VMCS and there is MOV-SS
blocking, VMFailValid occurs and control passes to the next instruction.
Implement such behaviour for nested vmlaunch and vmresume.
Signed-off-by: Sergey Dyasli <sergey.dyasli@citrix.com>
Reviewed-by: Andrew Cooper <andrew.cooper3@citrix.com>
Acked-by: Kevin Tian <kevin.tian@intel.com>
(qemu changes not included)
_______________________________________________
Xen-devel mailing list
Xen-devel@lists.xen.org
https://lists.xen.org/xen-devel
^ permalink raw reply [flat|nested] only message in thread
only message in thread, other threads:[~2017-03-15 17:35 UTC | newest]
Thread overview: (only message) (download: mbox.gz follow: Atom feed
-- links below jump to the message on this page --
2017-03-15 17:35 [xen-unstable test] 106671: regressions - FAIL osstest service owner
This is a public inbox, see mirroring instructions
for how to clone and mirror all data and code used for this inbox;
as well as URLs for NNTP newsgroup(s).