* [xen-unstable-smoke test] 106672: regressions - trouble: blocked/broken/fail/pass
@ 2017-03-14 23:51 osstest service owner
0 siblings, 0 replies; only message in thread
From: osstest service owner @ 2017-03-14 23:51 UTC (permalink / raw)
To: xen-devel, osstest-admin
[-- Attachment #1: Type: text/plain, Size: 2774 bytes --]
flight 106672 xen-unstable-smoke real [real]
http://logs.test-lab.xenproject.org/osstest/logs/106672/
Regressions :-(
Tests which did not succeed and are blocking,
including tests which could not be run:
build-armhf 5 xen-build fail REGR. vs. 106664
Tests which did not succeed, but are not blocking:
test-armhf-armhf-xl 1 build-check(1) blocked n/a
test-arm64-arm64-xl-xsm 1 build-check(1) blocked n/a
build-arm64 5 xen-build fail never pass
build-arm64-pvops 5 kernel-build fail never pass
test-amd64-amd64-libvirt 12 migrate-support-check fail never pass
version targeted for testing:
xen f812de1b8b3622b2788617b43830686404125d40
baseline version:
xen 48321fa86ddefe2fddf728dc972b01bb7c7c8559
Last test of basis 106664 2017-03-14 14:01:45 Z 0 days
Failing since 106666 2017-03-14 16:01:04 Z 0 days 4 attempts
Testing same since 106667 2017-03-14 18:01:56 Z 0 days 3 attempts
------------------------------------------------------------
People who touched revisions under test:
Andrew Cooper <andrew.cooper3@citrix.com>
Daniel De Graaf <dgdegra@tycho.nsa.gov>
Jan Beulich <jbeulich@suse.com>
Juergen Gross <jgross@suse.com>
Razvan Cojocaru <rcojocaru@bitdefender.com>
Roger Pau Monné <roger.pau@citrix.com>
Wei Liu <wei.liu2@citrix.com>
jobs:
build-amd64 pass
build-arm64 fail
build-armhf fail
build-amd64-libvirt pass
build-arm64-pvops fail
test-armhf-armhf-xl blocked
test-arm64-arm64-xl-xsm broken
test-amd64-amd64-xl-qemuu-debianhvm-i386 pass
test-amd64-amd64-libvirt pass
------------------------------------------------------------
sg-report-flight on osstest.test-lab.xenproject.org
logs: /home/logs/logs
images: /home/logs/images
Logs, config files, etc. are available at
http://logs.test-lab.xenproject.org/osstest/logs
Explanation of these reports, and of osstest in general, is at
http://xenbits.xen.org/gitweb/?p=osstest.git;a=blob;f=README.email;hb=master
http://xenbits.xen.org/gitweb/?p=osstest.git;a=blob;f=README;hb=master
Test harness code can be found at
http://xenbits.xen.org/gitweb?p=osstest.git;a=summary
Not pushing.
(No revision log; it would be 334 lines long.)
[-- Attachment #2: Type: text/plain, Size: 127 bytes --]
_______________________________________________
Xen-devel mailing list
Xen-devel@lists.xen.org
https://lists.xen.org/xen-devel
^ permalink raw reply [flat|nested] only message in thread
only message in thread, other threads:[~2017-03-14 23:51 UTC | newest]
Thread overview: (only message) (download: mbox.gz follow: Atom feed
-- links below jump to the message on this page --
2017-03-14 23:51 [xen-unstable-smoke test] 106672: regressions - trouble: blocked/broken/fail/pass osstest service owner
This is a public inbox, see mirroring instructions
for how to clone and mirror all data and code used for this inbox;
as well as URLs for NNTP newsgroup(s).