From mboxrd@z Thu Jan 1 00:00:00 1970 From: osstest service owner Subject: [xen-unstable-smoke test] 106675: regressions - trouble: blocked/broken/fail/pass Date: Wed, 15 Mar 2017 03:24:32 +0000 Message-ID: Mime-Version: 1.0 Content-Type: multipart/mixed; boundary="===============2135234406131449629==" Return-path: List-Unsubscribe: , List-Post: List-Help: List-Subscribe: , Errors-To: xen-devel-bounces@lists.xen.org Sender: "Xen-devel" To: xen-devel@lists.xensource.com, osstest-admin@xenproject.org List-Id: xen-devel@lists.xenproject.org --===============2135234406131449629== Content-Type: text/plain flight 106675 xen-unstable-smoke real [real] http://logs.test-lab.xenproject.org/osstest/logs/106675/ Regressions :-( Tests which did not succeed and are blocking, including tests which could not be run: build-armhf 5 xen-build fail REGR. vs. 106664 Tests which did not succeed, but are not blocking: test-armhf-armhf-xl 1 build-check(1) blocked n/a test-arm64-arm64-xl-xsm 1 build-check(1) blocked n/a build-arm64 5 xen-build fail never pass build-arm64-pvops 5 kernel-build fail never pass test-amd64-amd64-libvirt 12 migrate-support-check fail never pass version targeted for testing: xen 607ad85d85f4856fa9feba44db4e16f033862eb0 baseline version: xen 48321fa86ddefe2fddf728dc972b01bb7c7c8559 Last test of basis 106664 2017-03-14 14:01:45 Z 0 days Failing since 106666 2017-03-14 16:01:04 Z 0 days 6 attempts Testing same since 106673 2017-03-15 00:01:56 Z 0 days 2 attempts ------------------------------------------------------------ People who touched revisions under test: Andrew Cooper Daniel De Graaf Jan Beulich Juergen Gross Julien Grall Razvan Cojocaru Roger Pau Monné Wei Liu jobs: build-amd64 pass build-arm64 fail build-armhf fail build-amd64-libvirt pass build-arm64-pvops fail test-armhf-armhf-xl blocked test-arm64-arm64-xl-xsm broken test-amd64-amd64-xl-qemuu-debianhvm-i386 pass test-amd64-amd64-libvirt pass ------------------------------------------------------------ sg-report-flight on osstest.test-lab.xenproject.org logs: /home/logs/logs images: /home/logs/images Logs, config files, etc. are available at http://logs.test-lab.xenproject.org/osstest/logs Explanation of these reports, and of osstest in general, is at http://xenbits.xen.org/gitweb/?p=osstest.git;a=blob;f=README.email;hb=master http://xenbits.xen.org/gitweb/?p=osstest.git;a=blob;f=README;hb=master Test harness code can be found at http://xenbits.xen.org/gitweb?p=osstest.git;a=summary Not pushing. (No revision log; it would be 363 lines long.) --===============2135234406131449629== Content-Type: text/plain; charset="utf-8" MIME-Version: 1.0 Content-Transfer-Encoding: base64 Content-Disposition: inline X19fX19fX19fX19fX19fX19fX19fX19fX19fX19fX19fX19fX19fX19fX19fX18KWGVuLWRldmVs IG1haWxpbmcgbGlzdApYZW4tZGV2ZWxAbGlzdHMueGVuLm9yZwpodHRwczovL2xpc3RzLnhlbi5v cmcveGVuLWRldmVsCg== --===============2135234406131449629==--