xen-devel.lists.xenproject.org archive mirror
 help / color / mirror / Atom feed
From: osstest service owner <osstest-admin@xenproject.org>
To: xen-devel@lists.xensource.com, osstest-admin@xenproject.org
Subject: [ovmf test] 106716: regressions - FAIL
Date: Fri, 17 Mar 2017 00:13:00 +0000	[thread overview]
Message-ID: <osstest-106716-mainreport@xen.org> (raw)

[-- Attachment #1: Type: text/plain, Size: 3458 bytes --]

flight 106716 ovmf real [real]
http://logs.test-lab.xenproject.org/osstest/logs/106716/

Regressions :-(

Tests which did not succeed and are blocking,
including tests which could not be run:
 test-amd64-amd64-xl-qemuu-ovmf-amd64 9 debian-hvm-install fail REGR. vs. 105963
 test-amd64-i386-xl-qemuu-ovmf-amd64 9 debian-hvm-install fail REGR. vs. 105963

version targeted for testing:
 ovmf                 056563f1bbda839bab2ba32bd9bef962b862a9bd
baseline version:
 ovmf                 e0307a7dad02aa8c0cd8b3b0b9edce8ddb3fef2e

Last test of basis   105963  2017-02-21 21:43:31 Z   23 days
Failing since        105980  2017-02-22 10:03:53 Z   22 days   60 attempts
Testing same since   106716  2017-03-16 12:15:07 Z    0 days    1 attempts

------------------------------------------------------------
People who touched revisions under test:
  Anthony PERARD <anthony.perard@citrix.com>
  Ard Biesheuvel <ard.biesheuvel@linaro.org>
  Bi, Dandan <dandan.bi@intel.com>
  Brijesh Singh <brijesh.singh@amd.com>
  Chao Zhang <chao.b.zhang@intel.com>
  Chen A Chen <chen.a.chen@intel.com>
  Dandan Bi <dandan.bi@intel.com>
  edk2-devel On Behalf Of rthomaiy <[mailto:edk2-devel-bounces@lists.01.org]>
  Feng Tian <feng.tian@intel.com>
  Fu Siyuan <siyuan.fu@intel.com>
  Hao Wu <hao.a.wu@intel.com>
  Hegde Nagaraj P <nagaraj-p.hegde@hpe.com>
  Hess Chen <hesheng.chen@intel.com>
  Jeff Fan <jeff.fan@intel.com>
  Jiaxin Wu <jiaxin.wu@intel.com>
  Jiewen Yao <jiewen.yao@intel.com>
  Laszlo Ersek <lersek@redhat.com>
  Leo Duran <leo.duran@amd.com>
  Marvin Haeuser <Marvin.Haeuser@outlook.com>
  Marvin Häuser <Marvin.Haeuser@outlook.com>
  Michael Zimmermann <sigmaepsilon92@gmail.com>
  Paolo Bonzini <pbonzini@redhat.com>
  Qin Long <qin.long@intel.com>
  Richard Thomaiyar <richard.marian.thomaiyar@intel.com>
  Ruiyu Ni <ruiyu.ni@intel.com>
  Ryan Harkin <ryan.harkin@linaro.org>
  Star Zeng <star.zeng@intel.com>
  Wu Jiaxin <jiaxin.wu@intel.com>
  Yonghong Zhu <yonghong.zhu@intel.com>
  Zhang Lubo <lubo.zhang@intel.com>
  Zhang, Chao B <chao.b.zhang@intel.com>
  Zhang, Lubo <lubo.zhang@intel.com>

jobs:
 build-amd64-xsm                                              pass    
 build-i386-xsm                                               pass    
 build-amd64                                                  pass    
 build-i386                                                   pass    
 build-amd64-libvirt                                          pass    
 build-i386-libvirt                                           pass    
 build-amd64-pvops                                            pass    
 build-i386-pvops                                             pass    
 test-amd64-amd64-xl-qemuu-ovmf-amd64                         fail    
 test-amd64-i386-xl-qemuu-ovmf-amd64                          fail    


------------------------------------------------------------
sg-report-flight on osstest.test-lab.xenproject.org
logs: /home/logs/logs
images: /home/logs/images

Logs, config files, etc. are available at
    http://logs.test-lab.xenproject.org/osstest/logs

Explanation of these reports, and of osstest in general, is at
    http://xenbits.xen.org/gitweb/?p=osstest.git;a=blob;f=README.email;hb=master
    http://xenbits.xen.org/gitweb/?p=osstest.git;a=blob;f=README;hb=master

Test harness code can be found at
    http://xenbits.xen.org/gitweb?p=osstest.git;a=summary


Not pushing.

(No revision log; it would be 4524 lines long.)


[-- Attachment #2: Type: text/plain, Size: 127 bytes --]

_______________________________________________
Xen-devel mailing list
Xen-devel@lists.xen.org
https://lists.xen.org/xen-devel

                 reply	other threads:[~2017-03-17  0:13 UTC|newest]

Thread overview: [no followups] expand[flat|nested]  mbox.gz  Atom feed

Reply instructions:

You may reply publicly to this message via plain-text email
using any one of the following methods:

* Save the following mbox file, import it into your mail client,
  and reply-to-all from there: mbox

  Avoid top-posting and favor interleaved quoting:
  https://en.wikipedia.org/wiki/Posting_style#Interleaved_style

* Reply using the --to, --cc, and --in-reply-to
  switches of git-send-email(1):

  git send-email \
    --in-reply-to=osstest-106716-mainreport@xen.org \
    --to=osstest-admin@xenproject.org \
    --cc=xen-devel@lists.xensource.com \
    /path/to/YOUR_REPLY

  https://kernel.org/pub/software/scm/git/docs/git-send-email.html

* If your mail client supports setting the In-Reply-To header
  via mailto: links, try the mailto: link
Be sure your reply has a Subject: header at the top and a blank line before the message body.
This is a public inbox, see mirroring instructions
for how to clone and mirror all data and code used for this inbox;
as well as URLs for NNTP newsgroup(s).