From mboxrd@z Thu Jan 1 00:00:00 1970 From: osstest service owner Subject: [ovmf test] 106716: regressions - FAIL Date: Fri, 17 Mar 2017 00:13:00 +0000 Message-ID: Mime-Version: 1.0 Content-Type: multipart/mixed; boundary="===============1823088620046427864==" Return-path: List-Unsubscribe: , List-Post: List-Help: List-Subscribe: , Errors-To: xen-devel-bounces@lists.xen.org Sender: "Xen-devel" To: xen-devel@lists.xensource.com, osstest-admin@xenproject.org List-Id: xen-devel@lists.xenproject.org --===============1823088620046427864== Content-Type: text/plain flight 106716 ovmf real [real] http://logs.test-lab.xenproject.org/osstest/logs/106716/ Regressions :-( Tests which did not succeed and are blocking, including tests which could not be run: test-amd64-amd64-xl-qemuu-ovmf-amd64 9 debian-hvm-install fail REGR. vs. 105963 test-amd64-i386-xl-qemuu-ovmf-amd64 9 debian-hvm-install fail REGR. vs. 105963 version targeted for testing: ovmf 056563f1bbda839bab2ba32bd9bef962b862a9bd baseline version: ovmf e0307a7dad02aa8c0cd8b3b0b9edce8ddb3fef2e Last test of basis 105963 2017-02-21 21:43:31 Z 23 days Failing since 105980 2017-02-22 10:03:53 Z 22 days 60 attempts Testing same since 106716 2017-03-16 12:15:07 Z 0 days 1 attempts ------------------------------------------------------------ People who touched revisions under test: Anthony PERARD Ard Biesheuvel Bi, Dandan Brijesh Singh Chao Zhang Chen A Chen Dandan Bi edk2-devel On Behalf Of rthomaiy <[mailto:edk2-devel-bounces@lists.01.org]> Feng Tian Fu Siyuan Hao Wu Hegde Nagaraj P Hess Chen Jeff Fan Jiaxin Wu Jiewen Yao Laszlo Ersek Leo Duran Marvin Haeuser Marvin Häuser Michael Zimmermann Paolo Bonzini Qin Long Richard Thomaiyar Ruiyu Ni Ryan Harkin Star Zeng Wu Jiaxin Yonghong Zhu Zhang Lubo Zhang, Chao B Zhang, Lubo jobs: build-amd64-xsm pass build-i386-xsm pass build-amd64 pass build-i386 pass build-amd64-libvirt pass build-i386-libvirt pass build-amd64-pvops pass build-i386-pvops pass test-amd64-amd64-xl-qemuu-ovmf-amd64 fail test-amd64-i386-xl-qemuu-ovmf-amd64 fail ------------------------------------------------------------ sg-report-flight on osstest.test-lab.xenproject.org logs: /home/logs/logs images: /home/logs/images Logs, config files, etc. are available at http://logs.test-lab.xenproject.org/osstest/logs Explanation of these reports, and of osstest in general, is at http://xenbits.xen.org/gitweb/?p=osstest.git;a=blob;f=README.email;hb=master http://xenbits.xen.org/gitweb/?p=osstest.git;a=blob;f=README;hb=master Test harness code can be found at http://xenbits.xen.org/gitweb?p=osstest.git;a=summary Not pushing. (No revision log; it would be 4524 lines long.) --===============1823088620046427864== Content-Type: text/plain; charset="utf-8" MIME-Version: 1.0 Content-Transfer-Encoding: base64 Content-Disposition: inline X19fX19fX19fX19fX19fX19fX19fX19fX19fX19fX19fX19fX19fX19fX19fX18KWGVuLWRldmVs IG1haWxpbmcgbGlzdApYZW4tZGV2ZWxAbGlzdHMueGVuLm9yZwpodHRwczovL2xpc3RzLnhlbi5v cmcveGVuLWRldmVsCg== --===============1823088620046427864==--