xen-devel.lists.xenproject.org archive mirror
 help / color / mirror / Atom feed
* [linux-4.1 test] 106776: tolerable trouble: blocked/broken/fail/pass - PUSHED
@ 2017-03-20  0:31 osstest service owner
  0 siblings, 0 replies; only message in thread
From: osstest service owner @ 2017-03-20  0:31 UTC (permalink / raw)
  To: xen-devel, osstest-admin

[-- Attachment #1: Type: text/plain, Size: 24665 bytes --]

flight 106776 linux-4.1 real [real]
http://logs.test-lab.xenproject.org/osstest/logs/106776/

Failures :-/ but no regressions.

Tests which are failing intermittently (not blocking):
 test-amd64-i386-xl-qemuu-debianhvm-amd64-xsm 3 host-install(3) broken in 106768 pass in 106776
 test-amd64-amd64-xl-qemuu-winxpsp3 3 host-install(3) broken in 106768 pass in 106776
 test-amd64-i386-xl-qemut-stubdom-debianhvm-amd64-xsm 3 host-install(3) broken in 106768 pass in 106776
 test-amd64-amd64-libvirt-vhd 3 host-install(3) broken in 106768 pass in 106776
 test-amd64-amd64-libvirt-pair 3 host-install/src_host(3) broken pass in 106764
 test-amd64-amd64-xl-pvh-amd   3 host-install(3)          broken pass in 106764
 test-amd64-amd64-xl-multivcpu  3 host-install(3)         broken pass in 106768
 test-amd64-i386-freebsd10-i386  3 host-install(3)        broken pass in 106768
 test-amd64-i386-xl-qemut-winxpsp3-vcpus1 3 host-install(3) broken pass in 106768
 test-amd64-amd64-xl-qemut-debianhvm-amd64-xsm 3 host-install(3) broken pass in 106768
 test-amd64-i386-qemuu-rhel6hvm-amd  3 host-install(3)    broken pass in 106768
 test-amd64-i386-qemut-rhel6hvm-amd  3 host-install(3)    broken pass in 106768
 test-amd64-amd64-xl-qemuu-debianhvm-amd64-xsm 3 host-install(3) broken pass in 106768
 test-amd64-amd64-xl-pvh-intel 11 guest-start     fail in 106768 pass in 106776
 test-armhf-armhf-xl-multivcpu  6 xen-boot                  fail pass in 106768

Regressions which are regarded as allowable (not blocking):
 test-armhf-armhf-xl-rtds     16 guest-start.2           fail blocked in 104301
 test-armhf-armhf-libvirt-xsm 13 saverestore-support-check    fail  like 104301
 test-armhf-armhf-libvirt     13 saverestore-support-check    fail  like 104301
 test-amd64-amd64-xl-qemuu-win7-amd64 16 guest-stop            fail like 104301
 test-amd64-amd64-xl-qemut-win7-amd64 16 guest-stop            fail like 104301
 test-amd64-i386-xl-qemuu-win7-amd64 16 guest-stop             fail like 104301
 test-amd64-i386-xl-qemut-win7-amd64 16 guest-stop             fail like 104301

Tests which did not succeed, but are not blocking:
 test-arm64-arm64-libvirt-xsm  1 build-check(1)               blocked  n/a
 test-arm64-arm64-xl           1 build-check(1)               blocked  n/a
 build-arm64-libvirt           1 build-check(1)               blocked  n/a
 test-arm64-arm64-libvirt-qcow2  1 build-check(1)               blocked  n/a
 test-arm64-arm64-libvirt      1 build-check(1)               blocked  n/a
 test-arm64-arm64-xl-credit2   1 build-check(1)               blocked  n/a
 test-arm64-arm64-xl-rtds      1 build-check(1)               blocked  n/a
 test-arm64-arm64-xl-multivcpu  1 build-check(1)               blocked  n/a
 test-arm64-arm64-xl-xsm       1 build-check(1)               blocked  n/a
 test-amd64-amd64-xl-pvh-amd  11 guest-start          fail in 106764 never pass
 test-armhf-armhf-xl-multivcpu 12 migrate-support-check fail in 106768 never pass
 test-armhf-armhf-xl-multivcpu 13 saverestore-support-check fail in 106768 never pass
 test-amd64-amd64-libvirt-xsm 12 migrate-support-check        fail   never pass
 test-amd64-i386-libvirt      12 migrate-support-check        fail   never pass
 test-amd64-i386-libvirt-xsm  12 migrate-support-check        fail   never pass
 test-amd64-amd64-libvirt     12 migrate-support-check        fail   never pass
 build-arm64                   5 xen-build                    fail   never pass
 build-arm64-xsm               5 xen-build                    fail   never pass
 test-amd64-i386-libvirt-qemuu-debianhvm-amd64-xsm 10 migrate-support-check fail never pass
 test-amd64-amd64-libvirt-qemuu-debianhvm-amd64-xsm 10 migrate-support-check fail never pass
 test-amd64-amd64-libvirt-vhd 11 migrate-support-check        fail   never pass
 test-amd64-amd64-qemuu-nested-amd 16 debian-hvm-install/l1/l2  fail never pass
 test-armhf-armhf-xl-xsm      12 migrate-support-check        fail   never pass
 test-armhf-armhf-xl-xsm      13 saverestore-support-check    fail   never pass
 test-armhf-armhf-xl-cubietruck 12 migrate-support-check        fail never pass
 test-armhf-armhf-xl-cubietruck 13 saverestore-support-check    fail never pass
 test-armhf-armhf-libvirt-xsm 12 migrate-support-check        fail   never pass
 test-armhf-armhf-libvirt     12 migrate-support-check        fail   never pass
 test-armhf-armhf-xl-credit2  12 migrate-support-check        fail   never pass
 test-armhf-armhf-xl-credit2  13 saverestore-support-check    fail   never pass
 test-armhf-armhf-xl          12 migrate-support-check        fail   never pass
 test-armhf-armhf-xl          13 saverestore-support-check    fail   never pass
 test-armhf-armhf-xl-rtds     12 migrate-support-check        fail   never pass
 test-armhf-armhf-xl-rtds     13 saverestore-support-check    fail   never pass
 test-armhf-armhf-libvirt-raw 11 migrate-support-check        fail   never pass
 test-armhf-armhf-libvirt-raw 12 saverestore-support-check    fail   never pass
 test-armhf-armhf-xl-vhd      11 migrate-support-check        fail   never pass
 test-armhf-armhf-xl-vhd      12 saverestore-support-check    fail   never pass
 test-armhf-armhf-xl-arndale  12 migrate-support-check        fail   never pass
 test-armhf-armhf-xl-arndale  13 saverestore-support-check    fail   never pass

version targeted for testing:
 linux                d9e0350d2575a20ee7783427da9bd6b6107eb983
baseline version:
 linux                f40b3cc69de8c97bbcdb74e3cffda06ffcad2cd7

Last test of basis   104301  2017-01-19 13:16:22 Z   59 days
Testing same since   106644  2017-03-13 22:17:49 Z    6 days   12 attempts

------------------------------------------------------------
People who touched revisions under test:
  "Eric W. Biederman" <ebiederm@xmission.com>
  Adrian Hunter <adrian.hunter@intel.com>
  Akinobu Mita <akinobu.mita@gmail.com>
  Al Viro <viro@ZenIV.linux.org.uk>
  Alan Stern <stern@rowland.harvard.edu>
  Aleksander Morgado <aleksander@aleksander.es>
  Alex Deucher <alexander.deucher@amd.com>
  Ander Conselvan de Oliveira <ander.conselvan.de.oliveira@intel.com>
  Andrew Morton <akpm@linux-foundation.org>
  Andrey Konovalov <andreyknvl@google.com>
  Andrey Ryabinin <aryabinin@virtuozzo.com>
  Anssi Hannula <anssi.hannula@bitwise.fi>
  Ard Biesheuvel <ard.biesheuvel@linaro.org>
  Arnd Bergmann <arnd@arndb.de>
  Arvind Yadav <arvind.yadav.cs@gmail.com>
  Augusto Mecking Caringi <augustocaringi@gmail.com>
  Baolin Wang <baolin.wang@linaro.org>
  Bart Van Assche <bart.vanassche@sandisk.com>
  Bartosz Golaszewski <bgolaszewski@baylibre.com>
  Ben Skeggs <bskeggs@redhat.com>
  Benoit Camredon <benoit.camredon@airbus.com>
  Bin Liu <b-liu@ti.com>
  Bjorn Helgaas <bhelgaas@google.com>
  Bjørn Mork <bjorn@mork.no>
  Blake Moore <blake.moore@men.de>
  Boris Brezillon <boris.brezillon@free-electrons.com>
  Boris Ostrovsky <boris.ostrovsky@oracle.com>
  Catalin Marinas <catalin.marinas@arm.com>
  Chris Metcalf <cmetcalf@mellanox.com>
  Chuck Lever <chuck.lever@oracle.com>
  Damien Le Moal <damien.lemoal@wdc.com>
  Daniel Vetter <daniel.vetter@ffwll.ch>
  Darren Stevens <darren@stevens-zone.net>
  Dave Carroll <david.carroll@microsemi.com>
  Dave Martin <Dave.Martin@arm.com>
  David Matlack <dmatlack@google.com>
  David Rientjes <rientjes@google.com>
  David S. Miller <davem@davemloft.net>
  David Sterba <dsterba@suse.com>
  Dennis Kadioglu <denk@post.com>
  Dmitry Torokhov <dmitry.torokhov@gmail.com>
  Douglas Miller <dougmill@linux.vnet.ibm.com>
  Edward O'Callaghan <funfunctor@folklore1984.net>
  Einar Jón <tolvupostur@gmail.com>
  Eric Dumazet <edumazet@google.com>
  Eric Ren <zren@suse.com>
  Eric W. Biederman <ebiederm@xmission.com>
  Fabien Parent <fparent@baylibre.com>
  Felipe Balbi <felipe.balbi@linux.intel.com>
  Gabriel Krisman Bertazi <krisman@collabora.co.uk>
  Gary Guo <ghg@datera.io>
  Gavin Shan <gwshan@linux.vnet.ibm.com>
  George Cherian <george.cherian@cavium.com>
  Greg Kroah-Hartman <gregkh@linuxfoundation.org>
  Guenter Roeck <groeck@chromium.org>
  Guenter Roeck <linux@roeck-us.net>
  Haozhong Zhang <haozhong.zhang@intel.com>
  Hauke Mehrtens <hauke@hauke-m.de>
  Helge Deller <deller@gmx.de>
  Herbert Xu <herbert@gondor.apana.org.au>
  Himanshu Madhani <himanshu.madhani@cavium.com>
  Ilia Mirkin <imirkin@alum.mit.edu>
  Ilya Dryomov <idryomov@gmail.com>
  Ingo Molnar <mingo@kernel.org>
  J. Bruce Fields <bfields@redhat.com>
  James Hogan <james.hogan@imgtec.com>
  Jani Nikula <jani.nikula@intel.com>
  Jeff Layton <jlayton@redhat.com>
  Jeff Mahoney <jeffm@suse.com>
  Jiri Kosina <jkosina@suse.cz>
  Johan Hovold <johan@kernel.org>
  Johannes Berg <johannes.berg@intel.com>
  Kan Liang <kan.liang@intel.com>
  Kees Cook <keescook@chromium.org>
  Kevin Hilman <khilman@baylibre.com>
  Kinglong Mee <kinglongmee@gmail.com>
  Kirill A. Shutemov <kirill.shutemov@linux.intel.com>
  Krzysztof Opasiak <k.opasiak@samsung.com>
  Linus Torvalds <torvalds@linux-foundation.org>
  Lu Baolu <baolu.lu@linux.intel.com>
  Lukáš Lalinský <lukas@oxygene.sk>
  Marc Kleine-Budde <mkl@pengutronix.de>
  Marcel J.E. Mol <marcel@mesa.nl>
  Mark Rutland <mark.rutland@arm.com>
  Martin K. Petersen <martin.petersen@oracle.com>
  Martyn Welch <martyn@welchs.me.uk>
  Mathias Nyman <mathias.nyman@linux.intel.com>
  Mauro Carvalho Chehab <mchehab@s-opensource.com>
  Michael Ellerman <mpe@ellerman.id.au>
  Michael Josenhans <michael.josenhans@web.de>
  Michal Hocko <mhocko@suse.com>
  Michel Dänzer <michel.daenzer@amd.com>
  Mike Kravetz <mike.kravetz@oracle.com>
  Miklos Szeredi <mszeredi@redhat.com>
  Nathan D Ciobanu <nathan.d.ciobanu@linux.intel.com>
  Nicholas Bellinger <nab@linux-iscsi.org>
  Nicolas Iooss <nicolas.iooss_linux@m4x.org>
  Nixon Vincent <nixon.vincent@calsoftinc.com>
  Olga Kornievskaia <kolga@netapp.com>
  Oliver Hartkopp <socketcan@hartkopp.net>
  Oliver Neukum <oneukum@suse.com>
  Oliver Neukum <oneukun@suse.com>
  Olof Johansson <olof@lixom.net>
  Paolo Bonzini <pbonzini@redhat.com>
  Paul E. McKenney <paulmck@linux.vnet.ibm.com>
  Paul Moore <paul@paul-moore.com>
  Peter Zijlstra (Intel) <peterz@infradead.org>
  Peter Zijlstra <peterz@infradead.org>
  Pierre-Louis Bossart <pierre-louis.bossart@linux.intel.com>
  Quinn Tran <quinn.tran@cavium.com>
  Radim Krčmář <rkrcmar@redhat.com>
  Richard Weinberger <richard@nod.at>
  Rolf Eike Beer <eb@emlix.com>
  Russell King <rmk+kernel@arm.linux.org.uk>
  Russell King <rmk+kernel@armlinux.org.uk>
  Salvatore Benedetto <salvatore.benedetto@intel.com>
  Sasha Levin <alexander.levin@verizon.com>
  Sekhar Nori <nsekhar@ti.com>
  Sergey Senozhatsky <sergey.senozhatsky.work@gmail.com>
  Sergey Senozhatsky <sergey.senozhatsky@gmail.com>
  Shuah Khan <shuahkh@osg.samsung.com>
  Sonny Jiang <sonny.jiang@amd.com>
  Stefan Wahren <stefan.wahren@i2se.com>
  Stephen Smalley <sds@tycho.nsa.gov>
  Steven Rostedt (VMware) <rostedt@goodmis.org>
  Takashi Iwai <tiwai@suse.de>
  Tan Xiaojun <tanxiaojun@huawei.com>
  Tejun Heo <tj@kernel.org>
  Thomas Gleixner <tglx@linutronix.de>
  Tomasz Medrek <tomaszx.medrek@intel.com>
  Tony Lindgren <tony@atomide.com>
  Trond Myklebust <trond.myklebust@primarydata.com>
  Ulf Hansson <ulf.hansson@linaro.org>
  Ville Syrjälä <ville.syrjala@linux.intel.com>
  Vincent Pelletier <plr.vincent@gmail.com>
  Vineet Gupta <vgupta@synopsys.com>
  Vineet Gupta <Vineet.Gupta1@synopsys.com>
  Vlastimil Babka <vbabka@suse.cz>
  Wan Ahmad Zainie <wan.ahmad.zainie.wan.mohamad@intel.com>
  Will Deacon <will.deacon@arm.com>
  Xuan Qi <xuan.qi@oracle.com>
  Yang Shukui <yangshukui@huawei.com>
  Yang Yang <yang.yang29@zte.com.cn>
  Yegor Yefremov <yegorslists@googlemail.com>
  Zhou Chengming <zhouchengming1@huawei.com>

jobs:
 build-amd64-xsm                                              pass    
 build-arm64-xsm                                              fail    
 build-armhf-xsm                                              pass    
 build-i386-xsm                                               pass    
 build-amd64                                                  pass    
 build-arm64                                                  fail    
 build-armhf                                                  pass    
 build-i386                                                   pass    
 build-amd64-libvirt                                          pass    
 build-arm64-libvirt                                          blocked 
 build-armhf-libvirt                                          pass    
 build-i386-libvirt                                           pass    
 build-amd64-pvops                                            pass    
 build-arm64-pvops                                            pass    
 build-armhf-pvops                                            pass    
 build-i386-pvops                                             pass    
 build-amd64-rumprun                                          pass    
 build-i386-rumprun                                           pass    
 test-amd64-amd64-xl                                          pass    
 test-arm64-arm64-xl                                          blocked 
 test-armhf-armhf-xl                                          pass    
 test-amd64-i386-xl                                           pass    
 test-amd64-amd64-xl-qemut-debianhvm-amd64-xsm                broken  
 test-amd64-i386-xl-qemut-debianhvm-amd64-xsm                 pass    
 test-amd64-amd64-libvirt-qemuu-debianhvm-amd64-xsm           pass    
 test-amd64-i386-libvirt-qemuu-debianhvm-amd64-xsm            pass    
 test-amd64-amd64-xl-qemuu-debianhvm-amd64-xsm                broken  
 test-amd64-i386-xl-qemuu-debianhvm-amd64-xsm                 pass    
 test-amd64-amd64-xl-qemut-stubdom-debianhvm-amd64-xsm        pass    
 test-amd64-i386-xl-qemut-stubdom-debianhvm-amd64-xsm         pass    
 test-amd64-amd64-libvirt-xsm                                 pass    
 test-arm64-arm64-libvirt-xsm                                 blocked 
 test-armhf-armhf-libvirt-xsm                                 pass    
 test-amd64-i386-libvirt-xsm                                  pass    
 test-amd64-amd64-xl-xsm                                      pass    
 test-arm64-arm64-xl-xsm                                      blocked 
 test-armhf-armhf-xl-xsm                                      pass    
 test-amd64-i386-xl-xsm                                       pass    
 test-amd64-amd64-qemuu-nested-amd                            fail    
 test-amd64-amd64-xl-pvh-amd                                  broken  
 test-amd64-i386-qemut-rhel6hvm-amd                           broken  
 test-amd64-i386-qemuu-rhel6hvm-amd                           broken  
 test-amd64-amd64-xl-qemut-debianhvm-amd64                    pass    
 test-amd64-i386-xl-qemut-debianhvm-amd64                     pass    
 test-amd64-amd64-xl-qemuu-debianhvm-amd64                    pass    
 test-amd64-i386-xl-qemuu-debianhvm-amd64                     pass    
 test-amd64-i386-freebsd10-amd64                              pass    
 test-amd64-amd64-xl-qemuu-ovmf-amd64                         pass    
 test-amd64-i386-xl-qemuu-ovmf-amd64                          pass    
 test-amd64-amd64-rumprun-amd64                               pass    
 test-amd64-amd64-xl-qemut-win7-amd64                         fail    
 test-amd64-i386-xl-qemut-win7-amd64                          fail    
 test-amd64-amd64-xl-qemuu-win7-amd64                         fail    
 test-amd64-i386-xl-qemuu-win7-amd64                          fail    
 test-armhf-armhf-xl-arndale                                  pass    
 test-amd64-amd64-xl-credit2                                  pass    
 test-arm64-arm64-xl-credit2                                  blocked 
 test-armhf-armhf-xl-credit2                                  pass    
 test-armhf-armhf-xl-cubietruck                               pass    
 test-amd64-i386-freebsd10-i386                               broken  
 test-amd64-i386-rumprun-i386                                 pass    
 test-amd64-amd64-qemuu-nested-intel                          pass    
 test-amd64-amd64-xl-pvh-intel                                pass    
 test-amd64-i386-qemut-rhel6hvm-intel                         pass    
 test-amd64-i386-qemuu-rhel6hvm-intel                         pass    
 test-amd64-amd64-libvirt                                     pass    
 test-arm64-arm64-libvirt                                     blocked 
 test-armhf-armhf-libvirt                                     pass    
 test-amd64-i386-libvirt                                      pass    
 test-amd64-amd64-xl-multivcpu                                broken  
 test-arm64-arm64-xl-multivcpu                                blocked 
 test-armhf-armhf-xl-multivcpu                                fail    
 test-amd64-amd64-pair                                        pass    
 test-amd64-i386-pair                                         pass    
 test-amd64-amd64-libvirt-pair                                broken  
 test-amd64-i386-libvirt-pair                                 pass    
 test-amd64-amd64-amd64-pvgrub                                pass    
 test-amd64-amd64-i386-pvgrub                                 pass    
 test-amd64-amd64-pygrub                                      pass    
 test-arm64-arm64-libvirt-qcow2                               blocked 
 test-amd64-amd64-xl-qcow2                                    pass    
 test-armhf-armhf-libvirt-raw                                 pass    
 test-amd64-i386-xl-raw                                       pass    
 test-amd64-amd64-xl-rtds                                     pass    
 test-arm64-arm64-xl-rtds                                     blocked 
 test-armhf-armhf-xl-rtds                                     fail    
 test-amd64-i386-xl-qemut-winxpsp3-vcpus1                     broken  
 test-amd64-i386-xl-qemuu-winxpsp3-vcpus1                     pass    
 test-amd64-amd64-libvirt-vhd                                 pass    
 test-armhf-armhf-xl-vhd                                      pass    
 test-amd64-amd64-xl-qemut-winxpsp3                           pass    
 test-amd64-i386-xl-qemut-winxpsp3                            pass    
 test-amd64-amd64-xl-qemuu-winxpsp3                           pass    
 test-amd64-i386-xl-qemuu-winxpsp3                            pass    


------------------------------------------------------------
sg-report-flight on osstest.test-lab.xenproject.org
logs: /home/logs/logs
images: /home/logs/images

Logs, config files, etc. are available at
    http://logs.test-lab.xenproject.org/osstest/logs

Explanation of these reports, and of osstest in general, is at
    http://xenbits.xen.org/gitweb/?p=osstest.git;a=blob;f=README.email;hb=master
    http://xenbits.xen.org/gitweb/?p=osstest.git;a=blob;f=README;hb=master

Test harness code can be found at
    http://xenbits.xen.org/gitweb?p=osstest.git;a=summary

broken-step test-amd64-amd64-xl-multivcpu host-install(3)
broken-step test-amd64-i386-freebsd10-i386 host-install(3)
broken-step test-amd64-i386-xl-qemut-winxpsp3-vcpus1 host-install(3)
broken-step test-amd64-amd64-libvirt-pair host-install/src_host(3)
broken-step test-amd64-amd64-xl-qemut-debianhvm-amd64-xsm host-install(3)
broken-step test-amd64-amd64-xl-pvh-amd host-install(3)
broken-step test-amd64-i386-qemuu-rhel6hvm-amd host-install(3)
broken-step test-amd64-i386-qemut-rhel6hvm-amd host-install(3)
broken-step test-amd64-amd64-xl-qemuu-debianhvm-amd64-xsm host-install(3)

Pushing revision :

+ branch=linux-4.1
+ revision=d9e0350d2575a20ee7783427da9bd6b6107eb983
+ . ./cri-lock-repos
++ . ./cri-common
+++ . ./cri-getconfig
+++ umask 002
+++ getrepos
++++ getconfig Repos
++++ perl -e '
                use Osstest;
                readglobalconfig();
                print $c{"Repos"} or die $!;
        '
+++ local repos=/home/osstest/repos
+++ '[' -z /home/osstest/repos ']'
+++ '[' '!' -d /home/osstest/repos ']'
+++ echo /home/osstest/repos
++ repos=/home/osstest/repos
++ repos_lock=/home/osstest/repos/lock
++ '[' x '!=' x/home/osstest/repos/lock ']'
++ OSSTEST_REPOS_LOCK_LOCKED=/home/osstest/repos/lock
++ exec with-lock-ex -w /home/osstest/repos/lock ./ap-push linux-4.1 d9e0350d2575a20ee7783427da9bd6b6107eb983
+ branch=linux-4.1
+ revision=d9e0350d2575a20ee7783427da9bd6b6107eb983
+ . ./cri-lock-repos
++ . ./cri-common
+++ . ./cri-getconfig
+++ umask 002
+++ getrepos
++++ getconfig Repos
++++ perl -e '
                use Osstest;
                readglobalconfig();
                print $c{"Repos"} or die $!;
        '
+++ local repos=/home/osstest/repos
+++ '[' -z /home/osstest/repos ']'
+++ '[' '!' -d /home/osstest/repos ']'
+++ echo /home/osstest/repos
++ repos=/home/osstest/repos
++ repos_lock=/home/osstest/repos/lock
++ '[' x/home/osstest/repos/lock '!=' x/home/osstest/repos/lock ']'
+ . ./cri-common
++ . ./cri-getconfig
++ umask 002
+ select_xenbranch
+ case "$branch" in
+ tree=linux
+ xenbranch=xen-unstable
+ '[' xlinux = xlinux ']'
+ linuxbranch=linux-4.1
+ '[' x = x ']'
+ qemuubranch=qemu-upstream-unstable
+ select_prevxenbranch
++ ./cri-getprevxenbranch xen-unstable
+ prevxenbranch=xen-4.8-testing
+ '[' xd9e0350d2575a20ee7783427da9bd6b6107eb983 = x ']'
+ : tested/2.6.39.x
+ . ./ap-common
++ : osstest@xenbits.xen.org
+++ getconfig OsstestUpstream
+++ perl -e '
                use Osstest;
                readglobalconfig();
                print $c{"OsstestUpstream"} or die $!;
        '
++ :
++ : git://xenbits.xen.org/xen.git
++ : osstest@xenbits.xen.org:/home/xen/git/xen.git
++ : git://xenbits.xen.org/qemu-xen-traditional.git
++ : git://git.kernel.org
++ : git://git.kernel.org/pub/scm/linux/kernel/git
++ : git
++ : git://xenbits.xen.org/xtf.git
++ : osstest@xenbits.xen.org:/home/xen/git/xtf.git
++ : git://xenbits.xen.org/xtf.git
++ : git://xenbits.xen.org/libvirt.git
++ : osstest@xenbits.xen.org:/home/xen/git/libvirt.git
++ : git://xenbits.xen.org/libvirt.git
++ : git://xenbits.xen.org/osstest/rumprun.git
++ : git
++ : git://xenbits.xen.org/osstest/rumprun.git
++ : osstest@xenbits.xen.org:/home/xen/git/osstest/rumprun.git
++ : git://git.seabios.org/seabios.git
++ : osstest@xenbits.xen.org:/home/xen/git/osstest/seabios.git
++ : git://xenbits.xen.org/osstest/seabios.git
++ : https://github.com/tianocore/edk2.git
++ : osstest@xenbits.xen.org:/home/xen/git/osstest/ovmf.git
++ : git://xenbits.xen.org/osstest/ovmf.git
++ : git://xenbits.xen.org/osstest/linux-firmware.git
++ : osstest@xenbits.xen.org:/home/osstest/ext/linux-firmware.git
++ : git://git.kernel.org/pub/scm/linux/kernel/git/firmware/linux-firmware.git
++ : osstest@xenbits.xen.org:/home/xen/git/linux-pvops.git
++ : git://xenbits.xen.org/linux-pvops.git
++ : tested/linux-3.14
++ : tested/linux-arm-xen
++ '[' xgit://git.kernel.org/pub/scm/linux/kernel/git/stable/linux-stable.git = x ']'
++ '[' xgit://git.kernel.org/pub/scm/linux/kernel/git/stable/linux-stable.git = x ']'
++ : git://git.kernel.org/pub/scm/linux/kernel/git/konrad/xen.git
++ : tested/2.6.39.x
++ : daily-cron.linux-4.1
++ : daily-cron.linux-4.1
++ : daily-cron.linux-4.1
++ : daily-cron.linux-4.1
++ : daily-cron.linux-4.1
++ : daily-cron.linux-4.1
++ : daily-cron.linux-4.1
++ : http://hg.uk.xensource.com/carbon/trunk/linux-2.6.27
++ : git://xenbits.xen.org/qemu-xen.git
++ : osstest@xenbits.xen.org:/home/xen/git/qemu-xen.git
++ : daily-cron.linux-4.1
++ : git://xenbits.xen.org/qemu-xen.git
++ : git://git.qemu.org/qemu.git
+ TREE_LINUX=osstest@xenbits.xen.org:/home/xen/git/linux-pvops.git
+ TREE_QEMU_UPSTREAM=osstest@xenbits.xen.org:/home/xen/git/qemu-xen.git
+ TREE_XEN=osstest@xenbits.xen.org:/home/xen/git/xen.git
+ TREE_LIBVIRT=osstest@xenbits.xen.org:/home/xen/git/libvirt.git
+ TREE_RUMPRUN=osstest@xenbits.xen.org:/home/xen/git/osstest/rumprun.git
+ TREE_SEABIOS=osstest@xenbits.xen.org:/home/xen/git/osstest/seabios.git
+ TREE_OVMF=osstest@xenbits.xen.org:/home/xen/git/osstest/ovmf.git
+ TREE_XTF=osstest@xenbits.xen.org:/home/xen/git/xtf.git
+ info_linux_tree linux-4.1
+ case $1 in
+ : git://git.kernel.org/pub/scm/linux/kernel/git/stable/linux-stable.git
+ : linux-4.1.y
+ : linux-4.1.y
+ : git
+ : git
+ : git://xenbits.xen.org/linux-pvops.git
+ : osstest@xenbits.xen.org:/home/xen/git/linux-pvops.git
+ : tested/linux-4.1
+ : refs/heads/tested/linux-4.1
+ return 0
+ cd /home/osstest/repos/linux
+ git push osstest@xenbits.xen.org:/home/xen/git/linux-pvops.git d9e0350d2575a20ee7783427da9bd6b6107eb983:refs/heads/tested/linux-4.1
To osstest@xenbits.xen.org:/home/xen/git/linux-pvops.git
   f40b3cc..d9e0350  d9e0350d2575a20ee7783427da9bd6b6107eb983 -> tested/linux-4.1
+ exit 0


[-- Attachment #2: Type: text/plain, Size: 127 bytes --]

_______________________________________________
Xen-devel mailing list
Xen-devel@lists.xen.org
https://lists.xen.org/xen-devel

^ permalink raw reply	[flat|nested] only message in thread

only message in thread, other threads:[~2017-03-20  0:31 UTC | newest]

Thread overview: (only message) (download: mbox.gz follow: Atom feed
-- links below jump to the message on this page --
2017-03-20  0:31 [linux-4.1 test] 106776: tolerable trouble: blocked/broken/fail/pass - PUSHED osstest service owner

This is a public inbox, see mirroring instructions
for how to clone and mirror all data and code used for this inbox;
as well as URLs for NNTP newsgroup(s).