From: osstest service owner <osstest-admin@xenproject.org>
To: xen-devel@lists.xensource.com, osstest-admin@xenproject.org
Subject: [qemu-mainline test] 106787: regressions - FAIL
Date: Mon, 20 Mar 2017 21:26:18 +0000 [thread overview]
Message-ID: <osstest-106787-mainreport@xen.org> (raw)
[-- Attachment #1: Type: text/plain, Size: 14130 bytes --]
flight 106787 qemu-mainline real [real]
http://logs.test-lab.xenproject.org/osstest/logs/106787/
Regressions :-(
Tests which did not succeed and are blocking,
including tests which could not be run:
test-armhf-armhf-xl-xsm 6 xen-boot fail REGR. vs. 106774
Regressions which are regarded as allowable (not blocking):
test-armhf-armhf-libvirt 13 saverestore-support-check fail like 106774
test-amd64-amd64-xl-qemuu-win7-amd64 16 guest-stop fail like 106774
test-amd64-i386-xl-qemuu-win7-amd64 16 guest-stop fail like 106774
test-armhf-armhf-libvirt-xsm 13 saverestore-support-check fail like 106774
test-amd64-amd64-xl-rtds 9 debian-install fail like 106774
test-armhf-armhf-libvirt-raw 12 saverestore-support-check fail like 106774
Tests which did not succeed, but are not blocking:
test-arm64-arm64-libvirt-xsm 1 build-check(1) blocked n/a
test-arm64-arm64-xl 1 build-check(1) blocked n/a
build-arm64-libvirt 1 build-check(1) blocked n/a
test-arm64-arm64-libvirt-qcow2 1 build-check(1) blocked n/a
test-arm64-arm64-libvirt 1 build-check(1) blocked n/a
test-arm64-arm64-xl-credit2 1 build-check(1) blocked n/a
test-arm64-arm64-xl-rtds 1 build-check(1) blocked n/a
test-arm64-arm64-xl-multivcpu 1 build-check(1) blocked n/a
test-arm64-arm64-xl-xsm 1 build-check(1) blocked n/a
test-amd64-i386-libvirt-xsm 12 migrate-support-check fail never pass
test-amd64-amd64-libvirt 12 migrate-support-check fail never pass
test-amd64-amd64-libvirt-xsm 12 migrate-support-check fail never pass
build-arm64 5 xen-build fail never pass
build-arm64-xsm 5 xen-build fail never pass
test-amd64-amd64-libvirt-qemuu-debianhvm-amd64-xsm 10 migrate-support-check fail never pass
test-armhf-armhf-xl-arndale 12 migrate-support-check fail never pass
test-armhf-armhf-xl-arndale 13 saverestore-support-check fail never pass
test-amd64-i386-libvirt-qemuu-debianhvm-amd64-xsm 10 migrate-support-check fail never pass
build-arm64-pvops 5 kernel-build fail never pass
test-amd64-amd64-libvirt-vhd 11 migrate-support-check fail never pass
test-amd64-amd64-qemuu-nested-amd 16 debian-hvm-install/l1/l2 fail never pass
test-armhf-armhf-xl-credit2 12 migrate-support-check fail never pass
test-armhf-armhf-xl-credit2 13 saverestore-support-check fail never pass
test-armhf-armhf-libvirt 12 migrate-support-check fail never pass
test-armhf-armhf-xl-cubietruck 12 migrate-support-check fail never pass
test-armhf-armhf-xl-cubietruck 13 saverestore-support-check fail never pass
test-amd64-i386-libvirt 12 migrate-support-check fail never pass
test-armhf-armhf-xl-vhd 11 migrate-support-check fail never pass
test-armhf-armhf-xl-vhd 12 saverestore-support-check fail never pass
test-armhf-armhf-libvirt-xsm 12 migrate-support-check fail never pass
test-armhf-armhf-xl 12 migrate-support-check fail never pass
test-armhf-armhf-xl-multivcpu 12 migrate-support-check fail never pass
test-armhf-armhf-xl 13 saverestore-support-check fail never pass
test-armhf-armhf-xl-multivcpu 13 saverestore-support-check fail never pass
test-armhf-armhf-xl-rtds 12 migrate-support-check fail never pass
test-armhf-armhf-xl-rtds 13 saverestore-support-check fail never pass
test-armhf-armhf-libvirt-raw 11 migrate-support-check fail never pass
version targeted for testing:
qemuu bedf13ecab38bcd479e9db6994ebc3b2c5c7a3ae
baseline version:
qemuu ebedf0f9cd46b617df331eecc857c379d574ac62
Last test of basis 106774 2017-03-19 12:16:31 Z 1 days
Testing same since 106787 2017-03-20 11:17:23 Z 0 days 1 attempts
------------------------------------------------------------
People who touched revisions under test:
Alex Bennée <alex.bennee@linaro.org>
Gerd Hoffmann <kraxel@redhat.com>
Marc-André Lureau <marcandre.lureau@redhat.com>
Peter Maydell <peter.maydell@linaro.org>
jobs:
build-amd64-xsm pass
build-arm64-xsm fail
build-armhf-xsm pass
build-i386-xsm pass
build-amd64 pass
build-arm64 fail
build-armhf pass
build-i386 pass
build-amd64-libvirt pass
build-arm64-libvirt blocked
build-armhf-libvirt pass
build-i386-libvirt pass
build-amd64-pvops pass
build-arm64-pvops fail
build-armhf-pvops pass
build-i386-pvops pass
test-amd64-amd64-xl pass
test-arm64-arm64-xl blocked
test-armhf-armhf-xl pass
test-amd64-i386-xl pass
test-amd64-amd64-libvirt-qemuu-debianhvm-amd64-xsm pass
test-amd64-i386-libvirt-qemuu-debianhvm-amd64-xsm pass
test-amd64-amd64-xl-qemuu-debianhvm-amd64-xsm pass
test-amd64-i386-xl-qemuu-debianhvm-amd64-xsm pass
test-amd64-amd64-libvirt-xsm pass
test-arm64-arm64-libvirt-xsm blocked
test-armhf-armhf-libvirt-xsm pass
test-amd64-i386-libvirt-xsm pass
test-amd64-amd64-xl-xsm pass
test-arm64-arm64-xl-xsm blocked
test-armhf-armhf-xl-xsm fail
test-amd64-i386-xl-xsm pass
test-amd64-amd64-qemuu-nested-amd fail
test-amd64-amd64-xl-pvh-amd pass
test-amd64-i386-qemuu-rhel6hvm-amd pass
test-amd64-amd64-xl-qemuu-debianhvm-amd64 pass
test-amd64-i386-xl-qemuu-debianhvm-amd64 pass
test-amd64-i386-freebsd10-amd64 pass
test-amd64-amd64-xl-qemuu-ovmf-amd64 pass
test-amd64-i386-xl-qemuu-ovmf-amd64 pass
test-amd64-amd64-xl-qemuu-win7-amd64 fail
test-amd64-i386-xl-qemuu-win7-amd64 fail
test-armhf-armhf-xl-arndale pass
test-amd64-amd64-xl-credit2 pass
test-arm64-arm64-xl-credit2 blocked
test-armhf-armhf-xl-credit2 pass
test-armhf-armhf-xl-cubietruck pass
test-amd64-i386-freebsd10-i386 pass
test-amd64-amd64-qemuu-nested-intel pass
test-amd64-amd64-xl-pvh-intel pass
test-amd64-i386-qemuu-rhel6hvm-intel pass
test-amd64-amd64-libvirt pass
test-arm64-arm64-libvirt blocked
test-armhf-armhf-libvirt pass
test-amd64-i386-libvirt pass
test-amd64-amd64-xl-multivcpu pass
test-arm64-arm64-xl-multivcpu blocked
test-armhf-armhf-xl-multivcpu pass
test-amd64-amd64-pair pass
test-amd64-i386-pair pass
test-amd64-amd64-libvirt-pair pass
test-amd64-i386-libvirt-pair pass
test-amd64-amd64-amd64-pvgrub pass
test-amd64-amd64-i386-pvgrub pass
test-amd64-amd64-pygrub pass
test-arm64-arm64-libvirt-qcow2 blocked
test-amd64-amd64-xl-qcow2 pass
test-armhf-armhf-libvirt-raw pass
test-amd64-i386-xl-raw pass
test-amd64-amd64-xl-rtds fail
test-arm64-arm64-xl-rtds blocked
test-armhf-armhf-xl-rtds pass
test-amd64-i386-xl-qemuu-winxpsp3-vcpus1 pass
test-amd64-amd64-libvirt-vhd pass
test-armhf-armhf-xl-vhd pass
test-amd64-amd64-xl-qemuu-winxpsp3 pass
test-amd64-i386-xl-qemuu-winxpsp3 pass
------------------------------------------------------------
sg-report-flight on osstest.test-lab.xenproject.org
logs: /home/logs/logs
images: /home/logs/images
Logs, config files, etc. are available at
http://logs.test-lab.xenproject.org/osstest/logs
Explanation of these reports, and of osstest in general, is at
http://xenbits.xen.org/gitweb/?p=osstest.git;a=blob;f=README.email;hb=master
http://xenbits.xen.org/gitweb/?p=osstest.git;a=blob;f=README;hb=master
Test harness code can be found at
http://xenbits.xen.org/gitweb?p=osstest.git;a=summary
Not pushing.
------------------------------------------------------------
commit bedf13ecab38bcd479e9db6994ebc3b2c5c7a3ae
Merge: ebedf0f 7bc4f08
Author: Peter Maydell <peter.maydell@linaro.org>
Date: Mon Mar 20 10:05:45 2017 +0000
Merge remote-tracking branch 'remotes/kraxel/tags/pull-fixes-20170320-1' into staging
fixes for 2.9: vnc, cirrus, tcg display updates.
# gpg: Signature made Mon 20 Mar 2017 08:52:34 GMT
# gpg: using RSA key 0x4CB6D8EED3E87138
# gpg: Good signature from "Gerd Hoffmann (work) <kraxel@redhat.com>"
# gpg: aka "Gerd Hoffmann <gerd@kraxel.org>"
# gpg: aka "Gerd Hoffmann (private) <kraxel@gmail.com>"
# Primary key fingerprint: A032 8CFF B93A 17A7 9901 FE7D 4CB6 D8EE D3E8 7138
* remotes/kraxel/tags/pull-fixes-20170320-1:
vnc: fix a qio-channel leak
cirrus: fix off-by-one in cirrus_bitblt_rop_bkwd_transp_*_16
ui/console: ensure graphic updates don't race with TCG vCPUs
Signed-off-by: Peter Maydell <peter.maydell@linaro.org>
commit 7bc4f0846f5e15dad5a54490290241243b5a4416
Author: Marc-André Lureau <marcandre.lureau@redhat.com>
Date: Fri Mar 17 13:28:02 2017 +0400
vnc: fix a qio-channel leak
Spotted by ASAN.
Signed-off-by: Marc-André Lureau <marcandre.lureau@redhat.com>
Reviewed-by: Daniel P. Berrange <berrange@redhat.com>
Reviewed-by: Philippe Mathieu-Daudé <f4bug@amsat.org>
Message-id: 20170317092802.17973-1-marcandre.lureau@redhat.com
Signed-off-by: Gerd Hoffmann <kraxel@redhat.com>
commit f019722cbbb45aea153294fc8921fcc96a4d3fa2
Author: Gerd Hoffmann <kraxel@redhat.com>
Date: Fri Mar 17 08:21:36 2017 +0100
cirrus: fix off-by-one in cirrus_bitblt_rop_bkwd_transp_*_16
The switch from pointers to addresses (commit
026aeffcb4752054830ba203020ed6eb05bcaba8 and
ffaf857778286ca54e3804432a2369a279e73aa7) added
a off-by-one bug to 16bit backward blits. Fix.
Reported-by: æå¼º <liqiang6-s@360.cn>
Signed-off-by: Gerd Hoffmann <kraxel@redhat.com>
Reviewed-by: Li Qiang <liqiang6-s@360.cn>
Message-id: 1489735296-19047-1-git-send-email-kraxel@redhat.com
commit 8bb93c6f99a42c2e0943bc904b283cd622d302c5
Author: Alex Bennée <alex.bennee@linaro.org>
Date: Wed Mar 15 14:48:25 2017 +0000
ui/console: ensure graphic updates don't race with TCG vCPUs
Commit 8d04fb55..
tcg: drop global lock during TCG code execution
..broke the assumption that updates to the GUI couldn't happen at the
same time as TCG vCPUs where running. As a result the TCG vCPU could
still be updating a directly mapped frame-buffer while the display
side was updating. This would cause artefacts to appear when the
update code assumed that memory block hadn't changed.
The simplest solution is to ensure the two things can't happen at the
same time like the old BQL locking scheme. Here we use the solution
introduced for MTTCG and schedule the update as async_safe_work when
we know no vCPUs can be running.
Reported-by: Mark Cave-Ayland <mark.cave-ayland@ilande.co.uk>
Signed-off-by: Alex Bennée <alex.bennee@linaro.org>
Message-id: 20170315144825.3108-1-alex.bennee@linaro.org
Cc: BALATON Zoltan <balaton@eik.bme.hu>
Cc: Gerd Hoffmann <kraxel@redhat.com>
Cc: Paolo Bonzini <pbonzini@redhat.com>
Signed-off-by: Alex Bennée <alex.bennee@linaro.org>
[ kraxel: updated comment clarifying the display adapters are buggy
and this is a temporary workaround ]
Signed-off-by: Gerd Hoffmann <kraxel@redhat.com>
[-- Attachment #2: Type: text/plain, Size: 127 bytes --]
_______________________________________________
Xen-devel mailing list
Xen-devel@lists.xen.org
https://lists.xen.org/xen-devel
reply other threads:[~2017-03-20 21:26 UTC|newest]
Thread overview: [no followups] expand[flat|nested] mbox.gz Atom feed
Reply instructions:
You may reply publicly to this message via plain-text email
using any one of the following methods:
* Save the following mbox file, import it into your mail client,
and reply-to-all from there: mbox
Avoid top-posting and favor interleaved quoting:
https://en.wikipedia.org/wiki/Posting_style#Interleaved_style
* Reply using the --to, --cc, and --in-reply-to
switches of git-send-email(1):
git send-email \
--in-reply-to=osstest-106787-mainreport@xen.org \
--to=osstest-admin@xenproject.org \
--cc=xen-devel@lists.xensource.com \
/path/to/YOUR_REPLY
https://kernel.org/pub/software/scm/git/docs/git-send-email.html
* If your mail client supports setting the In-Reply-To header
via mailto: links, try the mailto: link
Be sure your reply has a Subject: header at the top and a blank line
before the message body.
This is a public inbox, see mirroring instructions
for how to clone and mirror all data and code used for this inbox;
as well as URLs for NNTP newsgroup(s).