From: osstest service owner <osstest-admin@xenproject.org>
To: xen-devel@lists.xensource.com, osstest-admin@xenproject.org
Subject: [qemu-upstream-4.8-testing test] 106816: regressions - trouble: blocked/broken/fail/pass
Date: Wed, 22 Mar 2017 08:18:40 +0000 [thread overview]
Message-ID: <osstest-106816-mainreport@xen.org> (raw)
flight 106816 qemu-upstream-4.8-testing real [real]
http://logs.test-lab.xenproject.org/osstest/logs/106816/
Regressions :-(
Tests which did not succeed and are blocking,
including tests which could not be run:
test-amd64-i386-xl-xsm 3 host-install(3) broken REGR. vs. 105957
test-amd64-i386-xl-qemuu-debianhvm-amd64-xsm 3 host-install(3) broken REGR. vs. 105957
test-amd64-amd64-libvirt-vhd 3 host-install(3) broken REGR. vs. 105957
test-amd64-i386-qemuu-rhel6hvm-amd 3 host-install(3) broken REGR. vs. 105957
test-amd64-amd64-xl-qcow2 10 guest-start fail REGR. vs. 105957
test-amd64-amd64-xl-qemuu-ovmf-amd64 9 debian-hvm-install fail REGR. vs. 105957
test-amd64-amd64-xl-qemuu-win7-amd64 9 windows-install fail REGR. vs. 105957
test-amd64-amd64-amd64-pvgrub 19 guest-start.2 fail REGR. vs. 105957
test-armhf-armhf-xl-arndale 15 guest-start/debian.repeat fail REGR. vs. 105957
Regressions which are regarded as allowable (not blocking):
test-amd64-amd64-xl-rtds 6 xen-boot fail REGR. vs. 105957
Tests which did not succeed, but are not blocking:
test-arm64-arm64-libvirt-xsm 1 build-check(1) blocked n/a
test-arm64-arm64-xl 1 build-check(1) blocked n/a
build-arm64-libvirt 1 build-check(1) blocked n/a
test-arm64-arm64-libvirt-qcow2 1 build-check(1) blocked n/a
test-arm64-arm64-libvirt 1 build-check(1) blocked n/a
test-arm64-arm64-xl-credit2 1 build-check(1) blocked n/a
test-arm64-arm64-xl-rtds 1 build-check(1) blocked n/a
test-arm64-arm64-xl-multivcpu 1 build-check(1) blocked n/a
test-arm64-arm64-xl-xsm 1 build-check(1) blocked n/a
build-arm64-xsm 5 xen-build fail never pass
build-arm64 5 xen-build fail never pass
test-amd64-i386-libvirt-xsm 12 migrate-support-check fail never pass
test-amd64-amd64-xl-pvh-intel 11 guest-start fail never pass
test-amd64-i386-libvirt 12 migrate-support-check fail never pass
test-amd64-amd64-libvirt 12 migrate-support-check fail never pass
test-amd64-i386-libvirt-qemuu-debianhvm-amd64-xsm 10 migrate-support-check fail never pass
test-amd64-amd64-libvirt-xsm 12 migrate-support-check fail never pass
test-amd64-amd64-xl-pvh-amd 11 guest-start fail never pass
test-amd64-amd64-libvirt-qemuu-debianhvm-amd64-xsm 10 migrate-support-check fail never pass
test-armhf-armhf-libvirt-xsm 12 migrate-support-check fail never pass
test-armhf-armhf-libvirt-xsm 13 saverestore-support-check fail never pass
test-armhf-armhf-libvirt 12 migrate-support-check fail never pass
test-armhf-armhf-libvirt 13 saverestore-support-check fail never pass
test-armhf-armhf-xl-credit2 12 migrate-support-check fail never pass
test-armhf-armhf-xl-credit2 13 saverestore-support-check fail never pass
build-arm64-pvops 5 kernel-build fail never pass
test-armhf-armhf-xl 12 migrate-support-check fail never pass
test-armhf-armhf-xl 13 saverestore-support-check fail never pass
test-amd64-amd64-qemuu-nested-amd 16 debian-hvm-install/l1/l2 fail never pass
test-armhf-armhf-xl-xsm 12 migrate-support-check fail never pass
test-armhf-armhf-xl-xsm 13 saverestore-support-check fail never pass
test-armhf-armhf-xl-cubietruck 12 migrate-support-check fail never pass
test-armhf-armhf-xl-cubietruck 13 saverestore-support-check fail never pass
test-armhf-armhf-libvirt-raw 11 migrate-support-check fail never pass
test-armhf-armhf-libvirt-raw 12 saverestore-support-check fail never pass
test-armhf-armhf-xl-rtds 12 migrate-support-check fail never pass
test-armhf-armhf-xl-rtds 13 saverestore-support-check fail never pass
test-armhf-armhf-xl-vhd 11 migrate-support-check fail never pass
test-armhf-armhf-xl-vhd 12 saverestore-support-check fail never pass
test-armhf-armhf-xl-arndale 12 migrate-support-check fail never pass
test-armhf-armhf-xl-arndale 13 saverestore-support-check fail never pass
test-armhf-armhf-xl-multivcpu 12 migrate-support-check fail never pass
test-armhf-armhf-xl-multivcpu 13 saverestore-support-check fail never pass
version targeted for testing:
qemuu 35bf983c4bff03b2e801b9192b53cc664a71a22d
baseline version:
qemuu 145e78b40a3daed1097c803f31538bafe32400d9
Last test of basis 105957 2017-02-21 19:13:45 Z 28 days
Testing same since 106816 2017-03-21 18:45:20 Z 0 days 1 attempts
------------------------------------------------------------
People who touched revisions under test:
Gerd Hoffmann <kraxel@redhat.com>
Stefano Stabellini <sstabellini@kernel.org>
jobs:
build-amd64-xsm pass
build-arm64-xsm fail
build-armhf-xsm pass
build-i386-xsm pass
build-amd64 pass
build-arm64 fail
build-armhf pass
build-i386 pass
build-amd64-libvirt pass
build-arm64-libvirt blocked
build-armhf-libvirt pass
build-i386-libvirt pass
build-amd64-pvops pass
build-arm64-pvops fail
build-armhf-pvops pass
build-i386-pvops pass
test-amd64-amd64-xl pass
test-arm64-arm64-xl blocked
test-armhf-armhf-xl pass
test-amd64-i386-xl pass
test-amd64-amd64-libvirt-qemuu-debianhvm-amd64-xsm pass
test-amd64-i386-libvirt-qemuu-debianhvm-amd64-xsm pass
test-amd64-amd64-xl-qemuu-debianhvm-amd64-xsm pass
test-amd64-i386-xl-qemuu-debianhvm-amd64-xsm broken
test-amd64-amd64-libvirt-xsm pass
test-arm64-arm64-libvirt-xsm blocked
test-armhf-armhf-libvirt-xsm pass
test-amd64-i386-libvirt-xsm pass
test-amd64-amd64-xl-xsm pass
test-arm64-arm64-xl-xsm blocked
test-armhf-armhf-xl-xsm pass
test-amd64-i386-xl-xsm broken
test-amd64-amd64-qemuu-nested-amd fail
test-amd64-amd64-xl-pvh-amd fail
test-amd64-i386-qemuu-rhel6hvm-amd broken
test-amd64-amd64-xl-qemuu-debianhvm-amd64 pass
test-amd64-i386-xl-qemuu-debianhvm-amd64 pass
test-amd64-i386-freebsd10-amd64 pass
test-amd64-amd64-xl-qemuu-ovmf-amd64 fail
test-amd64-i386-xl-qemuu-ovmf-amd64 pass
test-amd64-amd64-xl-qemuu-win7-amd64 fail
test-amd64-i386-xl-qemuu-win7-amd64 pass
test-armhf-armhf-xl-arndale fail
test-amd64-amd64-xl-credit2 pass
test-arm64-arm64-xl-credit2 blocked
test-armhf-armhf-xl-credit2 pass
test-armhf-armhf-xl-cubietruck pass
test-amd64-i386-freebsd10-i386 pass
test-amd64-amd64-qemuu-nested-intel pass
test-amd64-amd64-xl-pvh-intel fail
test-amd64-i386-qemuu-rhel6hvm-intel pass
test-amd64-amd64-libvirt pass
test-arm64-arm64-libvirt blocked
test-armhf-armhf-libvirt pass
test-amd64-i386-libvirt pass
test-amd64-amd64-xl-multivcpu pass
test-arm64-arm64-xl-multivcpu blocked
test-armhf-armhf-xl-multivcpu pass
test-amd64-amd64-pair pass
test-amd64-i386-pair pass
test-amd64-amd64-libvirt-pair pass
test-amd64-i386-libvirt-pair pass
test-amd64-amd64-amd64-pvgrub fail
test-amd64-amd64-i386-pvgrub pass
test-amd64-amd64-pygrub pass
test-arm64-arm64-libvirt-qcow2 blocked
test-amd64-amd64-xl-qcow2 fail
test-armhf-armhf-libvirt-raw pass
test-amd64-i386-xl-raw pass
test-amd64-amd64-xl-rtds fail
test-arm64-arm64-xl-rtds blocked
test-armhf-armhf-xl-rtds pass
test-amd64-i386-xl-qemuu-winxpsp3-vcpus1 pass
test-amd64-amd64-libvirt-vhd broken
test-armhf-armhf-xl-vhd pass
test-amd64-amd64-xl-qemuu-winxpsp3 pass
test-amd64-i386-xl-qemuu-winxpsp3 pass
------------------------------------------------------------
sg-report-flight on osstest.test-lab.xenproject.org
logs: /home/logs/logs
images: /home/logs/images
Logs, config files, etc. are available at
http://logs.test-lab.xenproject.org/osstest/logs
Explanation of these reports, and of osstest in general, is at
http://xenbits.xen.org/gitweb/?p=osstest.git;a=blob;f=README.email;hb=master
http://xenbits.xen.org/gitweb/?p=osstest.git;a=blob;f=README;hb=master
Test harness code can be found at
http://xenbits.xen.org/gitweb?p=osstest.git;a=summary
broken-step test-amd64-i386-xl-xsm host-install(3)
broken-step test-amd64-i386-xl-qemuu-debianhvm-amd64-xsm host-install(3)
broken-step test-amd64-amd64-libvirt-vhd host-install(3)
broken-step test-amd64-i386-qemuu-rhel6hvm-amd host-install(3)
Not pushing.
------------------------------------------------------------
commit 35bf983c4bff03b2e801b9192b53cc664a71a22d
Author: Gerd Hoffmann <kraxel@redhat.com>
Date: Tue Feb 14 19:09:59 2017 +0100
cirrus/vnc: zap bitblit support from console code.
There is a special code path (dpy_gfx_copy) to allow graphic emulation
notify user interface code about bitblit operations carryed out by
guests. It is supported by cirrus and vnc server. The intended purpose
is to optimize display scrolls and just send over the scroll op instead
of a full display update.
This is rarely used these days though because modern guests simply don't
use the cirrus blitter any more. Any linux guest using the cirrus drm
driver doesn't. Any windows guest newer than winxp doesn't ship with a
cirrus driver any more and thus uses the cirrus as simple framebuffer.
So this code tends to bitrot and bugs can go unnoticed for a long time.
See for example commit "3e10c3e vnc: fix qemu crash because of SIGSEGV"
which fixes a bug lingering in the code for almost a year, added by
commit "c7628bf vnc: only alloc server surface with clients connected".
Also the vnc server will throttle the frame rate in case it figures the
network can't keep up (send buffers are full). This doesn't work with
dpy_gfx_copy, for any copy operation sent to the vnc client we have to
send all outstanding updates beforehand, otherwise the vnc client might
run the client side blit on outdated data and thereby corrupt the
display. So this dpy_gfx_copy "optimization" might even make things
worse on slow network links.
Lets kill it once for all.
This is XSA-211.
Signed-off-by: Gerd Hoffmann <kraxel@redhat.com>
Signed-off-by: Stefano Stabellini <sstabellini@kernel.org>
_______________________________________________
Xen-devel mailing list
Xen-devel@lists.xen.org
https://lists.xen.org/xen-devel
reply other threads:[~2017-03-22 8:18 UTC|newest]
Thread overview: [no followups] expand[flat|nested] mbox.gz Atom feed
Reply instructions:
You may reply publicly to this message via plain-text email
using any one of the following methods:
* Save the following mbox file, import it into your mail client,
and reply-to-all from there: mbox
Avoid top-posting and favor interleaved quoting:
https://en.wikipedia.org/wiki/Posting_style#Interleaved_style
* Reply using the --to, --cc, and --in-reply-to
switches of git-send-email(1):
git send-email \
--in-reply-to=osstest-106816-mainreport@xen.org \
--to=osstest-admin@xenproject.org \
--cc=xen-devel@lists.xensource.com \
/path/to/YOUR_REPLY
https://kernel.org/pub/software/scm/git/docs/git-send-email.html
* If your mail client supports setting the In-Reply-To header
via mailto: links, try the mailto: link
Be sure your reply has a Subject: header at the top and a blank line
before the message body.
This is a public inbox, see mirroring instructions
for how to clone and mirror all data and code used for this inbox;
as well as URLs for NNTP newsgroup(s).