* [xen-4.5-testing test] 106818: regressions - trouble: broken/fail/pass
@ 2017-03-22 11:44 osstest service owner
0 siblings, 0 replies; only message in thread
From: osstest service owner @ 2017-03-22 11:44 UTC (permalink / raw)
To: xen-devel, osstest-admin
flight 106818 xen-4.5-testing real [real]
http://logs.test-lab.xenproject.org/osstest/logs/106818/
Regressions :-(
Tests which did not succeed and are blocking,
including tests which could not be run:
test-amd64-i386-xl-qemut-winxpsp3-vcpus1 3 host-install(3) broken REGR. vs. 106015
test-amd64-i386-xl-qemuu-win7-amd64 15 guest-localmigrate/x10 fail REGR. vs. 105990
Regressions which are regarded as allowable (not blocking):
test-armhf-armhf-xl-rtds 15 guest-start/debian.repeat fail REGR. vs. 106015
test-amd64-amd64-xl-rtds 6 xen-boot fail like 106015
test-xtf-amd64-amd64-2 54 leak-check/check fail like 106015
test-xtf-amd64-amd64-3 54 leak-check/check fail like 106015
test-xtf-amd64-amd64-4 54 leak-check/check fail like 106015
test-xtf-amd64-amd64-5 54 leak-check/check fail like 106015
test-xtf-amd64-amd64-1 54 leak-check/check fail like 106015
test-armhf-armhf-libvirt 13 saverestore-support-check fail like 106015
test-amd64-i386-xl-qemut-win7-amd64 16 guest-stop fail like 106015
test-amd64-amd64-xl-qemut-win7-amd64 16 guest-stop fail like 106015
Tests which did not succeed, but are not blocking:
test-xtf-amd64-amd64-2 18 xtf/test-hvm32-cpuid-faulting fail never pass
test-xtf-amd64-amd64-2 31 xtf/test-hvm32pae-cpuid-faulting fail never pass
test-xtf-amd64-amd64-2 37 xtf/test-hvm32pse-cpuid-faulting fail never pass
test-xtf-amd64-amd64-2 41 xtf/test-hvm64-cpuid-faulting fail never pass
test-xtf-amd64-amd64-4 18 xtf/test-hvm32-cpuid-faulting fail never pass
test-xtf-amd64-amd64-5 18 xtf/test-hvm32-cpuid-faulting fail never pass
test-xtf-amd64-amd64-1 18 xtf/test-hvm32-cpuid-faulting fail never pass
test-xtf-amd64-amd64-4 31 xtf/test-hvm32pae-cpuid-faulting fail never pass
test-xtf-amd64-amd64-4 37 xtf/test-hvm32pse-cpuid-faulting fail never pass
test-xtf-amd64-amd64-4 41 xtf/test-hvm64-cpuid-faulting fail never pass
test-xtf-amd64-amd64-5 31 xtf/test-hvm32pae-cpuid-faulting fail never pass
test-xtf-amd64-amd64-1 31 xtf/test-hvm32pae-cpuid-faulting fail never pass
test-amd64-i386-libvirt 12 migrate-support-check fail never pass
test-xtf-amd64-amd64-5 37 xtf/test-hvm32pse-cpuid-faulting fail never pass
test-xtf-amd64-amd64-1 37 xtf/test-hvm32pse-cpuid-faulting fail never pass
test-xtf-amd64-amd64-5 41 xtf/test-hvm64-cpuid-faulting fail never pass
test-xtf-amd64-amd64-1 41 xtf/test-hvm64-cpuid-faulting fail never pass
test-amd64-amd64-xl-pvh-intel 11 guest-start fail never pass
test-amd64-amd64-libvirt 12 migrate-support-check fail never pass
test-amd64-amd64-xl-pvh-amd 11 guest-start fail never pass
test-xtf-amd64-amd64-2 53 xtf/test-hvm64-xsa-195 fail never pass
test-xtf-amd64-amd64-3 53 xtf/test-hvm64-xsa-195 fail never pass
test-xtf-amd64-amd64-4 53 xtf/test-hvm64-xsa-195 fail never pass
test-xtf-amd64-amd64-5 53 xtf/test-hvm64-xsa-195 fail never pass
test-xtf-amd64-amd64-1 53 xtf/test-hvm64-xsa-195 fail never pass
test-armhf-armhf-xl-credit2 12 migrate-support-check fail never pass
test-armhf-armhf-xl-credit2 13 saverestore-support-check fail never pass
test-amd64-amd64-libvirt-vhd 11 migrate-support-check fail never pass
test-armhf-armhf-libvirt 12 migrate-support-check fail never pass
test-armhf-armhf-xl-arndale 12 migrate-support-check fail never pass
test-armhf-armhf-xl-arndale 13 saverestore-support-check fail never pass
test-amd64-amd64-qemuu-nested-amd 16 debian-hvm-install/l1/l2 fail never pass
test-armhf-armhf-xl 12 migrate-support-check fail never pass
test-armhf-armhf-xl 13 saverestore-support-check fail never pass
test-armhf-armhf-xl-cubietruck 12 migrate-support-check fail never pass
test-armhf-armhf-xl-cubietruck 13 saverestore-support-check fail never pass
test-armhf-armhf-xl-multivcpu 12 migrate-support-check fail never pass
test-armhf-armhf-xl-multivcpu 13 saverestore-support-check fail never pass
test-armhf-armhf-xl-vhd 10 guest-start fail never pass
test-armhf-armhf-libvirt-raw 10 guest-start fail never pass
test-armhf-armhf-xl-rtds 12 migrate-support-check fail never pass
test-armhf-armhf-xl-rtds 13 saverestore-support-check fail never pass
version targeted for testing:
xen 1678521a8a8fbc440054ec51befe68e344c6c9df
baseline version:
xen 83cb2dba9b98c4e340fe0b1f1859ddac16ad3fad
Last test of basis 106015 2017-02-23 10:24:25 Z 27 days
Testing same since 106818 2017-03-21 19:09:24 Z 0 days 1 attempts
------------------------------------------------------------
People who touched revisions under test:
Ian Jackson <ian.jackson@eu.citrix.com>
jobs:
build-amd64-xtf pass
build-amd64 pass
build-armhf pass
build-i386 pass
build-amd64-libvirt pass
build-armhf-libvirt pass
build-i386-libvirt pass
build-amd64-prev pass
build-i386-prev pass
build-amd64-pvops pass
build-armhf-pvops pass
build-i386-pvops pass
build-amd64-rumprun pass
build-i386-rumprun pass
test-xtf-amd64-amd64-1 fail
test-xtf-amd64-amd64-2 fail
test-xtf-amd64-amd64-3 fail
test-xtf-amd64-amd64-4 fail
test-xtf-amd64-amd64-5 fail
test-amd64-amd64-xl pass
test-armhf-armhf-xl pass
test-amd64-i386-xl pass
test-amd64-amd64-qemuu-nested-amd fail
test-amd64-amd64-xl-pvh-amd fail
test-amd64-i386-qemut-rhel6hvm-amd pass
test-amd64-i386-qemuu-rhel6hvm-amd pass
test-amd64-amd64-xl-qemut-debianhvm-amd64 pass
test-amd64-i386-xl-qemut-debianhvm-amd64 pass
test-amd64-amd64-xl-qemuu-debianhvm-amd64 pass
test-amd64-i386-xl-qemuu-debianhvm-amd64 pass
test-amd64-i386-freebsd10-amd64 pass
test-amd64-amd64-xl-qemuu-ovmf-amd64 pass
test-amd64-i386-xl-qemuu-ovmf-amd64 pass
test-amd64-amd64-rumprun-amd64 pass
test-amd64-amd64-xl-qemut-win7-amd64 fail
test-amd64-i386-xl-qemut-win7-amd64 fail
test-amd64-amd64-xl-qemuu-win7-amd64 pass
test-amd64-i386-xl-qemuu-win7-amd64 fail
test-armhf-armhf-xl-arndale pass
test-amd64-amd64-xl-credit2 pass
test-armhf-armhf-xl-credit2 pass
test-armhf-armhf-xl-cubietruck pass
test-amd64-i386-freebsd10-i386 pass
test-amd64-i386-rumprun-i386 pass
test-amd64-amd64-qemuu-nested-intel pass
test-amd64-amd64-xl-pvh-intel fail
test-amd64-i386-qemut-rhel6hvm-intel pass
test-amd64-i386-qemuu-rhel6hvm-intel pass
test-amd64-amd64-libvirt pass
test-armhf-armhf-libvirt pass
test-amd64-i386-libvirt pass
test-amd64-amd64-migrupgrade pass
test-amd64-i386-migrupgrade pass
test-amd64-amd64-xl-multivcpu pass
test-armhf-armhf-xl-multivcpu pass
test-amd64-amd64-pair pass
test-amd64-i386-pair pass
test-amd64-amd64-libvirt-pair pass
test-amd64-i386-libvirt-pair pass
test-amd64-amd64-amd64-pvgrub pass
test-amd64-amd64-i386-pvgrub pass
test-amd64-amd64-pygrub pass
test-amd64-amd64-xl-qcow2 pass
test-armhf-armhf-libvirt-raw fail
test-amd64-i386-xl-raw pass
test-amd64-amd64-xl-rtds fail
test-armhf-armhf-xl-rtds fail
test-amd64-i386-xl-qemut-winxpsp3-vcpus1 broken
test-amd64-i386-xl-qemuu-winxpsp3-vcpus1 pass
test-amd64-amd64-libvirt-vhd pass
test-armhf-armhf-xl-vhd fail
test-amd64-amd64-xl-qemut-winxpsp3 pass
test-amd64-i386-xl-qemut-winxpsp3 pass
test-amd64-amd64-xl-qemuu-winxpsp3 pass
test-amd64-i386-xl-qemuu-winxpsp3 pass
------------------------------------------------------------
sg-report-flight on osstest.test-lab.xenproject.org
logs: /home/logs/logs
images: /home/logs/images
Logs, config files, etc. are available at
http://logs.test-lab.xenproject.org/osstest/logs
Explanation of these reports, and of osstest in general, is at
http://xenbits.xen.org/gitweb/?p=osstest.git;a=blob;f=README.email;hb=master
http://xenbits.xen.org/gitweb/?p=osstest.git;a=blob;f=README;hb=master
Test harness code can be found at
http://xenbits.xen.org/gitweb?p=osstest.git;a=summary
broken-step test-amd64-i386-xl-qemut-winxpsp3-vcpus1 host-install(3)
Not pushing.
------------------------------------------------------------
commit 1678521a8a8fbc440054ec51befe68e344c6c9df
Author: Ian Jackson <ian.jackson@eu.citrix.com>
Date: Tue Mar 21 18:45:00 2017 +0000
QEMU_TAG update
(qemu changes not included)
_______________________________________________
Xen-devel mailing list
Xen-devel@lists.xen.org
https://lists.xen.org/xen-devel
^ permalink raw reply [flat|nested] only message in thread
only message in thread, other threads:[~2017-03-22 11:44 UTC | newest]
Thread overview: (only message) (download: mbox.gz follow: Atom feed
-- links below jump to the message on this page --
2017-03-22 11:44 [xen-4.5-testing test] 106818: regressions - trouble: broken/fail/pass osstest service owner
This is a public inbox, see mirroring instructions
for how to clone and mirror all data and code used for this inbox;
as well as URLs for NNTP newsgroup(s).