xen-devel.lists.xenproject.org archive mirror
 help / color / mirror / Atom feed
From: osstest service owner <osstest-admin@xenproject.org>
To: xen-devel@lists.xensource.com, osstest-admin@xenproject.org
Subject: [xen-unstable-coverity test] 106839: regressions - ALL FAIL
Date: Wed, 22 Mar 2017 10:21:06 +0000	[thread overview]
Message-ID: <osstest-106839-mainreport@xen.org> (raw)

[-- Attachment #1: Type: text/plain, Size: 2501 bytes --]

flight 106839 xen-unstable-coverity real [real]
http://logs.test-lab.xenproject.org/osstest/logs/106839/

Regressions :-(

Tests which did not succeed and are blocking,
including tests which could not be run:
 coverity-amd64                6 coverity-upload          fail REGR. vs. 106549

version targeted for testing:
 xen                  5ca67f7453e9b24b7dcc76846017e5dd52c4b622
baseline version:
 xen                  4361e80d228655b100bae5d19b489b39d20aa68d

Last test of basis   106549  2017-03-08 09:20:26 Z   14 days
Failing since        106616  2017-03-12 09:18:46 Z   10 days    4 attempts
Testing same since   106839  2017-03-22 09:21:04 Z    0 days    1 attempts

------------------------------------------------------------
People who touched revisions under test:
  Andrew Cooper <andrew.cooper3@citrix.com>
  Boris Ostrovsky <boris.ostrovsky@oracle.com>
  Christoph Egger <chegger@amazon.de>
  Daniel De Graaf <dgdegra@tycho.nsa.gov>
  Dario Faggioli <dario.faggioli@citrix.com>
  David Scott <dave@recoil.org>
  Elena Ufimtseva <elena.ufimtseva@oracle.com>
  George Dunlap <george.dunlap@citrix.com>
  Haozhong Zhang <haozhong.zhang@intel.com>
  Ian Jackson <ian.jackson@eu.citrix.com>
  Jan Beulich <jbeulich@suse.com>
  Juergen Gross <jgross@suse.com>
  Julien Grall <julien.grall@arm.com>
  Kevin Tian <kevin.tian@intel.com>
  Olaf Hering <olaf@aepfle.de>
  Paul Durrant <paul.durrant@citrix.com>
  Razvan Cojocaru <rcojocaru@bitdefender.com>
  Roger Pau Monne <roger.pau@citrix.com>
  Roger Pau Monné <roger.pau@citrix.com>
  Sergey Dyasli <sergey.dyasli@citrix.com>
  Suravee Suthikulpanit <suravee.suthikulpanit@amd.com>
  Tim Deegan <tim@xen.org>
  Wei Liu <wei.liu2@citrix.com>
  Zhang Chen <zhangchen.fnst@cn.fujitsu.com>
  Zhongze Liu <blackskygg@gmail.com>

jobs:
 coverity-amd64                                               fail    


------------------------------------------------------------
sg-report-flight on osstest.test-lab.xenproject.org
logs: /home/logs/logs
images: /home/logs/images

Logs, config files, etc. are available at
    http://logs.test-lab.xenproject.org/osstest/logs

Explanation of these reports, and of osstest in general, is at
    http://xenbits.xen.org/gitweb/?p=osstest.git;a=blob;f=README.email;hb=master
    http://xenbits.xen.org/gitweb/?p=osstest.git;a=blob;f=README;hb=master

Test harness code can be found at
    http://xenbits.xen.org/gitweb?p=osstest.git;a=summary


Not pushing.

(No revision log; it would be 1680 lines long.)


[-- Attachment #2: Type: text/plain, Size: 127 bytes --]

_______________________________________________
Xen-devel mailing list
Xen-devel@lists.xen.org
https://lists.xen.org/xen-devel

                 reply	other threads:[~2017-03-22 10:21 UTC|newest]

Thread overview: [no followups] expand[flat|nested]  mbox.gz  Atom feed

Reply instructions:

You may reply publicly to this message via plain-text email
using any one of the following methods:

* Save the following mbox file, import it into your mail client,
  and reply-to-all from there: mbox

  Avoid top-posting and favor interleaved quoting:
  https://en.wikipedia.org/wiki/Posting_style#Interleaved_style

* Reply using the --to, --cc, and --in-reply-to
  switches of git-send-email(1):

  git send-email \
    --in-reply-to=osstest-106839-mainreport@xen.org \
    --to=osstest-admin@xenproject.org \
    --cc=xen-devel@lists.xensource.com \
    /path/to/YOUR_REPLY

  https://kernel.org/pub/software/scm/git/docs/git-send-email.html

* If your mail client supports setting the In-Reply-To header
  via mailto: links, try the mailto: link
Be sure your reply has a Subject: header at the top and a blank line before the message body.
This is a public inbox, see mirroring instructions
for how to clone and mirror all data and code used for this inbox;
as well as URLs for NNTP newsgroup(s).