From mboxrd@z Thu Jan 1 00:00:00 1970 From: osstest service owner Subject: [xen-unstable-coverity test] 106839: regressions - ALL FAIL Date: Wed, 22 Mar 2017 10:21:06 +0000 Message-ID: Mime-Version: 1.0 Content-Type: multipart/mixed; boundary="===============2165811953710769689==" Return-path: List-Unsubscribe: , List-Post: List-Help: List-Subscribe: , Errors-To: xen-devel-bounces@lists.xen.org Sender: "Xen-devel" To: xen-devel@lists.xensource.com, osstest-admin@xenproject.org List-Id: xen-devel@lists.xenproject.org --===============2165811953710769689== Content-Type: text/plain flight 106839 xen-unstable-coverity real [real] http://logs.test-lab.xenproject.org/osstest/logs/106839/ Regressions :-( Tests which did not succeed and are blocking, including tests which could not be run: coverity-amd64 6 coverity-upload fail REGR. vs. 106549 version targeted for testing: xen 5ca67f7453e9b24b7dcc76846017e5dd52c4b622 baseline version: xen 4361e80d228655b100bae5d19b489b39d20aa68d Last test of basis 106549 2017-03-08 09:20:26 Z 14 days Failing since 106616 2017-03-12 09:18:46 Z 10 days 4 attempts Testing same since 106839 2017-03-22 09:21:04 Z 0 days 1 attempts ------------------------------------------------------------ People who touched revisions under test: Andrew Cooper Boris Ostrovsky Christoph Egger Daniel De Graaf Dario Faggioli David Scott Elena Ufimtseva George Dunlap Haozhong Zhang Ian Jackson Jan Beulich Juergen Gross Julien Grall Kevin Tian Olaf Hering Paul Durrant Razvan Cojocaru Roger Pau Monne Roger Pau Monné Sergey Dyasli Suravee Suthikulpanit Tim Deegan Wei Liu Zhang Chen Zhongze Liu jobs: coverity-amd64 fail ------------------------------------------------------------ sg-report-flight on osstest.test-lab.xenproject.org logs: /home/logs/logs images: /home/logs/images Logs, config files, etc. are available at http://logs.test-lab.xenproject.org/osstest/logs Explanation of these reports, and of osstest in general, is at http://xenbits.xen.org/gitweb/?p=osstest.git;a=blob;f=README.email;hb=master http://xenbits.xen.org/gitweb/?p=osstest.git;a=blob;f=README;hb=master Test harness code can be found at http://xenbits.xen.org/gitweb?p=osstest.git;a=summary Not pushing. (No revision log; it would be 1680 lines long.) --===============2165811953710769689== Content-Type: text/plain; charset="utf-8" MIME-Version: 1.0 Content-Transfer-Encoding: base64 Content-Disposition: inline X19fX19fX19fX19fX19fX19fX19fX19fX19fX19fX19fX19fX19fX19fX19fX18KWGVuLWRldmVs IG1haWxpbmcgbGlzdApYZW4tZGV2ZWxAbGlzdHMueGVuLm9yZwpodHRwczovL2xpc3RzLnhlbi5v cmcveGVuLWRldmVsCg== --===============2165811953710769689==--