* [xen-unstable test] 106867: regressions - trouble: blocked/broken/fail/pass
@ 2017-03-24 16:52 osstest service owner
0 siblings, 0 replies; only message in thread
From: osstest service owner @ 2017-03-24 16:52 UTC (permalink / raw)
To: xen-devel, osstest-admin
flight 106867 xen-unstable real [real]
http://logs.test-lab.xenproject.org/osstest/logs/106867/
Regressions :-(
Tests which did not succeed and are blocking,
including tests which could not be run:
test-amd64-i386-libvirt-pair 4 host-install/dst_host(4) broken REGR. vs. 106831
test-amd64-i386-xl-qemuu-winxpsp3-vcpus1 3 host-install(3) broken REGR. vs. 106831
test-amd64-amd64-migrupgrade 3 host-install/src_host(3) broken REGR. vs. 106831
test-amd64-i386-xl-qemut-winxpsp3-vcpus1 3 host-install(3) broken REGR. vs. 106831
test-xtf-amd64-amd64-4 3 host-install(3) broken REGR. vs. 106831
test-amd64-amd64-xl-qemut-debianhvm-amd64 3 host-install(3) broken REGR. vs. 106831
test-armhf-armhf-xl-arndale 9 debian-install fail REGR. vs. 106831
test-amd64-amd64-xl-pvh-amd 19 guest-start/debian.repeat fail REGR. vs. 106831
Regressions which are regarded as allowable (not blocking):
test-armhf-armhf-libvirt 13 saverestore-support-check fail like 106831
test-armhf-armhf-libvirt-xsm 13 saverestore-support-check fail like 106831
test-amd64-amd64-xl-qemut-win7-amd64 16 guest-stop fail like 106831
test-amd64-i386-xl-qemut-win7-amd64 16 guest-stop fail like 106831
test-amd64-i386-xl-qemuu-win7-amd64 16 guest-stop fail like 106831
test-amd64-amd64-xl-qemuu-win7-amd64 16 guest-stop fail like 106831
test-amd64-amd64-xl-rtds 9 debian-install fail like 106831
test-armhf-armhf-libvirt-raw 12 saverestore-support-check fail like 106831
Tests which did not succeed, but are not blocking:
test-arm64-arm64-libvirt-xsm 1 build-check(1) blocked n/a
test-arm64-arm64-xl 1 build-check(1) blocked n/a
build-arm64-libvirt 1 build-check(1) blocked n/a
test-arm64-arm64-libvirt-qcow2 1 build-check(1) blocked n/a
test-arm64-arm64-libvirt 1 build-check(1) blocked n/a
test-arm64-arm64-xl-credit2 1 build-check(1) blocked n/a
test-arm64-arm64-xl-rtds 1 build-check(1) blocked n/a
test-arm64-arm64-xl-multivcpu 1 build-check(1) blocked n/a
test-arm64-arm64-xl-xsm 1 build-check(1) blocked n/a
test-amd64-i386-libvirt 12 migrate-support-check fail never pass
test-amd64-i386-libvirt-xsm 12 migrate-support-check fail never pass
test-amd64-amd64-libvirt 12 migrate-support-check fail never pass
build-arm64 5 xen-build fail never pass
build-arm64-xsm 5 xen-build fail never pass
test-amd64-amd64-libvirt-qemuu-debianhvm-amd64-xsm 10 migrate-support-check fail never pass
test-amd64-i386-libvirt-qemuu-debianhvm-amd64-xsm 10 migrate-support-check fail never pass
build-arm64-pvops 5 kernel-build fail never pass
test-amd64-amd64-libvirt-vhd 11 migrate-support-check fail never pass
test-armhf-armhf-xl-xsm 12 migrate-support-check fail never pass
test-armhf-armhf-xl-xsm 13 saverestore-support-check fail never pass
test-armhf-armhf-libvirt 12 migrate-support-check fail never pass
test-armhf-armhf-libvirt-xsm 12 migrate-support-check fail never pass
test-amd64-amd64-qemuu-nested-amd 16 debian-hvm-install/l1/l2 fail never pass
test-armhf-armhf-xl-multivcpu 12 migrate-support-check fail never pass
test-armhf-armhf-xl-multivcpu 13 saverestore-support-check fail never pass
test-armhf-armhf-xl 12 migrate-support-check fail never pass
test-armhf-armhf-xl 13 saverestore-support-check fail never pass
test-armhf-armhf-xl-credit2 12 migrate-support-check fail never pass
test-armhf-armhf-xl-credit2 13 saverestore-support-check fail never pass
test-armhf-armhf-xl-cubietruck 12 migrate-support-check fail never pass
test-armhf-armhf-xl-cubietruck 13 saverestore-support-check fail never pass
test-amd64-amd64-libvirt-xsm 12 migrate-support-check fail never pass
test-armhf-armhf-xl-rtds 12 migrate-support-check fail never pass
test-armhf-armhf-xl-rtds 13 saverestore-support-check fail never pass
test-armhf-armhf-libvirt-raw 11 migrate-support-check fail never pass
test-armhf-armhf-xl-vhd 11 migrate-support-check fail never pass
test-armhf-armhf-xl-vhd 12 saverestore-support-check fail never pass
version targeted for testing:
xen 8d95b96da1a810bd80e51ac5fb2df37b6e61b711
baseline version:
xen 5ca67f7453e9b24b7dcc76846017e5dd52c4b622
Last test of basis 106831 2017-03-22 06:05:37 Z 2 days
Testing same since 106867 2017-03-23 11:35:11 Z 1 days 1 attempts
------------------------------------------------------------
People who touched revisions under test:
Andre Przywara <andre.przywara@arm.com>
Andrew Cooper <andrew.cooper3@citrix.com>
George Dunlap <george.dunlap@citrix.com>
Juergen Gross <jgross@suse.com>
Paul Durrant <paul.durrant@citrix.com>
Ross Lagerwall <ross.lagerwall@citrix.com>
Vitaly Kuznetsov <vkuznets@redhat.com>
Wei Liu <wei.liu2@citrix.com>
jobs:
build-amd64-xsm pass
build-arm64-xsm fail
build-armhf-xsm pass
build-i386-xsm pass
build-amd64-xtf pass
build-amd64 pass
build-arm64 fail
build-armhf pass
build-i386 pass
build-amd64-libvirt pass
build-arm64-libvirt blocked
build-armhf-libvirt pass
build-i386-libvirt pass
build-amd64-oldkern pass
build-i386-oldkern pass
build-amd64-prev pass
build-i386-prev pass
build-amd64-pvops pass
build-arm64-pvops fail
build-armhf-pvops pass
build-i386-pvops pass
build-amd64-rumprun pass
build-i386-rumprun pass
test-xtf-amd64-amd64-1 pass
test-xtf-amd64-amd64-2 pass
test-xtf-amd64-amd64-3 pass
test-xtf-amd64-amd64-4 broken
test-xtf-amd64-amd64-5 pass
test-amd64-amd64-xl pass
test-arm64-arm64-xl blocked
test-armhf-armhf-xl pass
test-amd64-i386-xl pass
test-amd64-amd64-xl-qemut-debianhvm-amd64-xsm pass
test-amd64-i386-xl-qemut-debianhvm-amd64-xsm pass
test-amd64-amd64-libvirt-qemuu-debianhvm-amd64-xsm pass
test-amd64-i386-libvirt-qemuu-debianhvm-amd64-xsm pass
test-amd64-amd64-xl-qemuu-debianhvm-amd64-xsm pass
test-amd64-i386-xl-qemuu-debianhvm-amd64-xsm pass
test-amd64-amd64-xl-qemut-stubdom-debianhvm-amd64-xsm pass
test-amd64-i386-xl-qemut-stubdom-debianhvm-amd64-xsm pass
test-amd64-amd64-libvirt-xsm pass
test-arm64-arm64-libvirt-xsm blocked
test-armhf-armhf-libvirt-xsm pass
test-amd64-i386-libvirt-xsm pass
test-amd64-amd64-xl-xsm pass
test-arm64-arm64-xl-xsm blocked
test-armhf-armhf-xl-xsm pass
test-amd64-i386-xl-xsm pass
test-amd64-amd64-qemuu-nested-amd fail
test-amd64-amd64-xl-pvh-amd fail
test-amd64-i386-qemut-rhel6hvm-amd pass
test-amd64-i386-qemuu-rhel6hvm-amd pass
test-amd64-amd64-xl-qemut-debianhvm-amd64 broken
test-amd64-i386-xl-qemut-debianhvm-amd64 pass
test-amd64-amd64-xl-qemuu-debianhvm-amd64 pass
test-amd64-i386-xl-qemuu-debianhvm-amd64 pass
test-amd64-i386-freebsd10-amd64 pass
test-amd64-amd64-xl-qemuu-ovmf-amd64 pass
test-amd64-i386-xl-qemuu-ovmf-amd64 pass
test-amd64-amd64-rumprun-amd64 pass
test-amd64-amd64-xl-qemut-win7-amd64 fail
test-amd64-i386-xl-qemut-win7-amd64 fail
test-amd64-amd64-xl-qemuu-win7-amd64 fail
test-amd64-i386-xl-qemuu-win7-amd64 fail
test-armhf-armhf-xl-arndale fail
test-amd64-amd64-xl-credit2 pass
test-arm64-arm64-xl-credit2 blocked
test-armhf-armhf-xl-credit2 pass
test-armhf-armhf-xl-cubietruck pass
test-amd64-i386-freebsd10-i386 pass
test-amd64-i386-rumprun-i386 pass
test-amd64-amd64-qemuu-nested-intel pass
test-amd64-amd64-xl-pvh-intel pass
test-amd64-i386-qemut-rhel6hvm-intel pass
test-amd64-i386-qemuu-rhel6hvm-intel pass
test-amd64-amd64-libvirt pass
test-arm64-arm64-libvirt blocked
test-armhf-armhf-libvirt pass
test-amd64-i386-libvirt pass
test-amd64-amd64-migrupgrade broken
test-amd64-i386-migrupgrade pass
test-amd64-amd64-xl-multivcpu pass
test-arm64-arm64-xl-multivcpu blocked
test-armhf-armhf-xl-multivcpu pass
test-amd64-amd64-pair pass
test-amd64-i386-pair pass
test-amd64-amd64-libvirt-pair pass
test-amd64-i386-libvirt-pair broken
test-amd64-amd64-amd64-pvgrub pass
test-amd64-amd64-i386-pvgrub pass
test-amd64-amd64-pygrub pass
test-arm64-arm64-libvirt-qcow2 blocked
test-amd64-amd64-xl-qcow2 pass
test-armhf-armhf-libvirt-raw pass
test-amd64-i386-xl-raw pass
test-amd64-amd64-xl-rtds fail
test-arm64-arm64-xl-rtds blocked
test-armhf-armhf-xl-rtds pass
test-amd64-i386-xl-qemut-winxpsp3-vcpus1 broken
test-amd64-i386-xl-qemuu-winxpsp3-vcpus1 broken
test-amd64-amd64-libvirt-vhd pass
test-armhf-armhf-xl-vhd pass
test-amd64-amd64-xl-qemut-winxpsp3 pass
test-amd64-i386-xl-qemut-winxpsp3 pass
test-amd64-amd64-xl-qemuu-winxpsp3 pass
test-amd64-i386-xl-qemuu-winxpsp3 pass
------------------------------------------------------------
sg-report-flight on osstest.test-lab.xenproject.org
logs: /home/logs/logs
images: /home/logs/images
Logs, config files, etc. are available at
http://logs.test-lab.xenproject.org/osstest/logs
Explanation of these reports, and of osstest in general, is at
http://xenbits.xen.org/gitweb/?p=osstest.git;a=blob;f=README.email;hb=master
http://xenbits.xen.org/gitweb/?p=osstest.git;a=blob;f=README;hb=master
Test harness code can be found at
http://xenbits.xen.org/gitweb?p=osstest.git;a=summary
broken-step test-amd64-i386-libvirt-pair host-install/dst_host(4)
broken-step test-amd64-i386-xl-qemuu-winxpsp3-vcpus1 host-install(3)
broken-step test-amd64-amd64-migrupgrade host-install/src_host(3)
broken-step test-amd64-i386-xl-qemut-winxpsp3-vcpus1 host-install(3)
broken-step test-xtf-amd64-amd64-4 host-install(3)
broken-step test-amd64-amd64-xl-qemut-debianhvm-amd64 host-install(3)
Not pushing.
------------------------------------------------------------
commit 8d95b96da1a810bd80e51ac5fb2df37b6e61b711
Author: Andre Przywara <andre.przywara@arm.com>
Date: Thu Mar 16 11:20:10 2017 +0000
ARM: arm64: activate atomic 64-bit accessors
For some reason (probably because there was no user before) the 64-bit
atomic access wrappers were commented out so far.
As we will need them in the next patch, active (and fix) them now.
Signed-off-by: Andre Przywara <andre.przywara@arm.com>
Reviewed-by: Julien Grall <julien.grall@arm.com>
Reviewed-by: Stefano Stabellini <sstabellini@kernel.org>
commit cfb0cfb27d25e6f4ae81c13f201367ab9a350611
Author: Vitaly Kuznetsov <vkuznets@redhat.com>
Date: Mon Mar 20 19:03:10 2017 +0100
libxl: don't try to rename dm save file for PVH
Guests with LIBXL_DEVICE_MODEL_VERSION_NONE don't have a device model
running so there is no save file to rename.
Signed-off-by: Vitaly Kuznetsov <vkuznets@redhat.com>
Acked-by: Wei Liu <wei.liu2@citrix.com>
commit ee92c92b510ac4bfb6b178daf8c9d7542fc11378
Author: Andrew Cooper <andrew.cooper3@citrix.com>
Date: Mon Mar 20 16:32:10 2017 +0000
tools/libxc: Drop dombuilder support for PV autotranslate guests
c/s 4045953 "x86/paging: Enforce PG_external == PG_translate == PG_refcounts"
in the hypervisor finally prevented the construction of PV autotranslate
guests.
Remove support for such guests in the domain builder, bailing out with an
obvious "no longer supported" message, rather than a more obscure
"SHADOW_OP_ENABLED failed".
As a piece of cleanup, rename xc_dom_feature_translated() to
xc_dom_translated() to match its actual semantics.
Signed-off-by: Andrew Cooper <andrew.cooper3@citrix.com>
Acked-by: Wei Liu <wei.liu2@citrix.com>
commit 670a34bb3e118fd729c39f667550d5d49b0f9118
Author: Juergen Gross <jgross@suse.com>
Date: Mon Mar 20 09:00:21 2017 +0100
xenstore: add missing checks for allocation failure
Add missing allocation failure checks.
Signed-off-by: Juergen Gross <jgross@suse.com>
Reviewed-by: Wei Liu <wei.liu2@citrix.com>
commit ec4abec2098ca59b2cb83b45843da21f65da79d7
Author: Juergen Gross <jgross@suse.com>
Date: Mon Mar 20 09:00:20 2017 +0100
xenstore: set correct error code when violating quota
When the number of permitted xenstore entries for a domain is being
exceeded the operation trying to create a new entry is denied.
Unfortunately errno isn't being set in this case so the error code
returned to the client is undefined.
Set errno to ENOSPC in this case.
Signed-off-by: Juergen Gross <jgross@suse.com>
Acked-by: Wei Liu <wei.liu2@citrix.com>
commit 5047677108c891f25f362487933699ea6eb5c336
Author: Paul Durrant <paul.durrant@citrix.com>
Date: Wed Mar 22 12:04:20 2017 +0100
x86/viridian: add warnings for unimplemented hypercalls and MSRs
These warnings can be useful when Microsoft updates Windows.
In the past there have been several cases when Windows erroneously uses
hypercalls and MSRs that should be gated on CPUID flags than Xen does
not set. The usual symptom is a guest crash with little or no information
in the hypervisor log. Adding these warnings at least gives a clue as to
what might be happening in such cases.
Some versions of Windows do currently issue hypercalls that they should
not, so this patch whitelists those to avoid the warnings as the lack
of implementation is clearly proved not to be a problem to the guest.
The warnings are rate limited so a malicious guest cannot use them to
as a DoS.
NOTE: Because the MSR warnings need to be gated on range checking the
MSR address this patch imports the up-to-date definitions of all
the viridian MSRs from the specification.
Signed-off-by: Paul Durrant <paul.durrant@citrix.com>
Reviewed-by: Jan Beulich <jbeulich@suse.com>
commit 791260bab71a1c969b17ff77356a8a5f592fad43
Author: Paul Durrant <paul.durrant@citrix.com>
Date: Wed Mar 22 12:03:54 2017 +0100
x86/viridian: get rid of the magic numbers in CPUID leaves 1 and 2
The numbers correspond to ASCII characters so just use appropriate
character strings directly.
Signed-off-by: Paul Durrant <paul.durrant@citrix.com>
Reviewed-by: Jan Beulich <jbeulich@suse.com>
commit 4567bf73c18cc4670f83de09d50911aae8cda64b
Author: Paul Durrant <paul.durrant@citrix.com>
Date: Wed Mar 22 12:03:03 2017 +0100
x86/viridian: fix xen-hvmcrash when vp_assist page is present
Currently use of xen-hvmcrash will cause an immediate domain_crash() in
initialize_vp_assist() because it is called from viridian_load_vcpu_ctxt()
without having first cleared any previous mapping.
This patch addes a check into viridian_load_vcpu_ctxt() to avoid re-
initialization and turned the domain_crash() in initialize_vp_assist()
into an ASSERT() since neither codepath into that function should allow
it to be hit.
Signed-off-by: Paul Durrant <paul.durrant@citrix.com>
Reviewed-by: Jan Beulich <jbeulich@suse.com>
commit 0d670cd46cb53f6bb4e052d71f08962973c88a4c
Author: Ross Lagerwall <ross.lagerwall@citrix.com>
Date: Wed Mar 22 12:02:01 2017 +0100
x86/mm: use statically defined locking order
Instead of using a locking order based on line numbers which interacts
poorly with trying to create a live patch, statically define the locking
order.
Signed-off-by: Ross Lagerwall <ross.lagerwall@citrix.com>
Reviewed-by: Dario Faggioli <dario.faggioli@citrix.com>
Acked-by: George Dunlap <george.dunlap@citrix.com>
(qemu changes not included)
_______________________________________________
Xen-devel mailing list
Xen-devel@lists.xen.org
https://lists.xen.org/xen-devel
^ permalink raw reply [flat|nested] only message in thread
only message in thread, other threads:[~2017-03-24 16:52 UTC | newest]
Thread overview: (only message) (download: mbox.gz follow: Atom feed
-- links below jump to the message on this page --
2017-03-24 16:52 [xen-unstable test] 106867: regressions - trouble: blocked/broken/fail/pass osstest service owner
This is a public inbox, see mirroring instructions
for how to clone and mirror all data and code used for this inbox;
as well as URLs for NNTP newsgroup(s).