From mboxrd@z Thu Jan 1 00:00:00 1970 From: osstest service owner Subject: [xen-unstable-coverity test] 106925: regressions - ALL FAIL Date: Sun, 26 Mar 2017 11:41:47 +0000 Message-ID: Mime-Version: 1.0 Content-Type: multipart/mixed; boundary="===============4310322271714365325==" Return-path: List-Unsubscribe: , List-Post: List-Help: List-Subscribe: , Errors-To: xen-devel-bounces@lists.xen.org Sender: "Xen-devel" To: xen-devel@lists.xensource.com, osstest-admin@xenproject.org List-Id: xen-devel@lists.xenproject.org --===============4310322271714365325== Content-Type: text/plain flight 106925 xen-unstable-coverity real [real] http://logs.test-lab.xenproject.org/osstest/logs/106925/ Regressions :-( Tests which did not succeed and are blocking, including tests which could not be run: coverity-amd64 6 coverity-upload fail REGR. vs. 106549 version targeted for testing: xen 5b08f85689a8479f947be74563fe993875b9caa9 baseline version: xen 4361e80d228655b100bae5d19b489b39d20aa68d Last test of basis 106549 2017-03-08 09:20:26 Z 18 days Failing since 106616 2017-03-12 09:18:46 Z 14 days 5 attempts Testing same since 106925 2017-03-26 09:19:53 Z 0 days 1 attempts ------------------------------------------------------------ People who touched revisions under test: Andre Przywara Andrew Cooper Anthony PERARD Boris Ostrovsky Christoph Egger Daniel De Graaf Dario Faggioli David Scott Elena Ufimtseva George Dunlap Haozhong Zhang Ian Jackson Jan Beulich Juergen Gross Julien Grall Kevin Tian Luca Miccio Olaf Hering Paul Durrant Razvan Cojocaru Roger Pau Monne Roger Pau Monné Ross Lagerwall Sergey Dyasli Suravee Suthikulpanit Tim Deegan Vitaly Kuznetsov Wei Liu Zhang Chen Zhongze Liu jobs: coverity-amd64 fail ------------------------------------------------------------ sg-report-flight on osstest.test-lab.xenproject.org logs: /home/logs/logs images: /home/logs/images Logs, config files, etc. are available at http://logs.test-lab.xenproject.org/osstest/logs Explanation of these reports, and of osstest in general, is at http://xenbits.xen.org/gitweb/?p=osstest.git;a=blob;f=README.email;hb=master http://xenbits.xen.org/gitweb/?p=osstest.git;a=blob;f=README;hb=master Test harness code can be found at http://xenbits.xen.org/gitweb?p=osstest.git;a=summary Not pushing. (No revision log; it would be 2176 lines long.) --===============4310322271714365325== Content-Type: text/plain; charset="utf-8" MIME-Version: 1.0 Content-Transfer-Encoding: base64 Content-Disposition: inline X19fX19fX19fX19fX19fX19fX19fX19fX19fX19fX19fX19fX19fX19fX19fX18KWGVuLWRldmVs IG1haWxpbmcgbGlzdApYZW4tZGV2ZWxAbGlzdHMueGVuLm9yZwpodHRwczovL2xpc3RzLnhlbi5v cmcveGVuLWRldmVsCg== --===============4310322271714365325==--