xen-devel.lists.xenproject.org archive mirror
 help / color / mirror / Atom feed
From: osstest service owner <osstest-admin@xenproject.org>
To: xen-devel@lists.xensource.com, osstest-admin@xenproject.org
Subject: [xen-unstable-smoke test] 106936: regressions - trouble: broken/fail/pass
Date: Mon, 27 Mar 2017 15:14:21 +0000	[thread overview]
Message-ID: <osstest-106936-mainreport@xen.org> (raw)

flight 106936 xen-unstable-smoke real [real]
http://logs.test-lab.xenproject.org/osstest/logs/106936/

Regressions :-(

Tests which did not succeed and are blocking,
including tests which could not be run:
 test-armhf-armhf-xl         15 guest-start/debian.repeat fail REGR. vs. 106935

Tests which did not succeed, but are not blocking:
 test-arm64-arm64-xl-xsm       1 build-check(1)               blocked  n/a
 test-amd64-amd64-libvirt     12 migrate-support-check        fail   never pass
 build-arm64                   5 xen-build                    fail   never pass
 build-arm64-pvops             5 kernel-build                 fail   never pass
 test-armhf-armhf-xl          12 migrate-support-check        fail   never pass
 test-armhf-armhf-xl          13 saverestore-support-check    fail   never pass

version targeted for testing:
 xen                  bd819203e05b5204b5d6911294149609cf436387
baseline version:
 xen                  d8868bff6c3f569658e0ba14cdc4cf1891862ee1

Last test of basis   106935  2017-03-27 11:02:40 Z    0 days
Testing same since   106936  2017-03-27 13:00:58 Z    0 days    1 attempts

------------------------------------------------------------
People who touched revisions under test:
  Dario Faggioli <dario.faggioli@citrix.com>
  George Dunlap <george.dunlap@citrix.com>
  Paul Durrant <paul.durrant@citrix.com>
  Wei Liu <wei.liu2@citrix.com>

jobs:
 build-amd64                                                  pass    
 build-arm64                                                  fail    
 build-armhf                                                  pass    
 build-amd64-libvirt                                          pass    
 build-arm64-pvops                                            fail    
 test-armhf-armhf-xl                                          fail    
 test-arm64-arm64-xl-xsm                                      broken  
 test-amd64-amd64-xl-qemuu-debianhvm-i386                     pass    
 test-amd64-amd64-libvirt                                     pass    


------------------------------------------------------------
sg-report-flight on osstest.test-lab.xenproject.org
logs: /home/logs/logs
images: /home/logs/images

Logs, config files, etc. are available at
    http://logs.test-lab.xenproject.org/osstest/logs

Explanation of these reports, and of osstest in general, is at
    http://xenbits.xen.org/gitweb/?p=osstest.git;a=blob;f=README.email;hb=master
    http://xenbits.xen.org/gitweb/?p=osstest.git;a=blob;f=README;hb=master

Test harness code can be found at
    http://xenbits.xen.org/gitweb?p=osstest.git;a=summary


Not pushing.

------------------------------------------------------------
commit bd819203e05b5204b5d6911294149609cf436387
Author: Dario Faggioli <dario.faggioli@citrix.com>
Date:   Tue Feb 21 12:56:24 2017 +0100

    tracing: xenalyze: kill spurious ", " in Credit1 traces.
    
    Signed-off-by: Dario Faggioli <dario.faggioli@citrix.com>
    Acked-by: George Dunlap <george.dunlap@citrix.com>

commit 9a7fbdd6925bd6323941ee8a08b3884aa0cef6fe
Author: Paul Durrant <paul.durrant@citrix.com>
Date:   Mon Mar 27 11:51:22 2017 +0100

    tools/libxenforeignmemory: bind restrict operation to new version
    
    Commit 5823d6eb "add a call to restrict the handle" added a new function
    to the foreignmemory API. This API is considered stable and so the new
    function should be bound to a new version.
    
    This patch creates version 1.1 of the API, dependent on version 1.0, and
    binds the restrict call to version 1.1. Thus version 1.0 is as it was
    before the new function was added.
    
    Signed-off-by: Paul Durrant <paul.durrant@citrix.com>
    Acked-by: Wei Liu <wei.liu2@citrix.com>
(qemu changes not included)

_______________________________________________
Xen-devel mailing list
Xen-devel@lists.xen.org
https://lists.xen.org/xen-devel

                 reply	other threads:[~2017-03-27 15:14 UTC|newest]

Thread overview: [no followups] expand[flat|nested]  mbox.gz  Atom feed

Reply instructions:

You may reply publicly to this message via plain-text email
using any one of the following methods:

* Save the following mbox file, import it into your mail client,
  and reply-to-all from there: mbox

  Avoid top-posting and favor interleaved quoting:
  https://en.wikipedia.org/wiki/Posting_style#Interleaved_style

* Reply using the --to, --cc, and --in-reply-to
  switches of git-send-email(1):

  git send-email \
    --in-reply-to=osstest-106936-mainreport@xen.org \
    --to=osstest-admin@xenproject.org \
    --cc=xen-devel@lists.xensource.com \
    /path/to/YOUR_REPLY

  https://kernel.org/pub/software/scm/git/docs/git-send-email.html

* If your mail client supports setting the In-Reply-To header
  via mailto: links, try the mailto: link
Be sure your reply has a Subject: header at the top and a blank line before the message body.
This is a public inbox, see mirroring instructions
for how to clone and mirror all data and code used for this inbox;
as well as URLs for NNTP newsgroup(s).