From: osstest service owner <osstest-admin@xenproject.org>
To: xen-devel@lists.xensource.com, osstest-admin@xenproject.org
Subject: [qemu-mainline test] 106941: regressions - FAIL
Date: Tue, 28 Mar 2017 02:32:03 +0000 [thread overview]
Message-ID: <osstest-106941-mainreport@xen.org> (raw)
flight 106941 qemu-mainline real [real]
http://logs.test-lab.xenproject.org/osstest/logs/106941/
Regressions :-(
Tests which did not succeed and are blocking,
including tests which could not be run:
test-amd64-i386-libvirt 17 guest-start/debian.repeat fail REGR. vs. 106905
Regressions which are regarded as allowable (not blocking):
test-armhf-armhf-libvirt-xsm 13 saverestore-support-check fail like 106905
test-amd64-i386-xl-qemuu-win7-amd64 16 guest-stop fail like 106905
test-armhf-armhf-libvirt-raw 12 saverestore-support-check fail like 106905
test-amd64-amd64-xl-qemuu-win7-amd64 16 guest-stop fail like 106905
test-amd64-amd64-xl-rtds 9 debian-install fail like 106905
test-armhf-armhf-libvirt 13 saverestore-support-check fail like 106905
Tests which did not succeed, but are not blocking:
test-arm64-arm64-libvirt-xsm 1 build-check(1) blocked n/a
test-arm64-arm64-xl 1 build-check(1) blocked n/a
build-arm64-libvirt 1 build-check(1) blocked n/a
test-arm64-arm64-libvirt-qcow2 1 build-check(1) blocked n/a
test-arm64-arm64-libvirt 1 build-check(1) blocked n/a
test-arm64-arm64-xl-credit2 1 build-check(1) blocked n/a
test-arm64-arm64-xl-rtds 1 build-check(1) blocked n/a
test-arm64-arm64-xl-multivcpu 1 build-check(1) blocked n/a
test-arm64-arm64-xl-xsm 1 build-check(1) blocked n/a
test-amd64-i386-libvirt-xsm 12 migrate-support-check fail never pass
test-amd64-amd64-libvirt-xsm 12 migrate-support-check fail never pass
build-arm64-xsm 5 xen-build fail never pass
build-arm64 5 xen-build fail never pass
test-amd64-amd64-libvirt-qemuu-debianhvm-amd64-xsm 10 migrate-support-check fail never pass
test-amd64-i386-libvirt-qemuu-debianhvm-amd64-xsm 10 migrate-support-check fail never pass
build-arm64-pvops 5 kernel-build fail never pass
test-amd64-amd64-libvirt-vhd 11 migrate-support-check fail never pass
test-amd64-amd64-qemuu-nested-amd 16 debian-hvm-install/l1/l2 fail never pass
test-armhf-armhf-libvirt-xsm 12 migrate-support-check fail never pass
test-armhf-armhf-xl-credit2 12 migrate-support-check fail never pass
test-armhf-armhf-xl-credit2 13 saverestore-support-check fail never pass
test-armhf-armhf-xl-xsm 12 migrate-support-check fail never pass
test-armhf-armhf-xl-xsm 13 saverestore-support-check fail never pass
test-armhf-armhf-xl-multivcpu 12 migrate-support-check fail never pass
test-armhf-armhf-xl-multivcpu 13 saverestore-support-check fail never pass
test-armhf-armhf-xl-cubietruck 12 migrate-support-check fail never pass
test-armhf-armhf-xl-cubietruck 13 saverestore-support-check fail never pass
test-amd64-amd64-libvirt 12 migrate-support-check fail never pass
test-amd64-i386-libvirt 12 migrate-support-check fail never pass
test-armhf-armhf-libvirt-raw 11 migrate-support-check fail never pass
test-armhf-armhf-xl-vhd 11 migrate-support-check fail never pass
test-armhf-armhf-xl-vhd 12 saverestore-support-check fail never pass
test-armhf-armhf-xl-arndale 12 migrate-support-check fail never pass
test-armhf-armhf-xl-arndale 13 saverestore-support-check fail never pass
test-armhf-armhf-xl 12 migrate-support-check fail never pass
test-armhf-armhf-xl 13 saverestore-support-check fail never pass
test-armhf-armhf-xl-rtds 12 migrate-support-check fail never pass
test-armhf-armhf-xl-rtds 13 saverestore-support-check fail never pass
test-armhf-armhf-libvirt 12 migrate-support-check fail never pass
version targeted for testing:
qemuu a001631cb8eef07654e0ca508dd24f448e0fd936
baseline version:
qemuu ea2afcf5b6727a577cf561fd8fe0d8c397ecc927
Last test of basis 106905 2017-03-25 04:24:43 Z 2 days
Testing same since 106941 2017-03-27 16:13:12 Z 0 days 1 attempts
------------------------------------------------------------
People who touched revisions under test:
Gerd Hoffmann <kraxel@redhat.com>
Ladi Prosek <lprosek@redhat.com>
Peter Maydell <peter.maydell@linaro.org>
jobs:
build-amd64-xsm pass
build-arm64-xsm fail
build-armhf-xsm pass
build-i386-xsm pass
build-amd64 pass
build-arm64 fail
build-armhf pass
build-i386 pass
build-amd64-libvirt pass
build-arm64-libvirt blocked
build-armhf-libvirt pass
build-i386-libvirt pass
build-amd64-pvops pass
build-arm64-pvops fail
build-armhf-pvops pass
build-i386-pvops pass
test-amd64-amd64-xl pass
test-arm64-arm64-xl blocked
test-armhf-armhf-xl pass
test-amd64-i386-xl pass
test-amd64-amd64-libvirt-qemuu-debianhvm-amd64-xsm pass
test-amd64-i386-libvirt-qemuu-debianhvm-amd64-xsm pass
test-amd64-amd64-xl-qemuu-debianhvm-amd64-xsm pass
test-amd64-i386-xl-qemuu-debianhvm-amd64-xsm pass
test-amd64-amd64-libvirt-xsm pass
test-arm64-arm64-libvirt-xsm blocked
test-armhf-armhf-libvirt-xsm pass
test-amd64-i386-libvirt-xsm pass
test-amd64-amd64-xl-xsm pass
test-arm64-arm64-xl-xsm blocked
test-armhf-armhf-xl-xsm pass
test-amd64-i386-xl-xsm pass
test-amd64-amd64-qemuu-nested-amd fail
test-amd64-amd64-xl-pvh-amd pass
test-amd64-i386-qemuu-rhel6hvm-amd pass
test-amd64-amd64-xl-qemuu-debianhvm-amd64 pass
test-amd64-i386-xl-qemuu-debianhvm-amd64 pass
test-amd64-i386-freebsd10-amd64 pass
test-amd64-amd64-xl-qemuu-ovmf-amd64 pass
test-amd64-i386-xl-qemuu-ovmf-amd64 pass
test-amd64-amd64-xl-qemuu-win7-amd64 fail
test-amd64-i386-xl-qemuu-win7-amd64 fail
test-armhf-armhf-xl-arndale pass
test-amd64-amd64-xl-credit2 pass
test-arm64-arm64-xl-credit2 blocked
test-armhf-armhf-xl-credit2 pass
test-armhf-armhf-xl-cubietruck pass
test-amd64-i386-freebsd10-i386 pass
test-amd64-amd64-qemuu-nested-intel pass
test-amd64-amd64-xl-pvh-intel pass
test-amd64-i386-qemuu-rhel6hvm-intel pass
test-amd64-amd64-libvirt pass
test-arm64-arm64-libvirt blocked
test-armhf-armhf-libvirt pass
test-amd64-i386-libvirt fail
test-amd64-amd64-xl-multivcpu pass
test-arm64-arm64-xl-multivcpu blocked
test-armhf-armhf-xl-multivcpu pass
test-amd64-amd64-pair pass
test-amd64-i386-pair pass
test-amd64-amd64-libvirt-pair pass
test-amd64-i386-libvirt-pair pass
test-amd64-amd64-amd64-pvgrub pass
test-amd64-amd64-i386-pvgrub pass
test-amd64-amd64-pygrub pass
test-arm64-arm64-libvirt-qcow2 blocked
test-amd64-amd64-xl-qcow2 pass
test-armhf-armhf-libvirt-raw pass
test-amd64-i386-xl-raw pass
test-amd64-amd64-xl-rtds fail
test-arm64-arm64-xl-rtds blocked
test-armhf-armhf-xl-rtds pass
test-amd64-i386-xl-qemuu-winxpsp3-vcpus1 pass
test-amd64-amd64-libvirt-vhd pass
test-armhf-armhf-xl-vhd pass
test-amd64-amd64-xl-qemuu-winxpsp3 pass
test-amd64-i386-xl-qemuu-winxpsp3 pass
------------------------------------------------------------
sg-report-flight on osstest.test-lab.xenproject.org
logs: /home/logs/logs
images: /home/logs/images
Logs, config files, etc. are available at
http://logs.test-lab.xenproject.org/osstest/logs
Explanation of these reports, and of osstest in general, is at
http://xenbits.xen.org/gitweb/?p=osstest.git;a=blob;f=README.email;hb=master
http://xenbits.xen.org/gitweb/?p=osstest.git;a=blob;f=README;hb=master
Test harness code can be found at
http://xenbits.xen.org/gitweb?p=osstest.git;a=summary
Not pushing.
------------------------------------------------------------
commit a001631cb8eef07654e0ca508dd24f448e0fd936
Merge: ea2afcf e5766eb
Author: Peter Maydell <peter.maydell@linaro.org>
Date: Mon Mar 27 16:15:29 2017 +0100
Merge remote-tracking branch 'remotes/kraxel/tags/pull-fixes-20170327-1' into staging
fixes for 2.9: vga, egl, cirrus, virtio-input.
# gpg: Signature made Mon 27 Mar 2017 14:19:45 BST
# gpg: using RSA key 0x4CB6D8EED3E87138
# gpg: Good signature from "Gerd Hoffmann (work) <kraxel@redhat.com>"
# gpg: aka "Gerd Hoffmann <gerd@kraxel.org>"
# gpg: aka "Gerd Hoffmann (private) <kraxel@gmail.com>"
# Primary key fingerprint: A032 8CFF B93A 17A7 9901 FE7D 4CB6 D8EE D3E8 7138
* remotes/kraxel/tags/pull-fixes-20170327-1:
vnc: fix reverse mode
ui/egl-helpers: fix egl 1.5 display init
cirrus: fix PUTPIXEL macro
virtio-input: fix eventq batching
virtio-input: free event queue when finalizing
Signed-off-by: Peter Maydell <peter.maydell@linaro.org>
commit e5766eb40453b1d22815fc5482802688ff184006
Author: Gerd Hoffmann <kraxel@redhat.com>
Date: Tue Mar 14 09:26:58 2017 +0100
vnc: fix reverse mode
vnc server in reverse mode (qemu -vnc localhost:$nr,reverse) interprets
$nr as display number (i.e. with 5900 offset) in recent qemu versions.
Historical and documented behavior is interpreting $nr as port number
though. So we should bring code and documentation in line.
Given that default listening port for viewers is 5500 the 5900 offset is
pretty inconvinient, because it is simply impossible to connect to port
5500. So, lets fix the code not the docs.
Signed-off-by: Gerd Hoffmann <kraxel@redhat.com>
Reviewed-by: Daniel P. Berrange <berrange@redhat.com>
Message-id: 1489480018-11443-1-git-send-email-kraxel@redhat.com
commit 8bce03e39328f0b3a6700efb9edb8b7d7aef629b
Author: Gerd Hoffmann <kraxel@redhat.com>
Date: Mon Mar 20 09:04:02 2017 +0100
ui/egl-helpers: fix egl 1.5 display init
Unfortunaly switching to getPlatformDisplayEXT isn't as easy as
implemented by 0ea1523fb6703aa0dcd65e66b59e96fec028e60a. See the
longish comment for the complete story.
Cc: Frediano Ziglio <fziglio@redhat.com>
Suggested-by: Hans de Goede <hdegoede@redhat.com>
Signed-off-by: Gerd Hoffmann <kraxel@redhat.com>
Message-id: 1489997042-1824-1-git-send-email-kraxel@redhat.com
commit db6cd4c855fd7a9e397bafd3361e66509fe47de0
Author: Gerd Hoffmann <kraxel@redhat.com>
Date: Wed Mar 22 08:38:23 2017 +0100
cirrus: fix PUTPIXEL macro
Should be "c" not "col". The macro is used with "col" as third parameter
everywhere, so this tyops doesn't break something.
Fixes: 026aeffcb4752054830ba203020ed6eb05bcaba8
Reported-by: Dr. David Alan Gilbert <dgilbert@redhat.com>
Signed-off-by: Gerd Hoffmann <kraxel@redhat.com>
Reviewed-by: Dr. David Alan Gilbert <dgilbert@redhat.com>
Message-id: 1490168303-24588-1-git-send-email-kraxel@redhat.com
commit 57094547dfea4ce784923b8abb53ac3ab4e3961a
Author: Ladi Prosek <lprosek@redhat.com>
Date: Fri Mar 24 15:24:50 2017 +0100
virtio-input: fix eventq batching
virtio_input_send buffers input events until it sees a SYNC. Then it
either sends or drops the entire batch, depending on whether eventq
has enough space available. The case to avoid here is partial sends
where only part of the batch would get to the guest.
Using virtqueue_get_avail_bytes to check the state of eventq was not
correct. The queue may have a smaller number of larger buffers
available so bytes may be enough but the batch would still not be
possible to send, leading to the "Huh? No vq elem available" error.
Instead of checking available bytes, this patch optimistically pops
buffers from the queue and puts them back in case it runs out of
space and the batch needs to be dropped.
Signed-off-by: Ladi Prosek <lprosek@redhat.com>
Message-id: 1490365490-4854-3-git-send-email-lprosek@redhat.com
Signed-off-by: Gerd Hoffmann <kraxel@redhat.com>
commit 0f5a15e40ad1512c70d1323a73c7b073e32e17ee
Author: Ladi Prosek <lprosek@redhat.com>
Date: Fri Mar 24 15:24:49 2017 +0100
virtio-input: free event queue when finalizing
VirtIOInput.queue was never freed. This commit adds an explicit
g_free to virtio_input_finalize and switches the allocation
function from realloc to g_realloc in virtio_input_send.
Signed-off-by: Ladi Prosek <lprosek@redhat.com>
Message-id: 1490365490-4854-2-git-send-email-lprosek@redhat.com
Signed-off-by: Gerd Hoffmann <kraxel@redhat.com>
_______________________________________________
Xen-devel mailing list
Xen-devel@lists.xen.org
https://lists.xen.org/xen-devel
reply other threads:[~2017-03-28 2:32 UTC|newest]
Thread overview: [no followups] expand[flat|nested] mbox.gz Atom feed
Reply instructions:
You may reply publicly to this message via plain-text email
using any one of the following methods:
* Save the following mbox file, import it into your mail client,
and reply-to-all from there: mbox
Avoid top-posting and favor interleaved quoting:
https://en.wikipedia.org/wiki/Posting_style#Interleaved_style
* Reply using the --to, --cc, and --in-reply-to
switches of git-send-email(1):
git send-email \
--in-reply-to=osstest-106941-mainreport@xen.org \
--to=osstest-admin@xenproject.org \
--cc=xen-devel@lists.xensource.com \
/path/to/YOUR_REPLY
https://kernel.org/pub/software/scm/git/docs/git-send-email.html
* If your mail client supports setting the In-Reply-To header
via mailto: links, try the mailto: link
Be sure your reply has a Subject: header at the top and a blank line
before the message body.
This is a public inbox, see mirroring instructions
for how to clone and mirror all data and code used for this inbox;
as well as URLs for NNTP newsgroup(s).