* [libvirt test] 106952: regressions - FAIL
@ 2017-03-28 8:09 osstest service owner
2017-03-28 23:39 ` Jim Fehlig
0 siblings, 1 reply; 3+ messages in thread
From: osstest service owner @ 2017-03-28 8:09 UTC (permalink / raw)
To: xen-devel, osstest-admin
[-- Attachment #1: Type: text/plain, Size: 5602 bytes --]
flight 106952 libvirt real [real]
http://logs.test-lab.xenproject.org/osstest/logs/106952/
Regressions :-(
Tests which did not succeed and are blocking,
including tests which could not be run:
build-i386-libvirt 5 libvirt-build fail REGR. vs. 106829
build-armhf-libvirt 5 libvirt-build fail REGR. vs. 106829
Tests which did not succeed, but are not blocking:
test-arm64-arm64-libvirt-xsm 1 build-check(1) blocked n/a
test-amd64-i386-libvirt-qemuu-debianhvm-amd64-xsm 1 build-check(1) blocked n/a
test-armhf-armhf-libvirt 1 build-check(1) blocked n/a
build-arm64-libvirt 1 build-check(1) blocked n/a
test-arm64-arm64-libvirt-qcow2 1 build-check(1) blocked n/a
test-amd64-i386-libvirt 1 build-check(1) blocked n/a
test-armhf-armhf-libvirt-raw 1 build-check(1) blocked n/a
test-arm64-arm64-libvirt 1 build-check(1) blocked n/a
test-amd64-i386-libvirt-xsm 1 build-check(1) blocked n/a
test-armhf-armhf-libvirt-xsm 1 build-check(1) blocked n/a
test-amd64-i386-libvirt-pair 1 build-check(1) blocked n/a
test-amd64-amd64-libvirt-xsm 12 migrate-support-check fail never pass
test-amd64-amd64-libvirt 12 migrate-support-check fail never pass
build-arm64-xsm 5 xen-build fail never pass
build-arm64 5 xen-build fail never pass
test-amd64-amd64-libvirt-qemuu-debianhvm-amd64-xsm 10 migrate-support-check fail never pass
build-arm64-pvops 5 kernel-build fail never pass
test-amd64-amd64-libvirt-vhd 11 migrate-support-check fail never pass
version targeted for testing:
libvirt ecc3a63bf2e998d4bf9e63d5260a8adcd8288150
baseline version:
libvirt 9b14b2bc3ba95457589fe08f139542476314ff19
Last test of basis 106829 2017-03-22 04:22:56 Z 6 days
Failing since 106855 2017-03-23 04:22:59 Z 5 days 6 attempts
Testing same since 106952 2017-03-28 04:21:51 Z 0 days 1 attempts
------------------------------------------------------------
People who touched revisions under test:
Andrea Bolognani <abologna@redhat.com>
Cédric Bosdonnat <cbosdonnat@suse.com>
Eric Blake <eblake@redhat.com>
Erik Skultety <eskultet@redhat.com>
Jiri Denemark <jdenemar@redhat.com>
John Ferlan <jferlan@redhat.com>
Ján Tomko <jtomko@redhat.com>
Laine Stump <laine@laine.org>
Martin Kletzander <mkletzan@redhat.com>
Michal Privoznik <mprivozn@redhat.com>
Peter Krempa <pkrempa@redhat.com>
Roman Bogorodskiy <bogorodskiy@gmail.com>
jobs:
build-amd64-xsm pass
build-arm64-xsm fail
build-armhf-xsm pass
build-i386-xsm pass
build-amd64 pass
build-arm64 fail
build-armhf pass
build-i386 pass
build-amd64-libvirt pass
build-arm64-libvirt blocked
build-armhf-libvirt fail
build-i386-libvirt fail
build-amd64-pvops pass
build-arm64-pvops fail
build-armhf-pvops pass
build-i386-pvops pass
test-amd64-amd64-libvirt-qemuu-debianhvm-amd64-xsm pass
test-amd64-i386-libvirt-qemuu-debianhvm-amd64-xsm blocked
test-amd64-amd64-libvirt-xsm pass
test-arm64-arm64-libvirt-xsm blocked
test-armhf-armhf-libvirt-xsm blocked
test-amd64-i386-libvirt-xsm blocked
test-amd64-amd64-libvirt pass
test-arm64-arm64-libvirt blocked
test-armhf-armhf-libvirt blocked
test-amd64-i386-libvirt blocked
test-amd64-amd64-libvirt-pair pass
test-amd64-i386-libvirt-pair blocked
test-arm64-arm64-libvirt-qcow2 blocked
test-armhf-armhf-libvirt-raw blocked
test-amd64-amd64-libvirt-vhd pass
------------------------------------------------------------
sg-report-flight on osstest.test-lab.xenproject.org
logs: /home/logs/logs
images: /home/logs/images
Logs, config files, etc. are available at
http://logs.test-lab.xenproject.org/osstest/logs
Explanation of these reports, and of osstest in general, is at
http://xenbits.xen.org/gitweb/?p=osstest.git;a=blob;f=README.email;hb=master
http://xenbits.xen.org/gitweb/?p=osstest.git;a=blob;f=README;hb=master
Test harness code can be found at
http://xenbits.xen.org/gitweb?p=osstest.git;a=summary
Not pushing.
(No revision log; it would be 2431 lines long.)
[-- Attachment #2: Type: text/plain, Size: 127 bytes --]
_______________________________________________
Xen-devel mailing list
Xen-devel@lists.xen.org
https://lists.xen.org/xen-devel
^ permalink raw reply [flat|nested] 3+ messages in thread
* Re: [libvirt test] 106952: regressions - FAIL
2017-03-28 8:09 [libvirt test] 106952: regressions - FAIL osstest service owner
@ 2017-03-28 23:39 ` Jim Fehlig
2017-03-29 10:31 ` Ian Jackson
0 siblings, 1 reply; 3+ messages in thread
From: Jim Fehlig @ 2017-03-28 23:39 UTC (permalink / raw)
To: osstest service owner, xen-devel
On 03/28/2017 02:09 AM, osstest service owner wrote:
> flight 106952 libvirt real [real]
> http://logs.test-lab.xenproject.org/osstest/logs/106952/
>
> Regressions :-(
>
> Tests which did not succeed and are blocking,
> including tests which could not be run:
> build-i386-libvirt 5 libvirt-build fail REGR. vs. 106829
> build-armhf-libvirt 5 libvirt-build fail REGR. vs. 106829
Fixed by
http://libvirt.org/git/?p=libvirt.git;a=commit;h=efb446e1b0ee51671063089c6988a7977098a800
Regards,
Jim
_______________________________________________
Xen-devel mailing list
Xen-devel@lists.xen.org
https://lists.xen.org/xen-devel
^ permalink raw reply [flat|nested] 3+ messages in thread
* Re: [libvirt test] 106952: regressions - FAIL
2017-03-28 23:39 ` Jim Fehlig
@ 2017-03-29 10:31 ` Ian Jackson
0 siblings, 0 replies; 3+ messages in thread
From: Ian Jackson @ 2017-03-29 10:31 UTC (permalink / raw)
To: Jim Fehlig; +Cc: xen-devel
Jim Fehlig writes ("Re: [Xen-devel] [libvirt test] 106952: regressions - FAIL"):
> On 03/28/2017 02:09 AM, osstest service owner wrote:
> > Tests which did not succeed and are blocking,
> > including tests which could not be run:
> > build-i386-libvirt 5 libvirt-build fail REGR. vs. 106829
> > build-armhf-libvirt 5 libvirt-build fail REGR. vs. 106829
>
> Fixed by
>
> http://libvirt.org/git/?p=libvirt.git;a=commit;h=efb446e1b0ee51671063089c6988a7977098a800
Thanks.
Ian.
_______________________________________________
Xen-devel mailing list
Xen-devel@lists.xen.org
https://lists.xen.org/xen-devel
^ permalink raw reply [flat|nested] 3+ messages in thread
end of thread, other threads:[~2017-03-29 10:31 UTC | newest]
Thread overview: 3+ messages (download: mbox.gz follow: Atom feed
-- links below jump to the message on this page --
2017-03-28 8:09 [libvirt test] 106952: regressions - FAIL osstest service owner
2017-03-28 23:39 ` Jim Fehlig
2017-03-29 10:31 ` Ian Jackson
This is a public inbox, see mirroring instructions
for how to clone and mirror all data and code used for this inbox;
as well as URLs for NNTP newsgroup(s).