From: osstest service owner <osstest-admin@xenproject.org>
To: xen-devel@lists.xensource.com, osstest-admin@xenproject.org
Subject: [ovmf test] 107022: regressions - FAIL
Date: Fri, 31 Mar 2017 10:09:31 +0000 [thread overview]
Message-ID: <osstest-107022-mainreport@xen.org> (raw)
flight 107022 ovmf real [real]
http://logs.test-lab.xenproject.org/osstest/logs/107022/
Regressions :-(
Tests which did not succeed and are blocking,
including tests which could not be run:
build-amd64-xsm 5 xen-build fail REGR. vs. 107018
build-i386 5 xen-build fail REGR. vs. 107018
build-amd64 5 xen-build fail REGR. vs. 107018
build-i386-xsm 5 xen-build fail REGR. vs. 107018
Tests which did not succeed, but are not blocking:
test-amd64-amd64-xl-qemuu-ovmf-amd64 1 build-check(1) blocked n/a
build-amd64-libvirt 1 build-check(1) blocked n/a
test-amd64-i386-xl-qemuu-ovmf-amd64 1 build-check(1) blocked n/a
build-i386-libvirt 1 build-check(1) blocked n/a
version targeted for testing:
ovmf af8388059a2805f61dd5d06c7cad21bb90a72526
baseline version:
ovmf de87f23291620d36d69ec55ea53a1c38b8780f0b
Last test of basis 107018 2017-03-31 05:47:36 Z 0 days
Testing same since 107022 2017-03-31 09:16:43 Z 0 days 1 attempts
------------------------------------------------------------
People who touched revisions under test:
Ruiyu Ni <ruiyu.ni@intel.com>
jobs:
build-amd64-xsm fail
build-i386-xsm fail
build-amd64 fail
build-i386 fail
build-amd64-libvirt blocked
build-i386-libvirt blocked
build-amd64-pvops pass
build-i386-pvops pass
test-amd64-amd64-xl-qemuu-ovmf-amd64 blocked
test-amd64-i386-xl-qemuu-ovmf-amd64 blocked
------------------------------------------------------------
sg-report-flight on osstest.test-lab.xenproject.org
logs: /home/logs/logs
images: /home/logs/images
Logs, config files, etc. are available at
http://logs.test-lab.xenproject.org/osstest/logs
Explanation of these reports, and of osstest in general, is at
http://xenbits.xen.org/gitweb/?p=osstest.git;a=blob;f=README.email;hb=master
http://xenbits.xen.org/gitweb/?p=osstest.git;a=blob;f=README;hb=master
Test harness code can be found at
http://xenbits.xen.org/gitweb?p=osstest.git;a=summary
Not pushing.
------------------------------------------------------------
commit af8388059a2805f61dd5d06c7cad21bb90a72526
Author: Ruiyu Ni <ruiyu.ni@intel.com>
Date: Fri Sep 2 19:48:29 2016 +0800
UefiCpuPkg/MtrrLib: All functions use definitions in Msr.h
Contributed-under: TianoCore Contribution Agreement 1.0
Signed-off-by: Ruiyu Ni <ruiyu.ni@intel.com>
Reviewed-by: Jeff Fan <jeff.fan@intel.com>
commit 10c361ad026f141985b65e58597b472fdfc33944
Author: Ruiyu Ni <ruiyu.ni@intel.com>
Date: Fri Sep 2 18:10:45 2016 +0800
UefiCpuPkg/MtrrLib: Refine MtrrGetMemoryAttributeByAddressWorker
Contributed-under: TianoCore Contribution Agreement 1.0
Signed-off-by: Ruiyu Ni <ruiyu.ni@intel.com>
Reviewed-by: Jeff Fan <jeff.fan@intel.com>
commit 8051302a36b31f7619dc7753280ba449f163b62f
Author: Ruiyu Ni <ruiyu.ni@intel.com>
Date: Fri Sep 2 12:09:54 2016 +0800
UefiCpuPkg/MtrrLib: Use a better algorithm to calculate MTRR
The new algorithm finds out the more optimal MTRR solution for
current memory type settings.
Compare against the original algorithm, the new one guarantees
to find the correct MTRR solution, but doesn't guarantee to
find the most optimal MTRR solution.
Contributed-under: TianoCore Contribution Agreement 1.0
Signed-off-by: Ruiyu Ni <ruiyu.ni@intel.com>
Reviewed-by: Jeff Fan <jeff.fan@intel.com>
commit 012f4054dbf0debbe913422d0fd3545b36cb5dc9
Author: Ruiyu Ni <ruiyu.ni@intel.com>
Date: Fri Sep 2 20:23:35 2016 +0800
UefiCpuPkg/MtrrLib: MtrrLibInitializeMtrrMask() uses definitions in CpuId.h
Contributed-under: TianoCore Contribution Agreement 1.0
Signed-off-by: Ruiyu Ni <ruiyu.ni@intel.com>
Reviewed-by: Jeff Fan <jeff.fan@intel.com>
commit b8f015999e01100065322fed662efa9584697e37
Author: Ruiyu Ni <ruiyu.ni@intel.com>
Date: Fri Sep 2 10:45:53 2016 +0800
UefiCpuPkg/MtrrLib: Add MtrrLib prefix to several internal functions
Contributed-under: TianoCore Contribution Agreement 1.0
Signed-off-by: Ruiyu Ni <ruiyu.ni@intel.com>
Reviewed-by: Jeff Fan <jeff.fan@intel.com>
commit 94240f1b05fb72f1fd104713229c95b4541a8199
Author: Ruiyu Ni <ruiyu.ni@intel.com>
Date: Fri Sep 2 10:41:28 2016 +0800
UefiCpuPkg/MtrrLib: Add MtrrLib prefix to ProgramFixedMtrr
Contributed-under: TianoCore Contribution Agreement 1.0
Signed-off-by: Ruiyu Ni <ruiyu.ni@intel.com>
Reviewed-by: Jeff Fan <jeff.fan@intel.com>
commit 386f5785ea31fc535a7d85e7f477da2dc0a8c9ba
Author: Ruiyu Ni <ruiyu.ni@intel.com>
Date: Fri Sep 2 10:35:45 2016 +0800
UefiCpuPkg/MtrrLib: GetVariableMtrrCountWorker uses definitions in Msr.h
Contributed-under: TianoCore Contribution Agreement 1.0
Signed-off-by: Ruiyu Ni <ruiyu.ni@intel.com>
Reviewed-by: Jeff Fan <jeff.fan@intel.com>
commit 3bb13d35d6b9255f5a2ed4f05a91b98d3486aed3
Author: Ruiyu Ni <ruiyu.ni@intel.com>
Date: Fri Sep 2 10:27:29 2016 +0800
UefiCpuPkg/MtrrLib: IsMtrrSupported uses definitions in Msr.h
Contributed-under: TianoCore Contribution Agreement 1.0
Signed-off-by: Ruiyu Ni <ruiyu.ni@intel.com>
Reviewed-by: Jeff Fan <jeff.fan@intel.com>
commit 78c4992529c3954417068ee165a072c096d0b186
Author: Ruiyu Ni <ruiyu.ni@intel.com>
Date: Tue Aug 23 10:38:02 2016 +0800
UefiCpuPkg/MtrrLib: Add CacheInvalid enum type to MtrrLib.h
Contributed-under: TianoCore Contribution Agreement 1.0
Signed-off-by: Ruiyu Ni <ruiyu.ni@intel.com>
Reviewed-by: Jeff Fan <jeff.fan@intel.com>
commit 341fea6438482458f23d41c27cf710e0096ebb96
Author: Ruiyu Ni <ruiyu.ni@intel.com>
Date: Thu Aug 18 15:34:54 2016 +0800
UefiCpuPkg/MtrrLib: Correct typo in comments and remove TABs
Contributed-under: TianoCore Contribution Agreement 1.0
Signed-off-by: Ruiyu Ni <ruiyu.ni@intel.com>
Reviewed-by: Jeff Fan <jeff.fan@intel.com>
_______________________________________________
Xen-devel mailing list
Xen-devel@lists.xen.org
https://lists.xen.org/xen-devel
reply other threads:[~2017-03-31 10:09 UTC|newest]
Thread overview: [no followups] expand[flat|nested] mbox.gz Atom feed
Reply instructions:
You may reply publicly to this message via plain-text email
using any one of the following methods:
* Save the following mbox file, import it into your mail client,
and reply-to-all from there: mbox
Avoid top-posting and favor interleaved quoting:
https://en.wikipedia.org/wiki/Posting_style#Interleaved_style
* Reply using the --to, --cc, and --in-reply-to
switches of git-send-email(1):
git send-email \
--in-reply-to=osstest-107022-mainreport@xen.org \
--to=osstest-admin@xenproject.org \
--cc=xen-devel@lists.xensource.com \
/path/to/YOUR_REPLY
https://kernel.org/pub/software/scm/git/docs/git-send-email.html
* If your mail client supports setting the In-Reply-To header
via mailto: links, try the mailto: link
Be sure your reply has a Subject: header at the top and a blank line
before the message body.
This is a public inbox, see mirroring instructions
for how to clone and mirror all data and code used for this inbox;
as well as URLs for NNTP newsgroup(s).