xen-devel.lists.xenproject.org archive mirror
 help / color / mirror / Atom feed
* [xen-unstable-coverity test] 107109: regressions - ALL FAIL
@ 2017-04-02 10:59 osstest service owner
  0 siblings, 0 replies; only message in thread
From: osstest service owner @ 2017-04-02 10:59 UTC (permalink / raw)
  To: xen-devel, osstest-admin

[-- Attachment #1: Type: text/plain, Size: 3178 bytes --]

flight 107109 xen-unstable-coverity real [real]
http://logs.test-lab.xenproject.org/osstest/logs/107109/

Regressions :-(

Tests which did not succeed and are blocking,
including tests which could not be run:
 coverity-amd64                6 coverity-upload          fail REGR. vs. 106549

version targeted for testing:
 xen                  41630eb1b615158af42f4468236457fd3f8a6819
baseline version:
 xen                  4361e80d228655b100bae5d19b489b39d20aa68d

Last test of basis   106549  2017-03-08 09:20:26 Z   25 days
Failing since        106616  2017-03-12 09:18:46 Z   21 days    6 attempts
Testing same since   107109  2017-04-02 09:18:53 Z    0 days    1 attempts

------------------------------------------------------------
People who touched revisions under test:
  Al Stone <ahs3@redhat.com>
  Andre Przywara <andre.przywara@arm.com>
  Andrew Cooper <andrew.cooper3@citrix.com>
  Anthony PERARD <anthony.perard@citrix.com>
  Bob Moore <robert.moore@intel.com>
  Boris Ostrovsky <boris.ostrovsky@oracle.com>
  Christoph Egger <chegger@amazon.de>
  Daniel De Graaf <dgdegra@tycho.nsa.gov>
  Dario Faggioli <dario.faggioli@citrix.com>
  David Scott <dave@recoil.org>
  Elena Ufimtseva <elena.ufimtseva@oracle.com>
  George Dunlap <george.dunlap@citrix.com>
  Haozhong Zhang <haozhong.zhang@intel.com>
  Ian Jackson <ian.jackson@eu.citrix.com>
  Jan Beulich <jbeulich@suse.com>
  Jonathan Davies <jonathan.davies@citrix.com>
  Joshua Otto <jtotto@uwaterloo.ca>
  Juergen Gross <jgross@suse.com>
  Julien Grall <julien.grall@arm.com>
  Kevin Tian <kevin.tian@intel.com>
  Luca Miccio <lucmiccio@gmail.com>
  Lv Zheng <lv.zheng@intel.com>
  Olaf Hering <olaf@aepfle.de>
  Owen Smith <owen.smith@citrix.com>
  Paul Durrant <paul.durrant@citrix.com>
  Rafael J. Wysocki <rafael.j.wysocki@intel.com>
  Razvan Cojocaru <rcojocaru@bitdefender.com>
  Roger Pau Monne <roger.pau@citrix.com>
  Roger Pau Monné <roger.pau@citrix.com>
  Ross Lagerwall <ross.lagerwall@citrix.com>
  Sameer Goel <sgoel@codeaurora.org>
  Sergey Dyasli <sergey.dyasli@citrix.com>
  Stefano Stabellini <sstabellini@kernel.org>
  Stefano Stabellini <stefano@aporeto.com>
  Suravee Suthikulpanit <suravee.suthikulpanit@amd.com>
  Thomas Sanders <thomas.sanders@citrix.com>
  Tim Deegan <tim@xen.org>
  Vitaly Kuznetsov <vkuznets@redhat.com>
  Wei Chen <Wei.Chen@arm.com>
  Wei Liu <wei.liu2@citrix.com>
  Zhang Chen <zhangchen.fnst@cn.fujitsu.com>
  Zhongze Liu <blackskygg@gmail.com>

jobs:
 coverity-amd64                                               fail    


------------------------------------------------------------
sg-report-flight on osstest.test-lab.xenproject.org
logs: /home/logs/logs
images: /home/logs/images

Logs, config files, etc. are available at
    http://logs.test-lab.xenproject.org/osstest/logs

Explanation of these reports, and of osstest in general, is at
    http://xenbits.xen.org/gitweb/?p=osstest.git;a=blob;f=README.email;hb=master
    http://xenbits.xen.org/gitweb/?p=osstest.git;a=blob;f=README;hb=master

Test harness code can be found at
    http://xenbits.xen.org/gitweb?p=osstest.git;a=summary


Not pushing.

(No revision log; it would be 3124 lines long.)


[-- Attachment #2: Type: text/plain, Size: 127 bytes --]

_______________________________________________
Xen-devel mailing list
Xen-devel@lists.xen.org
https://lists.xen.org/xen-devel

^ permalink raw reply	[flat|nested] only message in thread

only message in thread, other threads:[~2017-04-02 10:59 UTC | newest]

Thread overview: (only message) (download: mbox.gz follow: Atom feed
-- links below jump to the message on this page --
2017-04-02 10:59 [xen-unstable-coverity test] 107109: regressions - ALL FAIL osstest service owner

This is a public inbox, see mirroring instructions
for how to clone and mirror all data and code used for this inbox;
as well as URLs for NNTP newsgroup(s).