From mboxrd@z Thu Jan 1 00:00:00 1970 From: osstest service owner Subject: [xen-unstable-coverity test] 107109: regressions - ALL FAIL Date: Sun, 02 Apr 2017 10:59:20 +0000 Message-ID: Mime-Version: 1.0 Content-Type: multipart/mixed; boundary="===============4781555168795311407==" Return-path: List-Unsubscribe: , List-Post: List-Help: List-Subscribe: , Errors-To: xen-devel-bounces@lists.xen.org Sender: "Xen-devel" To: xen-devel@lists.xensource.com, osstest-admin@xenproject.org List-Id: xen-devel@lists.xenproject.org --===============4781555168795311407== Content-Type: text/plain flight 107109 xen-unstable-coverity real [real] http://logs.test-lab.xenproject.org/osstest/logs/107109/ Regressions :-( Tests which did not succeed and are blocking, including tests which could not be run: coverity-amd64 6 coverity-upload fail REGR. vs. 106549 version targeted for testing: xen 41630eb1b615158af42f4468236457fd3f8a6819 baseline version: xen 4361e80d228655b100bae5d19b489b39d20aa68d Last test of basis 106549 2017-03-08 09:20:26 Z 25 days Failing since 106616 2017-03-12 09:18:46 Z 21 days 6 attempts Testing same since 107109 2017-04-02 09:18:53 Z 0 days 1 attempts ------------------------------------------------------------ People who touched revisions under test: Al Stone Andre Przywara Andrew Cooper Anthony PERARD Bob Moore Boris Ostrovsky Christoph Egger Daniel De Graaf Dario Faggioli David Scott Elena Ufimtseva George Dunlap Haozhong Zhang Ian Jackson Jan Beulich Jonathan Davies Joshua Otto Juergen Gross Julien Grall Kevin Tian Luca Miccio Lv Zheng Olaf Hering Owen Smith Paul Durrant Rafael J. Wysocki Razvan Cojocaru Roger Pau Monne Roger Pau Monné Ross Lagerwall Sameer Goel Sergey Dyasli Stefano Stabellini Stefano Stabellini Suravee Suthikulpanit Thomas Sanders Tim Deegan Vitaly Kuznetsov Wei Chen Wei Liu Zhang Chen Zhongze Liu jobs: coverity-amd64 fail ------------------------------------------------------------ sg-report-flight on osstest.test-lab.xenproject.org logs: /home/logs/logs images: /home/logs/images Logs, config files, etc. are available at http://logs.test-lab.xenproject.org/osstest/logs Explanation of these reports, and of osstest in general, is at http://xenbits.xen.org/gitweb/?p=osstest.git;a=blob;f=README.email;hb=master http://xenbits.xen.org/gitweb/?p=osstest.git;a=blob;f=README;hb=master Test harness code can be found at http://xenbits.xen.org/gitweb?p=osstest.git;a=summary Not pushing. (No revision log; it would be 3124 lines long.) --===============4781555168795311407== Content-Type: text/plain; charset="utf-8" MIME-Version: 1.0 Content-Transfer-Encoding: base64 Content-Disposition: inline X19fX19fX19fX19fX19fX19fX19fX19fX19fX19fX19fX19fX19fX19fX19fX18KWGVuLWRldmVs IG1haWxpbmcgbGlzdApYZW4tZGV2ZWxAbGlzdHMueGVuLm9yZwpodHRwczovL2xpc3RzLnhlbi5v cmcveGVuLWRldmVsCg== --===============4781555168795311407==--