From: osstest service owner <osstest-admin@xenproject.org>
To: xen-devel@lists.xensource.com, osstest-admin@xenproject.org
Subject: [qemu-mainline test] 107152: regressions - FAIL
Date: Mon, 03 Apr 2017 21:27:14 +0000 [thread overview]
Message-ID: <osstest-107152-mainreport@xen.org> (raw)
[-- Attachment #1: Type: text/plain, Size: 15485 bytes --]
flight 107152 qemu-mainline real [real]
http://logs.test-lab.xenproject.org/osstest/logs/107152/
Regressions :-(
Tests which did not succeed and are blocking,
including tests which could not be run:
test-armhf-armhf-xl-credit2 15 guest-start/debian.repeat fail REGR. vs. 107055
Regressions which are regarded as allowable (not blocking):
test-amd64-i386-xl-qemuu-win7-amd64 16 guest-stop fail like 107055
test-armhf-armhf-libvirt-raw 12 saverestore-support-check fail like 107055
test-amd64-amd64-xl-qemuu-win7-amd64 16 guest-stop fail like 107055
test-armhf-armhf-libvirt-xsm 13 saverestore-support-check fail like 107055
test-amd64-amd64-xl-rtds 9 debian-install fail like 107055
test-armhf-armhf-libvirt 13 saverestore-support-check fail like 107055
Tests which did not succeed, but are not blocking:
test-arm64-arm64-libvirt-xsm 1 build-check(1) blocked n/a
test-arm64-arm64-xl 1 build-check(1) blocked n/a
build-arm64-libvirt 1 build-check(1) blocked n/a
test-arm64-arm64-libvirt-qcow2 1 build-check(1) blocked n/a
test-arm64-arm64-libvirt 1 build-check(1) blocked n/a
test-arm64-arm64-xl-credit2 1 build-check(1) blocked n/a
test-arm64-arm64-xl-rtds 1 build-check(1) blocked n/a
test-arm64-arm64-xl-multivcpu 1 build-check(1) blocked n/a
test-arm64-arm64-xl-xsm 1 build-check(1) blocked n/a
build-arm64-xsm 5 xen-build fail never pass
test-amd64-i386-libvirt 12 migrate-support-check fail never pass
test-amd64-i386-libvirt-xsm 12 migrate-support-check fail never pass
test-amd64-amd64-libvirt-xsm 12 migrate-support-check fail never pass
build-arm64 5 xen-build fail never pass
test-amd64-amd64-libvirt-qemuu-debianhvm-amd64-xsm 10 migrate-support-check fail never pass
test-amd64-i386-libvirt-qemuu-debianhvm-amd64-xsm 10 migrate-support-check fail never pass
build-arm64-pvops 5 kernel-build fail never pass
test-amd64-amd64-libvirt-vhd 11 migrate-support-check fail never pass
test-amd64-amd64-qemuu-nested-amd 16 debian-hvm-install/l1/l2 fail never pass
test-armhf-armhf-xl-multivcpu 12 migrate-support-check fail never pass
test-armhf-armhf-xl 12 migrate-support-check fail never pass
test-armhf-armhf-xl-multivcpu 13 saverestore-support-check fail never pass
test-armhf-armhf-xl-xsm 12 migrate-support-check fail never pass
test-armhf-armhf-xl 13 saverestore-support-check fail never pass
test-armhf-armhf-xl-xsm 13 saverestore-support-check fail never pass
test-armhf-armhf-xl-credit2 12 migrate-support-check fail never pass
test-armhf-armhf-xl-credit2 13 saverestore-support-check fail never pass
test-armhf-armhf-xl-cubietruck 12 migrate-support-check fail never pass
test-armhf-armhf-xl-cubietruck 13 saverestore-support-check fail never pass
test-amd64-amd64-libvirt 12 migrate-support-check fail never pass
test-armhf-armhf-libvirt-raw 11 migrate-support-check fail never pass
test-armhf-armhf-xl-vhd 11 migrate-support-check fail never pass
test-armhf-armhf-xl-vhd 12 saverestore-support-check fail never pass
test-armhf-armhf-xl-arndale 12 migrate-support-check fail never pass
test-armhf-armhf-xl-arndale 13 saverestore-support-check fail never pass
test-armhf-armhf-libvirt-xsm 12 migrate-support-check fail never pass
test-armhf-armhf-xl-rtds 12 migrate-support-check fail never pass
test-armhf-armhf-xl-rtds 13 saverestore-support-check fail never pass
test-armhf-armhf-libvirt 12 migrate-support-check fail never pass
version targeted for testing:
qemuu 6954cdc070b4209cc468263455670d8b02765a95
baseline version:
qemuu 95b31d709ba343ad237c3630047ee7438bac4065
Last test of basis 107055 2017-04-01 04:15:35 Z 2 days
Testing same since 107152 2017-04-03 10:42:24 Z 0 days 1 attempts
------------------------------------------------------------
People who touched revisions under test:
Eric Blake <eblake@redhat.com>
Jeff Cody <jcody@redhat.com>
Max Reitz <mreitz@redhat.com>
Peter Maydell <peter.maydell@linaro.org>
jobs:
build-amd64-xsm pass
build-arm64-xsm fail
build-armhf-xsm pass
build-i386-xsm pass
build-amd64 pass
build-arm64 fail
build-armhf pass
build-i386 pass
build-amd64-libvirt pass
build-arm64-libvirt blocked
build-armhf-libvirt pass
build-i386-libvirt pass
build-amd64-pvops pass
build-arm64-pvops fail
build-armhf-pvops pass
build-i386-pvops pass
test-amd64-amd64-xl pass
test-arm64-arm64-xl blocked
test-armhf-armhf-xl pass
test-amd64-i386-xl pass
test-amd64-amd64-libvirt-qemuu-debianhvm-amd64-xsm pass
test-amd64-i386-libvirt-qemuu-debianhvm-amd64-xsm pass
test-amd64-amd64-xl-qemuu-debianhvm-amd64-xsm pass
test-amd64-i386-xl-qemuu-debianhvm-amd64-xsm pass
test-amd64-amd64-libvirt-xsm pass
test-arm64-arm64-libvirt-xsm blocked
test-armhf-armhf-libvirt-xsm pass
test-amd64-i386-libvirt-xsm pass
test-amd64-amd64-xl-xsm pass
test-arm64-arm64-xl-xsm blocked
test-armhf-armhf-xl-xsm pass
test-amd64-i386-xl-xsm pass
test-amd64-amd64-qemuu-nested-amd fail
test-amd64-amd64-xl-pvh-amd pass
test-amd64-i386-qemuu-rhel6hvm-amd pass
test-amd64-amd64-xl-qemuu-debianhvm-amd64 pass
test-amd64-i386-xl-qemuu-debianhvm-amd64 pass
test-amd64-i386-freebsd10-amd64 pass
test-amd64-amd64-xl-qemuu-ovmf-amd64 pass
test-amd64-i386-xl-qemuu-ovmf-amd64 pass
test-amd64-amd64-xl-qemuu-win7-amd64 fail
test-amd64-i386-xl-qemuu-win7-amd64 fail
test-armhf-armhf-xl-arndale pass
test-amd64-amd64-xl-credit2 pass
test-arm64-arm64-xl-credit2 blocked
test-armhf-armhf-xl-credit2 fail
test-armhf-armhf-xl-cubietruck pass
test-amd64-i386-freebsd10-i386 pass
test-amd64-amd64-qemuu-nested-intel pass
test-amd64-amd64-xl-pvh-intel pass
test-amd64-i386-qemuu-rhel6hvm-intel pass
test-amd64-amd64-libvirt pass
test-arm64-arm64-libvirt blocked
test-armhf-armhf-libvirt pass
test-amd64-i386-libvirt pass
test-amd64-amd64-xl-multivcpu pass
test-arm64-arm64-xl-multivcpu blocked
test-armhf-armhf-xl-multivcpu pass
test-amd64-amd64-pair pass
test-amd64-i386-pair pass
test-amd64-amd64-libvirt-pair pass
test-amd64-i386-libvirt-pair pass
test-amd64-amd64-amd64-pvgrub pass
test-amd64-amd64-i386-pvgrub pass
test-amd64-amd64-pygrub pass
test-arm64-arm64-libvirt-qcow2 blocked
test-amd64-amd64-xl-qcow2 pass
test-armhf-armhf-libvirt-raw pass
test-amd64-i386-xl-raw pass
test-amd64-amd64-xl-rtds fail
test-arm64-arm64-xl-rtds blocked
test-armhf-armhf-xl-rtds pass
test-amd64-i386-xl-qemuu-winxpsp3-vcpus1 pass
test-amd64-amd64-libvirt-vhd pass
test-armhf-armhf-xl-vhd pass
test-amd64-amd64-xl-qemuu-winxpsp3 pass
test-amd64-i386-xl-qemuu-winxpsp3 pass
------------------------------------------------------------
sg-report-flight on osstest.test-lab.xenproject.org
logs: /home/logs/logs
images: /home/logs/images
Logs, config files, etc. are available at
http://logs.test-lab.xenproject.org/osstest/logs
Explanation of these reports, and of osstest in general, is at
http://xenbits.xen.org/gitweb/?p=osstest.git;a=blob;f=README.email;hb=master
http://xenbits.xen.org/gitweb/?p=osstest.git;a=blob;f=README;hb=master
Test harness code can be found at
http://xenbits.xen.org/gitweb?p=osstest.git;a=summary
Not pushing.
------------------------------------------------------------
commit 6954cdc070b4209cc468263455670d8b02765a95
Merge: 95b31d7 34634ca
Author: Peter Maydell <peter.maydell@linaro.org>
Date: Mon Apr 3 10:09:58 2017 +0100
Merge remote-tracking branch 'remotes/cody/tags/block-pull-request' into staging
# gpg: Signature made Sat 01 Apr 2017 02:23:29 BST
# gpg: using RSA key 0xBDBE7B27C0DE3057
# gpg: Good signature from "Jeffrey Cody <jcody@redhat.com>"
# gpg: aka "Jeffrey Cody <jeff@codyprime.org>"
# gpg: aka "Jeffrey Cody <codyprime@gmail.com>"
# Primary key fingerprint: 9957 4B4D 3474 90E7 9D98 D624 BDBE 7B27 C0DE 3057
* remotes/cody/tags/block-pull-request:
block/curl: Check protocol prefix
qapi/curl: Extend and fix blockdev-add schema
rbd: Fix regression in legacy key/values containing escaped :
Signed-off-by: Peter Maydell <peter.maydell@linaro.org>
commit 34634ca28688652198f77d7001c0f1e204434663
Author: Max Reitz <mreitz@redhat.com>
Date: Fri Mar 31 14:04:31 2017 +0200
block/curl: Check protocol prefix
If the user has explicitly specified a block driver and thus a protocol,
we have to make sure the URL's protocol prefix matches. Otherwise the
latter will silently override the former which might catch some users by
surprise.
Signed-off-by: Max Reitz <mreitz@redhat.com>
Reviewed-by: Philippe Mathieu-Daudé <f4bug@amsat.org>
Reviewed-by: Jeff Cody <jcody@redhat.com>
Reviewed-by: Eric Blake <eblake@redhat.com>
Message-id: 20170331120431.1767-3-mreitz@redhat.com
Signed-off-by: Jeff Cody <jcody@redhat.com>
commit 6b9d62db89a31882d53d8fbfb67d4d82f22877b6
Author: Max Reitz <mreitz@redhat.com>
Date: Fri Mar 31 14:04:30 2017 +0200
qapi/curl: Extend and fix blockdev-add schema
The curl block driver accepts more options than just "filename"; also,
the URL is actually expected to be passed through the "url" option
instead of "filename".
Signed-off-by: Max Reitz <mreitz@redhat.com>
Reviewed-by: Jeff Cody <jcody@redhat.com>
Reviewed-by: Eric Blake <eblake@redhat.com>
Message-id: 20170331120431.1767-2-mreitz@redhat.com
Signed-off-by: Jeff Cody <jcody@redhat.com>
commit e98c6961c82e25ff9051a31f17846404a64de6dd
Author: Eric Blake <eblake@redhat.com>
Date: Fri Mar 31 10:27:30 2017 -0500
rbd: Fix regression in legacy key/values containing escaped :
Commit c7cacb3 accidentally broke legacy key-value parsing through
pseudo-filename parsing of -drive file=rbd://..., for any key that
contains an escaped ':'. Such a key is surprisingly common, thanks
to mon_host specifying a 'host:port' string. The break happens
because passing things from QDict through QemuOpts back to another
QDict requires that we pack our parsed key/value pairs into a string,
and then reparse that string, but the intermediate string that we
created ("key1=value1:key2=value2") lost the \: escaping that was
present in the original, so that we could no longer see which : were
used as separators vs. those used as part of the original input.
Fix it by collecting the key/value pairs through a QList, and
sending that list on a round trip through a JSON QString (as in
'["key1","value1","key2","value2"]') on its way through QemuOpts,
rather than hand-rolling our own string. Since the string is only
handled internally, this was faster than creating a full-blown
struct of '[{"key1":"value1"},{"key2":"value2"}]', and safer at
guaranteeing order compared to '{"key1":"value1","key2":"value2"}'.
It would be nicer if we didn't have to round-trip through QemuOpts
in the first place, but that's a much bigger task for later.
Reproducer:
./x86_64-softmmu/qemu-system-x86_64 -nodefaults -nographic -qmp stdio \
-drive 'file=rbd:volumes/volume-ea141b5c-cdb3-4765-910d-e7008b209a70'\
':id=compute:key=AQAVkvxXAAAAABAA9ZxWFYdRmV+DSwKr7BKKXg=='\
':auth_supported=cephx\;none:mon_host=192.168.1.2\:6789'\
',format=raw,if=none,id=drive-virtio-disk0,'\
'serial=ea141b5c-cdb3-4765-910d-e7008b209a70,cache=writeback'
Even without an RBD setup, this serves a test of whether we get
the incorrect parser error of:
qemu-system-x86_64: -drive file=rbd:...cache=writeback: conf option 6789 has no value
or the correct behavior of hanging while trying to connect to
the requested mon_host of 192.168.1.2:6789.
Reported-by: Alexandru Avadanii <Alexandru.Avadanii@enea.com>
Signed-off-by: Eric Blake <eblake@redhat.com>
Reviewed-by: Jeff Cody <jcody@redhat.com>
Reviewed-by: Max Reitz <mreitz@redhat.com>
Message-id: 20170331152730.12514-1-eblake@redhat.com
Signed-off-by: Jeff Cody <jcody@redhat.com>
[-- Attachment #2: Type: text/plain, Size: 127 bytes --]
_______________________________________________
Xen-devel mailing list
Xen-devel@lists.xen.org
https://lists.xen.org/xen-devel
reply other threads:[~2017-04-03 21:27 UTC|newest]
Thread overview: [no followups] expand[flat|nested] mbox.gz Atom feed
Reply instructions:
You may reply publicly to this message via plain-text email
using any one of the following methods:
* Save the following mbox file, import it into your mail client,
and reply-to-all from there: mbox
Avoid top-posting and favor interleaved quoting:
https://en.wikipedia.org/wiki/Posting_style#Interleaved_style
* Reply using the --to, --cc, and --in-reply-to
switches of git-send-email(1):
git send-email \
--in-reply-to=osstest-107152-mainreport@xen.org \
--to=osstest-admin@xenproject.org \
--cc=xen-devel@lists.xensource.com \
/path/to/YOUR_REPLY
https://kernel.org/pub/software/scm/git/docs/git-send-email.html
* If your mail client supports setting the In-Reply-To header
via mailto: links, try the mailto: link
Be sure your reply has a Subject: header at the top and a blank line
before the message body.
This is a public inbox, see mirroring instructions
for how to clone and mirror all data and code used for this inbox;
as well as URLs for NNTP newsgroup(s).