From mboxrd@z Thu Jan 1 00:00:00 1970 From: xen.org Subject: [xen-unstable test] 10752: regressions - FAIL Date: Sun, 15 Jan 2012 17:34:58 +0000 Message-ID: Mime-Version: 1.0 Content-Type: text/plain; charset="us-ascii" Content-Transfer-Encoding: 7bit Return-path: List-Unsubscribe: , List-Post: List-Help: List-Subscribe: , Sender: xen-devel-bounces@lists.xensource.com Errors-To: xen-devel-bounces@lists.xensource.com To: xen-devel@lists.xensource.com Cc: ian.jackson@eu.citrix.com List-Id: xen-devel@lists.xenproject.org flight 10752 xen-unstable real [real] http://www.chiark.greenend.org.uk/~xensrcts/logs/10752/ Regressions :-( Tests which did not succeed and are blocking, including tests which could not be run: build-amd64 4 xen-build fail REGR. vs. 10649 test-i386-i386-xl 11 guest-localmigrate fail REGR. vs. 10649 build-amd64-oldkern 4 xen-build fail REGR. vs. 10649 test-i386-i386-win 7 windows-install fail REGR. vs. 10649 test-i386-i386-xl-win 7 windows-install fail REGR. vs. 10649 test-i386-i386-xl-winxpsp3 7 windows-install fail REGR. vs. 10649 Tests which did not succeed, but are not blocking: test-amd64-amd64-xl-pcipt-intel 1 xen-build-check(1) blocked n/a test-amd64-amd64-pair 1 xen-build-check(1) blocked n/a test-amd64-i386-pair 1 xen-build-check(1) blocked n/a test-amd64-i386-rhel6hvm-intel 1 xen-build-check(1) blocked n/a test-amd64-i386-pv 1 xen-build-check(1) blocked n/a test-amd64-amd64-pv 1 xen-build-check(1) blocked n/a test-amd64-amd64-xl 1 xen-build-check(1) blocked n/a test-amd64-i386-xl-multivcpu 1 xen-build-check(1) blocked n/a test-amd64-i386-xl 1 xen-build-check(1) blocked n/a test-amd64-i386-xl-credit2 1 xen-build-check(1) blocked n/a test-amd64-i386-rhel6hvm-amd 1 xen-build-check(1) blocked n/a test-amd64-amd64-xl-sedf 1 xen-build-check(1) blocked n/a test-amd64-i386-xl-winxpsp3-vcpus1 1 xen-build-check(1) blocked n/a test-amd64-amd64-win 1 xen-build-check(1) blocked n/a test-amd64-amd64-xl-winxpsp3 1 xen-build-check(1) blocked n/a test-amd64-i386-xend-winxpsp3 1 xen-build-check(1) blocked n/a test-amd64-i386-win 1 xen-build-check(1) blocked n/a test-amd64-amd64-xl-sedf-pin 1 xen-build-check(1) blocked n/a test-amd64-i386-xl-win7-amd64 1 xen-build-check(1) blocked n/a test-amd64-i386-xl-win-vcpus1 1 xen-build-check(1) blocked n/a test-amd64-amd64-xl-win 1 xen-build-check(1) blocked n/a test-amd64-i386-win-vcpus1 1 xen-build-check(1) blocked n/a test-amd64-amd64-xl-win7-amd64 1 xen-build-check(1) blocked n/a version targeted for testing: xen 6d8888519e3a baseline version: xen 5b2676ac1321 ------------------------------------------------------------ People who touched revisions under test: Adin Scannell Andres Lagar-Cavilla Christoph Egger Daniel De Graaf Gang Wei Ian Campbell Ian Jackson Ian Jackson Jan Beulich Joseph Cihula Keir Fraser Olaf Hering Paul Durrant Roger Pau Monne Shane Wang Stefano Stabellini Tim Deegan Wei Wang Wei, Gang ------------------------------------------------------------ jobs: build-amd64 fail build-i386 pass build-amd64-oldkern fail build-i386-oldkern pass build-amd64-pvops pass build-i386-pvops pass test-amd64-amd64-xl blocked test-amd64-i386-xl blocked test-i386-i386-xl fail test-amd64-i386-rhel6hvm-amd blocked test-amd64-amd64-xl-win7-amd64 blocked test-amd64-i386-xl-win7-amd64 blocked test-amd64-i386-xl-credit2 blocked test-amd64-amd64-xl-pcipt-intel blocked test-amd64-i386-rhel6hvm-intel blocked test-amd64-i386-xl-multivcpu blocked test-amd64-amd64-pair blocked test-amd64-i386-pair blocked test-i386-i386-pair pass test-amd64-amd64-xl-sedf-pin blocked test-amd64-amd64-pv blocked test-amd64-i386-pv blocked test-i386-i386-pv pass test-amd64-amd64-xl-sedf blocked test-amd64-i386-win-vcpus1 blocked test-amd64-i386-xl-win-vcpus1 blocked test-amd64-i386-xl-winxpsp3-vcpus1 blocked test-amd64-amd64-win blocked test-amd64-i386-win blocked test-i386-i386-win fail test-amd64-amd64-xl-win blocked test-i386-i386-xl-win fail test-amd64-i386-xend-winxpsp3 blocked test-amd64-amd64-xl-winxpsp3 blocked test-i386-i386-xl-winxpsp3 fail ------------------------------------------------------------ sg-report-flight on woking.cam.xci-test.com logs: /home/xc_osstest/logs images: /home/xc_osstest/images Logs, config files, etc. are available at http://www.chiark.greenend.org.uk/~xensrcts/logs Test harness code can be found at http://xenbits.xensource.com/gitweb?p=osstest.git;a=summary Not pushing. (No revision log; it would be 734 lines long.)