xen-devel.lists.xenproject.org archive mirror
 help / color / mirror / Atom feed
From: osstest service owner <osstest-admin@xenproject.org>
To: xen-devel@lists.xensource.com, osstest-admin@xenproject.org
Subject: [linux-3.18 test] 107596: regressions - FAIL
Date: Sat, 22 Apr 2017 16:28:21 +0000	[thread overview]
Message-ID: <osstest-107596-mainreport@xen.org> (raw)

[-- Attachment #1: Type: text/plain, Size: 17289 bytes --]

flight 107596 linux-3.18 real [real]
http://logs.test-lab.xenproject.org/osstest/logs/107596/

Regressions :-(

Tests which did not succeed and are blocking,
including tests which could not be run:
 test-armhf-armhf-xl-xsm     15 guest-start/debian.repeat fail REGR. vs. 107548

Regressions which are regarded as allowable (not blocking):
 test-amd64-amd64-xl-qemuu-win7-amd64 16 guest-stop       fail REGR. vs. 107548

Tests which did not succeed, but are not blocking:
 test-arm64-arm64-libvirt-xsm  1 build-check(1)               blocked  n/a
 test-arm64-arm64-xl           1 build-check(1)               blocked  n/a
 test-arm64-arm64-libvirt-qcow2  1 build-check(1)               blocked  n/a
 test-arm64-arm64-libvirt      1 build-check(1)               blocked  n/a
 test-arm64-arm64-xl-credit2   1 build-check(1)               blocked  n/a
 test-arm64-arm64-xl-rtds      1 build-check(1)               blocked  n/a
 test-arm64-arm64-xl-multivcpu  1 build-check(1)               blocked  n/a
 test-arm64-arm64-xl-xsm       1 build-check(1)               blocked  n/a
 test-armhf-armhf-libvirt     13 saverestore-support-check    fail  like 107548
 test-amd64-amd64-xl-qemut-win7-amd64 16 guest-stop            fail like 107548
 test-amd64-i386-xl-qemut-win7-amd64 16 guest-stop             fail like 107548
 test-amd64-i386-xl-qemuu-win7-amd64 16 guest-stop             fail like 107548
 test-armhf-armhf-libvirt-raw 12 saverestore-support-check    fail  like 107548
 test-armhf-armhf-libvirt-xsm 13 saverestore-support-check    fail  like 107548
 test-amd64-amd64-libvirt-xsm 12 migrate-support-check        fail   never pass
 test-amd64-amd64-libvirt     12 migrate-support-check        fail   never pass
 test-amd64-i386-libvirt      12 migrate-support-check        fail   never pass
 test-amd64-i386-libvirt-xsm  12 migrate-support-check        fail   never pass
 test-amd64-amd64-libvirt-qemuu-debianhvm-amd64-xsm 10 migrate-support-check fail never pass
 test-amd64-i386-libvirt-qemuu-debianhvm-amd64-xsm 10 migrate-support-check fail never pass
 test-armhf-armhf-xl-arndale  12 migrate-support-check        fail   never pass
 test-armhf-armhf-xl-arndale  13 saverestore-support-check    fail   never pass
 test-amd64-amd64-libvirt-vhd 11 migrate-support-check        fail   never pass
 test-amd64-amd64-qemuu-nested-amd 16 debian-hvm-install/l1/l2  fail never pass
 build-arm64-pvops             5 kernel-build                 fail   never pass
 test-armhf-armhf-xl-xsm      12 migrate-support-check        fail   never pass
 test-armhf-armhf-xl-xsm      13 saverestore-support-check    fail   never pass
 test-armhf-armhf-xl-multivcpu 12 migrate-support-check        fail  never pass
 test-armhf-armhf-xl-multivcpu 13 saverestore-support-check    fail  never pass
 test-armhf-armhf-xl          12 migrate-support-check        fail   never pass
 test-armhf-armhf-xl-credit2  12 migrate-support-check        fail   never pass
 test-armhf-armhf-xl          13 saverestore-support-check    fail   never pass
 test-armhf-armhf-xl-credit2  13 saverestore-support-check    fail   never pass
 test-armhf-armhf-xl-cubietruck 12 migrate-support-check        fail never pass
 test-armhf-armhf-xl-cubietruck 13 saverestore-support-check    fail never pass
 test-armhf-armhf-libvirt     12 migrate-support-check        fail   never pass
 test-armhf-armhf-libvirt-raw 11 migrate-support-check        fail   never pass
 test-armhf-armhf-xl-rtds     12 migrate-support-check        fail   never pass
 test-armhf-armhf-xl-rtds     13 saverestore-support-check    fail   never pass
 test-armhf-armhf-xl-vhd      11 migrate-support-check        fail   never pass
 test-armhf-armhf-xl-vhd      12 saverestore-support-check    fail   never pass
 test-armhf-armhf-libvirt-xsm 12 migrate-support-check        fail   never pass

version targeted for testing:
 linux                630b59cde7be8248b425cbe27c970c2ba8db36f2
baseline version:
 linux                e6ff2eed0d0865fd3b0391b7e88ecc5e259eed28

Last test of basis   107548  2017-04-19 19:15:16 Z    2 days
Testing same since   107596  2017-04-22 05:47:27 Z    0 days    1 attempts

------------------------------------------------------------
People who touched revisions under test:
  Aaron Brown <aaron.f.brown@intel.com>
  Adrian Hunter <adrian.hunter@intel.com>
  Al Stone <ahs3@redhat.com>
  Alexandre Belloni <alexandre.belloni@free-electrons.com>
  Alexei Starovoitov <ast@kernel.org>
  Amit Pundir <amit.pundir@linaro.org>
  Andrew Morton <akpm@linux-foundation.org>
  Andrey Ulanov <andreyu@google.com>
  Andy Lutomirski <luto@amacapital.net>
  Andy Shevchenko <andriy.shevchenko@linux.intel.com>
  Ankur Arora <ankur.a.arora@oracle.com>
  Anton Blanchard <anton@samba.org>
  Arnd Bergmann <arnd@arndb.de>
  Aurelien Aptel <aaptel@suse.com>
  Bartlomiej Zolnierkiewicz <b.zolnierkie@samsung.com>
  Ben Hutchings <ben@decadent.org.uk>
  Ben Segall <bsegall@google.com>
  Benjamin Herrenschmidt <benh@kernel.crashing.org>
  Bjorn Andersson <bjorn.andersson@linaro.org>
  Boris Ostrovsky <boris.ostrovsky@oracle.com>
  Brahadambal Srinivasan <latha@linux.vnet.ibm.com>
  Brian Norris <computersforpeace@gmail.com>
  bsegall@google.com <bsegall@google.com>
  Cameron Gutman <aicommander@gmail.com>
  Chris J Arges <christopherarges@gmail.com>
  Chris Leech <cleech@redhat.com>
  Chris Salls <salls@cs.ucsb.edu>
  Chu Yuan Lin <cyl@datera.io>
  Cong Wang <xiyou.wangcong@gmail.com>
  Daniel Borkmann <daniel@iogearbox.net>
  Darrick J. Wong <darrick.wong@oracle.com>
  Dave Chinner <david@fromorbit.com>
  Dave Martin <Dave.Martin@arm.com>
  David Hildenbrand <david@redhat.com>
  David S. Miller <davem@davemloft.net>
  Dmitry Torokhov <dmitry.torokhov@gmail.com>
  Douglas Gilbert <dgilbert@interlog.com>
  Eric Biggers <ebiggers@google.com>
  Eric Dumazet <edumazet@google.com>
  Eric Sandeen <sandeen@redhat.com>
  Eric Sandeen <sandeen@sandeen.net>
  Florian Fainelli <f.fainelli@gmail.com>
  Frederic Barrat <fbarrat@linux.vnet.ibm.com>
  Gabriel Krisman Bertazi <krisman@linux.vnet.ibm.com>
  Geert Uytterhoeven <geert@linux-m68k.org>
  Germano Percossi <germano.percossi@citrix.com>
  Greg Kroah-Hartman <gregkh@linuxfoundation.org>
  Heiko Carstens <heiko.carstens@de.ibm.com>
  Henrik Ingo <henrik.ingo@avoinelama.fi>
  Herbert Xu <herbert@gondor.apana.org.au>
  Hillf Danton <hillf.zj@alibaba-inc.com>
  Horia Geantă <horia.geanta@nxp.com>
  Ingo Molnar <mingo@kernel.org>
  Jamal Hadi Salim <jhs@mojatatu.com>
  James Hogan <james.hogan@imgtec.com>
  Jan-Marek Glogowski <glogow@fbihome.de>
  Jeff Kirsher <jeffrey.t.kirsher@intel.com>
  Jens Axboe <axboe@fb.com>
  Joerg Roedel <jroedel@suse.de>
  Johan Hovold <johan@kernel.org>
  John Garry <john.garry@huawei.com>
  Jonathan Cameron <jic23@kernel.org>
  Josh Poimboeuf <jpoimboe@redhat.com>
  Juergen Gross <jgross@suse.com>
  K. Y. Srinivasan <kys@microsoft.com>
  Kai-Heng Feng <kai.heng.feng@canonical.com>
  Kees Cook <keescook@chromium.org>
  Kefeng Wang <wangkefeng.wang@huawei.com>
  Koos Vriezen <koos.vriezen@gmail.com>
  Ladi Prosek <lprosek@redhat.com>
  Laurent Pinchart <laurent.pinchart@ideasonboard.com>
  Laurent Vivier <lvivier@redhat.com>
  Lee, Chun-Yi <jlee@suse.com>
  Lee, Chun-Yi <joeyli.kernel@gmail.com>
  Li Qiang <liq3ea@gmail.com>
  Li Qiang <liqiang6-s@360.cn>
  Linus Torvalds <torvalds@linux-foundation.org>
  Linus Walleij <linus.walleij@linaro.org>
  Lisandro Damián Nicanor Pérez Meyer <lisandro@debian.org>
  Ludovic Desroches <ludovic.desroches@microchip.com>
  Mantas M <grawity@gmail.com>
  Mantas MikulÄ—nas <grawity@gmail.com>
  Maor Gottlieb <maorg@mellanox.com>
  Marc Zyngier <marc.zyngier@arm.com>
  Marcelo Henrique Cerri <marcelo.cerri@canonical.com>
  Marcelo Ricardo Leitner <marcelo.leitner@gmail.com>
  Martin K. Petersen <martin.petersen@oracle.com>
  Martin Schwidefsky <schwidefsky@de.ibm.com>
  Mathias Krause <minipli@googlemail.com>
  Mauricio Faria de Oliveira <mauricfo@linux.vnet.ibm.com>
  Mauro Carvalho Chehab <mchehab@s-opensource.com>
  Max Bires <jbires@google.com>
  Max Lohrmann <post@wickenrode.com>
  Michael Ellerman <mpe@ellerman.id.au>
  Michael Engl <michael.engl@wjw-solutions.com>
  Michael S. Tsirkin <mst@redhat.com>
  Minchan Kim <minchan@kernel.org>
  Murray McAllister <murray.mcallister@insomniasec.com>
  Naoya Horiguchi <n-horiguchi@ah.jp.nec.com>
  Neal Cardwell <ncardwell@google.com>
  Nicholas Bellinger <nab@linux-iscsi.org>
  Nicolas Ferre <nicolas.ferre@microchip.com>
  Nikolay Borisov <nborisov@suse.com>
  Oleg Nesterov <oleg@redhat.com>
  Oliver Neukum <oneukum@suse.com>
  Omar Sandoval <osandov@fb.com>
  Paolo Bonzini <pbonzini@redhat.com>
  Paul Mackerras <paulus@ozlabs.org>
  Peter Chang <dpf@google.com>
  Peter Xu <peterx@redhat.com>
  Peter Zijlstra (Intel) <peterz@infradead.org>
  Peter Zijlstra <peterz@infradead.org>
  Radim Krčmář <rkrcmar@redhat.com>
  Rafael J. Wysocki <rafael.j.wysocki@intel.com>
  Rafał Miłecki <rafal@milecki.pl>
  Richard Genoud <richard.genoud@gmail.com>
  Roman Mashak <mrv@mojatatu.com>
  Sabrina Dubroca <sd@queasysnail.net>
  Saeed Mahameed <saeedm@mellanox.com>
  Sam Bobroff <sam.bobroff@au1.ibm.com>
  Shaohua Li <shli@fb.com>
  Stefan Brüns <stefan.bruens@rwth-aachen.de>
  Steve French <smfrench@gmail.com>
  Steven Rostedt (VMware) <rostedt@goodmis.org>
  Suzuki K Poulose <suzuki.poulose@arm.com>
  Tahsin Erdogan <tahsin@google.com>
  Takashi Iwai <tiwai@suse.de>
  Tejun Heo <tj@kernel.org>
  Theodore Ts'o <tytso@mit.edu>
  Thierry Reding <treding@nvidia.com>
  Thomas Gleixner <tglx@linutronix.de>
  Thomas Hellstrom <thellstrom@vmware.com>
  Thomas Huth <thuth@redhat.com>
  Todd Fujinaka <todd.fujinaka@intel.com>
  Tommi Rantala <tommi.t.rantala@nokia.com>
  Ulf Hansson <ulf.hansson@linaro.org>
  Uwe Kleine-König <uwe@kleine-koenig.org>
  Vitaly Kuznetsov <vkuznets@redhat.com>
  Wei Yongjun <yongjun_wei@trendmicro.com.cn>
  Xin Long <lucien.xin@gmail.com>
  å®¶ç‘‹ <momo1208@gmail.com>

jobs:
 build-amd64-xsm                                              pass    
 build-arm64-xsm                                              pass    
 build-armhf-xsm                                              pass    
 build-i386-xsm                                               pass    
 build-amd64                                                  pass    
 build-arm64                                                  pass    
 build-armhf                                                  pass    
 build-i386                                                   pass    
 build-amd64-libvirt                                          pass    
 build-arm64-libvirt                                          pass    
 build-armhf-libvirt                                          pass    
 build-i386-libvirt                                           pass    
 build-amd64-pvops                                            pass    
 build-arm64-pvops                                            fail    
 build-armhf-pvops                                            pass    
 build-i386-pvops                                             pass    
 build-amd64-rumprun                                          pass    
 build-i386-rumprun                                           pass    
 test-amd64-amd64-xl                                          pass    
 test-arm64-arm64-xl                                          blocked 
 test-armhf-armhf-xl                                          pass    
 test-amd64-i386-xl                                           pass    
 test-amd64-amd64-xl-qemut-debianhvm-amd64-xsm                pass    
 test-amd64-i386-xl-qemut-debianhvm-amd64-xsm                 pass    
 test-amd64-amd64-libvirt-qemuu-debianhvm-amd64-xsm           pass    
 test-amd64-i386-libvirt-qemuu-debianhvm-amd64-xsm            pass    
 test-amd64-amd64-xl-qemuu-debianhvm-amd64-xsm                pass    
 test-amd64-i386-xl-qemuu-debianhvm-amd64-xsm                 pass    
 test-amd64-amd64-xl-qemut-stubdom-debianhvm-amd64-xsm        pass    
 test-amd64-i386-xl-qemut-stubdom-debianhvm-amd64-xsm         pass    
 test-amd64-amd64-libvirt-xsm                                 pass    
 test-arm64-arm64-libvirt-xsm                                 blocked 
 test-armhf-armhf-libvirt-xsm                                 pass    
 test-amd64-i386-libvirt-xsm                                  pass    
 test-amd64-amd64-xl-xsm                                      pass    
 test-arm64-arm64-xl-xsm                                      blocked 
 test-armhf-armhf-xl-xsm                                      fail    
 test-amd64-i386-xl-xsm                                       pass    
 test-amd64-amd64-qemuu-nested-amd                            fail    
 test-amd64-amd64-xl-pvh-amd                                  pass    
 test-amd64-i386-qemut-rhel6hvm-amd                           pass    
 test-amd64-i386-qemuu-rhel6hvm-amd                           pass    
 test-amd64-amd64-xl-qemut-debianhvm-amd64                    pass    
 test-amd64-i386-xl-qemut-debianhvm-amd64                     pass    
 test-amd64-amd64-xl-qemuu-debianhvm-amd64                    pass    
 test-amd64-i386-xl-qemuu-debianhvm-amd64                     pass    
 test-amd64-i386-freebsd10-amd64                              pass    
 test-amd64-amd64-xl-qemuu-ovmf-amd64                         pass    
 test-amd64-i386-xl-qemuu-ovmf-amd64                          pass    
 test-amd64-amd64-rumprun-amd64                               pass    
 test-amd64-amd64-xl-qemut-win7-amd64                         fail    
 test-amd64-i386-xl-qemut-win7-amd64                          fail    
 test-amd64-amd64-xl-qemuu-win7-amd64                         fail    
 test-amd64-i386-xl-qemuu-win7-amd64                          fail    
 test-armhf-armhf-xl-arndale                                  pass    
 test-amd64-amd64-xl-credit2                                  pass    
 test-arm64-arm64-xl-credit2                                  blocked 
 test-armhf-armhf-xl-credit2                                  pass    
 test-armhf-armhf-xl-cubietruck                               pass    
 test-amd64-i386-freebsd10-i386                               pass    
 test-amd64-i386-rumprun-i386                                 pass    
 test-amd64-amd64-qemuu-nested-intel                          pass    
 test-amd64-amd64-xl-pvh-intel                                pass    
 test-amd64-i386-qemut-rhel6hvm-intel                         pass    
 test-amd64-i386-qemuu-rhel6hvm-intel                         pass    
 test-amd64-amd64-libvirt                                     pass    
 test-arm64-arm64-libvirt                                     blocked 
 test-armhf-armhf-libvirt                                     pass    
 test-amd64-i386-libvirt                                      pass    
 test-amd64-amd64-xl-multivcpu                                pass    
 test-arm64-arm64-xl-multivcpu                                blocked 
 test-armhf-armhf-xl-multivcpu                                pass    
 test-amd64-amd64-pair                                        pass    
 test-amd64-i386-pair                                         pass    
 test-amd64-amd64-libvirt-pair                                pass    
 test-amd64-i386-libvirt-pair                                 pass    
 test-amd64-amd64-amd64-pvgrub                                pass    
 test-amd64-amd64-i386-pvgrub                                 pass    
 test-amd64-amd64-pygrub                                      pass    
 test-arm64-arm64-libvirt-qcow2                               blocked 
 test-amd64-amd64-xl-qcow2                                    pass    
 test-armhf-armhf-libvirt-raw                                 pass    
 test-amd64-i386-xl-raw                                       pass    
 test-amd64-amd64-xl-rtds                                     pass    
 test-arm64-arm64-xl-rtds                                     blocked 
 test-armhf-armhf-xl-rtds                                     pass    
 test-amd64-i386-xl-qemut-winxpsp3-vcpus1                     pass    
 test-amd64-i386-xl-qemuu-winxpsp3-vcpus1                     pass    
 test-amd64-amd64-libvirt-vhd                                 pass    
 test-armhf-armhf-xl-vhd                                      pass    
 test-amd64-amd64-xl-qemut-winxpsp3                           pass    
 test-amd64-i386-xl-qemut-winxpsp3                            pass    
 test-amd64-amd64-xl-qemuu-winxpsp3                           pass    
 test-amd64-i386-xl-qemuu-winxpsp3                            pass    


------------------------------------------------------------
sg-report-flight on osstest.test-lab.xenproject.org
logs: /home/logs/logs
images: /home/logs/images

Logs, config files, etc. are available at
    http://logs.test-lab.xenproject.org/osstest/logs

Explanation of these reports, and of osstest in general, is at
    http://xenbits.xen.org/gitweb/?p=osstest.git;a=blob;f=README.email;hb=master
    http://xenbits.xen.org/gitweb/?p=osstest.git;a=blob;f=README;hb=master

Test harness code can be found at
    http://xenbits.xen.org/gitweb?p=osstest.git;a=summary


Not pushing.

(No revision log; it would be 3272 lines long.)


[-- Attachment #2: Type: text/plain, Size: 127 bytes --]

_______________________________________________
Xen-devel mailing list
Xen-devel@lists.xen.org
https://lists.xen.org/xen-devel

                 reply	other threads:[~2017-04-22 16:28 UTC|newest]

Thread overview: [no followups] expand[flat|nested]  mbox.gz  Atom feed

Reply instructions:

You may reply publicly to this message via plain-text email
using any one of the following methods:

* Save the following mbox file, import it into your mail client,
  and reply-to-all from there: mbox

  Avoid top-posting and favor interleaved quoting:
  https://en.wikipedia.org/wiki/Posting_style#Interleaved_style

* Reply using the --to, --cc, and --in-reply-to
  switches of git-send-email(1):

  git send-email \
    --in-reply-to=osstest-107596-mainreport@xen.org \
    --to=osstest-admin@xenproject.org \
    --cc=xen-devel@lists.xensource.com \
    /path/to/YOUR_REPLY

  https://kernel.org/pub/software/scm/git/docs/git-send-email.html

* If your mail client supports setting the In-Reply-To header
  via mailto: links, try the mailto: link
Be sure your reply has a Subject: header at the top and a blank line before the message body.
This is a public inbox, see mirroring instructions
for how to clone and mirror all data and code used for this inbox;
as well as URLs for NNTP newsgroup(s).