xen-devel.lists.xenproject.org archive mirror
 help / color / mirror / Atom feed
* [linux-4.9 test] 107618: regressions - FAIL
@ 2017-04-24  2:04 osstest service owner
  0 siblings, 0 replies; only message in thread
From: osstest service owner @ 2017-04-24  2:04 UTC (permalink / raw)
  To: xen-devel, osstest-admin

[-- Attachment #1: Type: text/plain, Size: 22453 bytes --]

flight 107618 linux-4.9 real [real]
http://logs.test-lab.xenproject.org/osstest/logs/107618/

Regressions :-(

Tests which did not succeed and are blocking,
including tests which could not be run:
 build-i386-xsm                5 xen-build                fail REGR. vs. 107358
 test-armhf-armhf-xl-credit2   6 xen-boot                 fail REGR. vs. 107358

Regressions which are regarded as allowable (not blocking):
 test-amd64-i386-xl-qemuu-win7-amd64 16 guest-stop        fail REGR. vs. 107358
 test-amd64-amd64-xl-rtds      9 debian-install           fail REGR. vs. 107358

Tests which did not succeed, but are not blocking:
 test-amd64-i386-xl-xsm        1 build-check(1)               blocked  n/a
 test-amd64-i386-libvirt-qemuu-debianhvm-amd64-xsm 1 build-check(1) blocked n/a
 test-amd64-i386-xl-qemuu-debianhvm-amd64-xsm  1 build-check(1)     blocked n/a
 test-amd64-i386-xl-qemut-debianhvm-amd64-xsm  1 build-check(1)     blocked n/a
 test-amd64-i386-libvirt-xsm   1 build-check(1)               blocked  n/a
 test-amd64-i386-xl-qemut-stubdom-debianhvm-amd64-xsm 1 build-check(1) blocked n/a
 test-armhf-armhf-xl           6 xen-boot                     fail  like 107358
 test-armhf-armhf-xl-xsm       6 xen-boot                     fail  like 107358
 test-armhf-armhf-xl-rtds      6 xen-boot                     fail  like 107358
 test-armhf-armhf-libvirt-xsm  6 xen-boot                     fail  like 107358
 test-armhf-armhf-libvirt-raw  6 xen-boot                     fail  like 107358
 test-armhf-armhf-xl-multivcpu  6 xen-boot                     fail like 107358
 test-armhf-armhf-xl-vhd       6 xen-boot                     fail  like 107358
 test-armhf-armhf-libvirt      6 xen-boot                     fail  like 107358
 test-amd64-amd64-xl-qemut-win7-amd64 16 guest-stop            fail like 107358
 test-amd64-i386-libvirt      12 migrate-support-check        fail   never pass
 test-amd64-amd64-libvirt-xsm 12 migrate-support-check        fail   never pass
 test-amd64-amd64-libvirt     12 migrate-support-check        fail   never pass
 test-arm64-arm64-xl-multivcpu 12 migrate-support-check        fail  never pass
 test-arm64-arm64-xl-multivcpu 13 saverestore-support-check    fail  never pass
 test-arm64-arm64-xl          12 migrate-support-check        fail   never pass
 test-arm64-arm64-xl          13 saverestore-support-check    fail   never pass
 test-arm64-arm64-libvirt     12 migrate-support-check        fail   never pass
 test-arm64-arm64-libvirt     13 saverestore-support-check    fail   never pass
 test-arm64-arm64-xl-credit2  12 migrate-support-check        fail   never pass
 test-arm64-arm64-xl-credit2  13 saverestore-support-check    fail   never pass
 test-arm64-arm64-libvirt-xsm 12 migrate-support-check        fail   never pass
 test-arm64-arm64-libvirt-xsm 13 saverestore-support-check    fail   never pass
 test-amd64-amd64-qemuu-nested-intel 13 xen-boot/l1             fail never pass
 test-amd64-amd64-libvirt-qemuu-debianhvm-amd64-xsm 10 migrate-support-check fail never pass
 test-arm64-arm64-xl-rtds     12 migrate-support-check        fail   never pass
 test-arm64-arm64-xl-rtds     13 saverestore-support-check    fail   never pass
 test-arm64-arm64-libvirt-qcow2 11 migrate-support-check        fail never pass
 test-arm64-arm64-libvirt-qcow2 12 saverestore-support-check    fail never pass
 test-armhf-armhf-xl-cubietruck 12 migrate-support-check        fail never pass
 test-armhf-armhf-xl-cubietruck 13 saverestore-support-check    fail never pass
 test-amd64-i386-xl-qemut-win7-amd64 16 guest-stop              fail never pass
 test-armhf-armhf-xl-arndale   6 xen-boot                     fail   never pass
 test-arm64-arm64-xl-xsm      12 migrate-support-check        fail   never pass
 test-arm64-arm64-xl-xsm      13 saverestore-support-check    fail   never pass
 test-amd64-amd64-qemuu-nested-amd 13 xen-boot/l1               fail never pass
 test-amd64-amd64-libvirt-vhd 11 migrate-support-check        fail   never pass

version targeted for testing:
 linux                2f5e58ec793f56f9ac1c6736b4638a4b81d6f099
baseline version:
 linux                37feaf8095d352014555b82adb4a04609ca17d3f

Last test of basis   107358  2017-04-10 19:42:52 Z   13 days
Failing since        107396  2017-04-12 11:15:19 Z   11 days   21 attempts
Testing same since   107582  2017-04-21 10:48:51 Z    2 days    4 attempts

------------------------------------------------------------
People who touched revisions under test:
  Adrian Hunter <adrian.hunter@intel.com>
  Al Viro <viro@zeniv.linux.org.uk>
  Alan Stern <stern@rowland.harvard.edu>
  Alberto Aguirre <albaguirre@gmail.com>
  Alex Deucher <alexander.deucher@amd.com>
  Alex Williamson <alex.williamson@redhat.com>
  Alex Wood <thetewood@gmail.com>
  Alexander Polakov <apolyakov@beget.ru>
  Alexander Polyakov <apolyakov@beget.com>
  Alexandre Belloni <alexandre.belloni@free-electrons.com>
  Amit Pundir <amit.pundir@linaro.org>
  Andrew Morton <akpm@linux-foundation.org>
  Andrey Konovalov <andreyknvl@google.com>
  Andrey Smetanin <asmetanin@yandex-team.ru>
  Andy Gross <andy.gross@linaro.org>
  Andy Lutomirski <luto@amacapital.net>
  Andy Shevchenko <andriy.shevchenko@linux.intel.com>
  Ard Biesheuvel <ard.biesheuvel@linaro.org>
  Arend van Spriel <arend.vanspriel@broadcom.com>
  Arnd Bergmann <arnd@arndb.de>
  Aurelien Aptel <aaptel@suse.com>
  Baoyou Xie <baoyou.xie@linaro.org>
  Bartlomiej Zolnierkiewicz <b.zolnierkie@samsung.com>
  Bartosz Golaszewski <bgolaszewski@baylibre.com>
  Bastien Nocera <hadess@hadess.net>
  Ben Hutchings <ben@decadent.org.uk>
  Ben Segall <bsegall@google.com>
  Ben Skeggs <bskeggs@redhat.com>
  Benjamin Herrenschmidt <benh@kernel.crashing.org>
  Benjamin Tissoires <benjamin.tissoires@redhat.com>
  Bjorn Helgaas <bhelgaas@google.com>
  Bjørn Mork <bjorn@mork.no>
  Boris Brezillon <boris.brezillon@free-electrons.com>
  Boris Ostrovsky <boris.ostrovsky@oracle.com>
  Brian Norris <briannorris@chromium.org>
  Brian Norris <computersforpeace@gmail.com>
  bsegall@google.com <bsegall@google.com>
  Calvin Owens <calvinowens@fb.com>
  Cameron Gutman <aicommander@gmail.com>
  Chen Yu <yu.c.chen@intel.com>
  Chen-Yu Tsai <wens@csie.org>
  Chris Salls <salls@cs.ucsb.edu>
  Chris Wilson <chris@chris-wilson.co.uk>
  Christoffer Dall <cdall@linaro.org>
  Christoph Hellwig <hch@lst.de>
  Chu Yuan Lin <cyl@datera.io>
  Chuck Lever <chuck.lever@oracle.com>
  Cohen, Eugene <eugene@hp.com>
  Colin Ian King <colin.king@canonical.com>
  Corentin Chary <corentin.chary@gmail.com>
  Daeho Jeong <daeho.jeong@samsung.com>
  Dan Williams <dan.j.williams@intel.com>
  Daniel Golle <daniel@makrotopia.org>
  Daniel Lezcano <daniel.lezcano@linaro.org>
  Daniel Vetter <daniel.vetter@ffwll.ch>
  Daniel Vetter <daniel.vetter@intel.com>
  Darren Hart <dvhart@linux.intel.com>
  Darrick J. Wong <darrick.wong@oracle.com>
  Dave Hansen <dave.hansen@linux.intel.com>
  Dave Jiang <dave.jiang@intel.com>
  David S. Miller <davem@davemloft.net>
  David Wu <david.wu@rock-chips.com>
  Devin Tuchsen <devin.tuchsen@gmail.com>
  Dmitry Bilunov <kmeaw@yandex-team.ru>
  Dmitry Torokhov <dmitry.torokhov@gmail.com>
  Dongdong Liu <liudongdong3@huawei.com>
  Eric Dumazet <edumazet@google.com>
  Eugene Cohen <eugene@hp.com>
  Eugenia Emantayev <eugenia@mellanox.com>
  Fam Zheng <famz@redhat.com>
  Felipe Balbi <balbi@ti.com>
  Felipe Balbi <felipe.balbi@linux.intel.com>
  Frederic Barrat <fbarrat@linux.vnet.ibm.com>
  Gabriel Krisman Bertazi <krisman@linux.vnet.ibm.com>
  Geert Uytterhoeven <geert+renesas@glider.be>
  Germano Percossi <germano.percossi@citrix.com>
  Greg Hackmann <ghackmann@google.com>
  Greg Kroah-Hartman <gregkh@linuxfoundation.org>
  Greg Kroah-Hartman gregkh@linuxfoundation.org
  Guenter Roeck <linux@roeck-us.net>
  Hauke Mehrtens <hauke@hauke-m.de>
  Heiko Carstens <heiko.carstens@de.ibm.com>
  Heinz Mauelshagen <heinzm@redhat.com>
  Helge Deller <deller@gmx.de>
  Herbert Xu <herbert@gondor.apana.org.au>
  Himanshu Madhani <himanshu.madhani@cavium.com>
  Horia Geantă <horia.geanta@nxp.com>
  Huacai Chen <chenhc@lemote.com>
  HungNien Chen <hn.chen@weidahitech.com>
  Ilia Mirkin <imirkin@alum.mit.edu>
  Ilias Tsitsimpis <iliastsi@arrikto.com>
  Imre Deak <imre.deak@intel.com>
  Ingo Molnar <mingo@kernel.org>
  J. Bruce Fields <bfields@redhat.com>
  Jack Morgenstein <jackm@dev.mellanox.co.il>
  Jakobus Schurz <jakobus.schurz@gmail.com>
  James Feeney <james@nurealm.net>
  James Hogan <james.hogan@imgtec.com>
  James Shen <jcs@datera.io>
  Jan-Marek Glogowski <glogow@fbihome.de>
  Jani Nikula <jani.nikula@intel.com>
  Janusz Dziedzic <januszx.dziedzic@intel.com>
  Jason A. Donenfeld <Jason@zx2c4.com>
  Jens Axboe <axboe@fb.com>
  Jiri Kosina <jkosina@suse.cz>
  Joe Lawrence <joe.lawrence@redhat.com>
  Joerg Roedel <jroedel@suse.de>
  Johan Hovold <johan@kernel.org>
  Johannes Berg <johannes.berg@intel.com>
  John Crispin <john@phrozen.org>
  John Garry <john.garry@huawei.com>
  Jon Mason <jon.mason@broadcom.com>
  Jonathan Cameron <jic23@kernel.org>
  Josef Bacik <jbacik@fb.com>
  João Paulo Rechi Vita <jprvita@endlessm.com>
  João Paulo Rechi Vita <jprvita@gmail.com>
  Juergen Gross <jgross@suse.com>
  Kai-Chuan Hsieh <kai.chiuan@gmail.com>
  Kalle Valo <kvalo@codeaurora.org>
  Kalle Valo <kvalo@qca.qualcomm.com>
  Kees Cook <keescook@chromium.org>
  Kefeng Wang <wangkefeng.wang@huawei.com>
  Keith Busch <keith.busch@intel.com>
  Kenneth Graunke <kenneth@whitecape.org>
  Kevin Hilman <khilman@baylibre.com>
  Kirill A. Shutemov <kirill.shutemov@linux.intel.com>
  Kiwoong Kim <kwmad.kim@samsung.com>
  Krzysztof Kozlowski <krzk@kernel.org>
  Lee, Chun-Yi <jlee@suse.com>
  Lee, Chun-Yi <joeyli.kernel@gmail.com>
  Len Brown <len.brown@intel.com>
  Ley Foon Tan <ley.foon.tan@intel.com>
  Li Qiang <liq3ea@gmail.com>
  Li Qiang <liqiang6-s@360.cn>
  Liam Girdwood <liam.r.girdwood@linux.intel.com>
  Linus Torvalds <torvalds@linux-foundation.org>
  Linus Walleij <linus.walleij@linaro.org>
  Lorenzo Pieralisi <lorenzo.pieralisi@arm.com>
  Lucas Stach <l.stach@pengutronix.de>
  Lv Zheng <lv.zheng@intel.com>
  Mantas M <grawity@gmail.com>
  Mantas MikulÄ—nas <grawity@gmail.com>
  Marc Kleine-Budde <mkl@pengutronix.de>
  Marc Zyngier <marc.zyngier@arm.com>
  Marcel Hasler <mahasler@gmail.com>
  Marcelo Henrique Cerri <marcelo.cerri@canonical.com>
  Marcelo Ricardo Leitner <marcelo.leitner@gmail.com>
  Marek Szyprowski <m.szyprowski@samsung.com>
  Mark Brown <broonie@kernel.org>
  Markus Marb <markus@marb.org>
  Martin Brandenburg <martin@omnibond.com>
  Martin K. Petersen <martin.petersen@oracle.com>
  Martin Schwidefsky <schwidefsky@de.ibm.com>
  Masahiro Yamada <yamada.masahiro@socionext.com>
  Matan Barak <matanb@mellanox.com>
  Mathias Krause <minipli@googlemail.com>
  Mathias Nyman <mathias.nyman@linux.intel.com>
  Matjaz Hegedic <matjaz.hegedic@gmail.com>
  Matt Fleming <matt@codeblueprint.co.uk>
  Matt Redfearn <matt.redfearn@imgtec.com>
  Mauro Carvalho Chehab <mchehab@s-opensource.com>
  Max Bires <jbires@google.com>
  Max Filippov <jcmvbkbc@gmail.com>
  Maxime Ripard <maxime.ripard@free-electrons.com>
  Miaoqing Pan <miaoqing@codeaurora.org>
  Michael Ellerman <mpe@ellerman.id.au>
  Michael S. Tsirkin <mst@redhat.com>
  Michal Hocko <mhocko@suse.com>
  Mika Kuoppala <mika.kuoppala@intel.com>
  Mika Kuoppala <mika.kuoppala@linux.intel.com>
  Mika Westerberg <mika.westerberg@linux.intel.com>
  Mike Marshall <hubcap@omnibond.com>
  Mike Snitzer <snitzer@redhat.com>
  Mikulas Patocka <mpatocka@redhat.com>
  Minchan Kim <minchan@kernel.org>
  Mohit Gambhir <mohit.gambhir@oracle.com>
  Murray McAllister <murray.mcallister@insomniasec.com>
  Mylène Josserand <mylene.josserand@free-electrons.com>
  Namhyung Kim <namhyung@kernel.org>
  NeilBrown <neilb@suse.com>
  Nicholas Bellinger <nab@linux-iscsi.org>
  Nobutaka Okabe <nob77413@gmail.com>
  Noralf Trønnes <noralf@tronnes.org>
  Oleg Nesterov <oleg@redhat.com>
  Oliver O'Halloran <oohall@gmail.com>
  Omar Sandoval <osandov@fb.com>
  Paolo Bonzini <pbonzini@redhat.com>
  Patrice Chotard <patrice.chotard@st.com>
  Paul Burton <paul.burton@imgtec.com>
  Paul Mackerras <paulus@ozlabs.org>
  Paulo Zanoni <paulo.r.zanoni@intel.com>
  Peter Chen <peter.chen@nxp.com>
  Peter Zijlstra (Intel) <peterz@infradead.org>
  Peter Zijlstra <peterz@infradead.org>
  Pierre-Louis Bossart <pierre-louis.bossart@linux.intel.com>
  Ping Cheng <ping.cheng@wacom.com>
  Ping Cheng <pinglinux@gmail.com>
  Przemek <soprwa@gmail.com>
  Quentin Schulz <quentin.schulz@free-electrons.com>
  Rafael J. Wysocki <rafael.j.wysocki@intel.com>
  Rafał Miłecki <rafal@milecki.pl>
  Ralf Baechle <ralf@linux-mips.org>
  Ritesh Harjani <riteshh@codeaurora.org>
  Rob Herring <robh@kernel.org>
  Roger Quadros <rogerq@ti.com>
  Roy Spliet <nouveau@spliet.org>
  Rui Wang <wangr@lemote.com>
  Sabrina Dubroca <sd@queasysnail.net>
  Sahitya Tummala <stummala@codeaurora.org>
  Sam Bobroff <sam.bobroff@au1.ibm.com>
  Sami Tolvanen <samitolvanen@google.com>
  Sasha Levin <alexander.levin@verizon.com>
  Sawan Chandak <sawan.chandak@cavium.com>
  Sekhar Nori <nsekhar@ti.com>
  Shuxiao Zhang <zhangshuxiao@xiaomi.com>
  Sinan Kaya <okaya@codeaurora.org>
  Stanislaw Gruszka <sgruszka@redhat.com>
  Stefan Brüns <stefan.bruens@rwth-aachen.de>
  Stephen Boyd <sboyd@codeaurora.org>
  Stephen Boyd <stephen.boyd@linaro.org>
  Steve French <smfrench@gmail.com>
  Steven Rostedt (VMware) <rostedt@goodmis.org>
  Subhash Jadavani <subhashj@codeaurora.org>
  subhashj@codeaurora.org <subhashj@codeaurora.org>
  Sudip Mukherjee <sudip.mukherjee@codethink.co.uk>
  Sudip Mukherjee <sudipm.mukherjee@gmail.com>
  Sumit Semwal <sumit.semwal@linaro.org>
  Suzuki K Poulose <suzuki.poulose@arm.com>
  Takashi Iwai <tiwai@suse.de>
  Tariq Toukan <tariqt@mellanox.com>
  Tejun Heo <tj@kernel.org>
  Theodore Ts'o <tytso@mit.edu>
  Thierry Reding <thierry.reding@gmail.com>
  Thierry Reding <treding@nvidia.com>
  Thomas Gleixner <tglx@linutronix.de>
  Thomas Hellstrom <thellstrom@vmware.com>
  Tobias Jakobi <tjakobi@math.uni-bielefeld.de>
  Tobias Klauser <tklauser@distanz.ch>
  Tomasz Nowicki <tn@semihalf.com>
  Tommi Rantala <tommi.t.rantala@nokia.com>
  Tony Lindgren <tony@atomide.com>
  Toshi Kani <toshi.kani@hpe.com>
  Tyler Baker <tyler.baker@linaro.org>
  Ulf Hansson <ulf.hansson@linaro.org>
  Victor Kamensky <kamensky@cisco.com>
  Vignesh R <vigneshr@ti.com>
  Ville Syrjälä <ville.syrjala@linux.intel.com>
  Viresh Kumar <viresh.kumar@linaro.org>
  Vishal Thanki <vishalthanki@gmail.com>
  Vishal Verma <vishal.l.verma@intel.com>
  Vladimir Davydov <vdavydov.dev@gmail.com>
  Vladimir Zapolskiy <vz@mleia.com>
  Wei Xu <xuwei5@hisilicon.com>
  Wei Yongjun <weiyongjun1@huawei.com>
  Wei Yongjun <yongjun_wei@trendmicro.com.cn>
  Will Deacon <will.deacon@arm.com>
  Wolfram Sang <wsa@the-dreams.de>
  Xin Long <lucien.xin@gmail.com>
  Xiubo Li <lixiubo@cmss.chinamobile.com>
  Yangbo Lu <yangbo.lu@nxp.com>
  youling257 <youling257@gmail.com>
  Youngjin Gil <youngjin.gil@samsung.com>
  Zang Leigang <zangleigang@hisilicon.com>
  Zhang Rui <rui.zhang@intel.com>

jobs:
 build-amd64-xsm                                              pass    
 build-arm64-xsm                                              pass    
 build-armhf-xsm                                              pass    
 build-i386-xsm                                               fail    
 build-amd64                                                  pass    
 build-arm64                                                  pass    
 build-armhf                                                  pass    
 build-i386                                                   pass    
 build-amd64-libvirt                                          pass    
 build-arm64-libvirt                                          pass    
 build-armhf-libvirt                                          pass    
 build-i386-libvirt                                           pass    
 build-amd64-pvops                                            pass    
 build-arm64-pvops                                            pass    
 build-armhf-pvops                                            pass    
 build-i386-pvops                                             pass    
 build-amd64-rumprun                                          pass    
 build-i386-rumprun                                           pass    
 test-amd64-amd64-xl                                          pass    
 test-arm64-arm64-xl                                          pass    
 test-armhf-armhf-xl                                          fail    
 test-amd64-i386-xl                                           pass    
 test-amd64-amd64-xl-qemut-debianhvm-amd64-xsm                pass    
 test-amd64-i386-xl-qemut-debianhvm-amd64-xsm                 blocked 
 test-amd64-amd64-libvirt-qemuu-debianhvm-amd64-xsm           pass    
 test-amd64-i386-libvirt-qemuu-debianhvm-amd64-xsm            blocked 
 test-amd64-amd64-xl-qemuu-debianhvm-amd64-xsm                pass    
 test-amd64-i386-xl-qemuu-debianhvm-amd64-xsm                 blocked 
 test-amd64-amd64-xl-qemut-stubdom-debianhvm-amd64-xsm        pass    
 test-amd64-i386-xl-qemut-stubdom-debianhvm-amd64-xsm         blocked 
 test-amd64-amd64-libvirt-xsm                                 pass    
 test-arm64-arm64-libvirt-xsm                                 pass    
 test-armhf-armhf-libvirt-xsm                                 fail    
 test-amd64-i386-libvirt-xsm                                  blocked 
 test-amd64-amd64-xl-xsm                                      pass    
 test-arm64-arm64-xl-xsm                                      pass    
 test-armhf-armhf-xl-xsm                                      fail    
 test-amd64-i386-xl-xsm                                       blocked 
 test-amd64-amd64-qemuu-nested-amd                            fail    
 test-amd64-amd64-xl-pvh-amd                                  pass    
 test-amd64-i386-qemut-rhel6hvm-amd                           pass    
 test-amd64-i386-qemuu-rhel6hvm-amd                           pass    
 test-amd64-amd64-xl-qemut-debianhvm-amd64                    pass    
 test-amd64-i386-xl-qemut-debianhvm-amd64                     pass    
 test-amd64-amd64-xl-qemuu-debianhvm-amd64                    pass    
 test-amd64-i386-xl-qemuu-debianhvm-amd64                     pass    
 test-amd64-i386-freebsd10-amd64                              pass    
 test-amd64-amd64-xl-qemuu-ovmf-amd64                         pass    
 test-amd64-i386-xl-qemuu-ovmf-amd64                          pass    
 test-amd64-amd64-rumprun-amd64                               pass    
 test-amd64-amd64-xl-qemut-win7-amd64                         fail    
 test-amd64-i386-xl-qemut-win7-amd64                          fail    
 test-amd64-amd64-xl-qemuu-win7-amd64                         pass    
 test-amd64-i386-xl-qemuu-win7-amd64                          fail    
 test-armhf-armhf-xl-arndale                                  fail    
 test-amd64-amd64-xl-credit2                                  pass    
 test-arm64-arm64-xl-credit2                                  pass    
 test-armhf-armhf-xl-credit2                                  fail    
 test-armhf-armhf-xl-cubietruck                               pass    
 test-amd64-i386-freebsd10-i386                               pass    
 test-amd64-i386-rumprun-i386                                 pass    
 test-amd64-amd64-qemuu-nested-intel                          fail    
 test-amd64-amd64-xl-pvh-intel                                pass    
 test-amd64-i386-qemut-rhel6hvm-intel                         pass    
 test-amd64-i386-qemuu-rhel6hvm-intel                         pass    
 test-amd64-amd64-libvirt                                     pass    
 test-arm64-arm64-libvirt                                     pass    
 test-armhf-armhf-libvirt                                     fail    
 test-amd64-i386-libvirt                                      pass    
 test-amd64-amd64-xl-multivcpu                                pass    
 test-arm64-arm64-xl-multivcpu                                pass    
 test-armhf-armhf-xl-multivcpu                                fail    
 test-amd64-amd64-pair                                        pass    
 test-amd64-i386-pair                                         pass    
 test-amd64-amd64-libvirt-pair                                pass    
 test-amd64-i386-libvirt-pair                                 pass    
 test-amd64-amd64-amd64-pvgrub                                pass    
 test-amd64-amd64-i386-pvgrub                                 pass    
 test-amd64-amd64-pygrub                                      pass    
 test-arm64-arm64-libvirt-qcow2                               pass    
 test-amd64-amd64-xl-qcow2                                    pass    
 test-armhf-armhf-libvirt-raw                                 fail    
 test-amd64-i386-xl-raw                                       pass    
 test-amd64-amd64-xl-rtds                                     fail    
 test-arm64-arm64-xl-rtds                                     pass    
 test-armhf-armhf-xl-rtds                                     fail    
 test-amd64-i386-xl-qemut-winxpsp3-vcpus1                     pass    
 test-amd64-i386-xl-qemuu-winxpsp3-vcpus1                     pass    
 test-amd64-amd64-libvirt-vhd                                 pass    
 test-armhf-armhf-xl-vhd                                      fail    
 test-amd64-amd64-xl-qemut-winxpsp3                           pass    
 test-amd64-i386-xl-qemut-winxpsp3                            pass    
 test-amd64-amd64-xl-qemuu-winxpsp3                           pass    
 test-amd64-i386-xl-qemuu-winxpsp3                            pass    


------------------------------------------------------------
sg-report-flight on osstest.test-lab.xenproject.org
logs: /home/logs/logs
images: /home/logs/images

Logs, config files, etc. are available at
    http://logs.test-lab.xenproject.org/osstest/logs

Explanation of these reports, and of osstest in general, is at
    http://xenbits.xen.org/gitweb/?p=osstest.git;a=blob;f=README.email;hb=master
    http://xenbits.xen.org/gitweb/?p=osstest.git;a=blob;f=README;hb=master

Test harness code can be found at
    http://xenbits.xen.org/gitweb?p=osstest.git;a=summary


Not pushing.

(No revision log; it would be 6686 lines long.)


[-- Attachment #2: Type: text/plain, Size: 127 bytes --]

_______________________________________________
Xen-devel mailing list
Xen-devel@lists.xen.org
https://lists.xen.org/xen-devel

^ permalink raw reply	[flat|nested] only message in thread

only message in thread, other threads:[~2017-04-24  2:04 UTC | newest]

Thread overview: (only message) (download: mbox.gz follow: Atom feed
-- links below jump to the message on this page --
2017-04-24  2:04 [linux-4.9 test] 107618: regressions - FAIL osstest service owner

This is a public inbox, see mirroring instructions
for how to clone and mirror all data and code used for this inbox;
as well as URLs for NNTP newsgroup(s).