From: osstest service owner <osstest-admin@xenproject.org>
To: xen-devel@lists.xensource.com, osstest-admin@xenproject.org
Subject: [qemu-mainline test] 107629: regressions - trouble: broken/fail/pass
Date: Mon, 24 Apr 2017 21:03:20 +0000 [thread overview]
Message-ID: <osstest-107629-mainreport@xen.org> (raw)
[-- Attachment #1: Type: text/plain, Size: 18362 bytes --]
flight 107629 qemu-mainline real [real]
http://logs.test-lab.xenproject.org/osstest/logs/107629/
Regressions :-(
Tests which did not succeed and are blocking,
including tests which could not be run:
test-armhf-armhf-xl-xsm 3 host-install(3) broken REGR. vs. 107610
test-arm64-arm64-libvirt 6 xen-boot fail REGR. vs. 107610
test-arm64-arm64-xl-multivcpu 9 debian-install fail REGR. vs. 107610
Regressions which are regarded as allowable (not blocking):
test-arm64-arm64-xl-rtds 6 xen-boot fail REGR. vs. 107610
Tests which did not succeed, but are not blocking:
test-armhf-armhf-libvirt 13 saverestore-support-check fail like 107610
test-armhf-armhf-libvirt-xsm 13 saverestore-support-check fail like 107610
test-amd64-i386-xl-qemuu-win7-amd64 16 guest-stop fail like 107610
test-amd64-amd64-xl-qemuu-win7-amd64 16 guest-stop fail like 107610
test-armhf-armhf-libvirt-raw 12 saverestore-support-check fail like 107610
test-amd64-amd64-xl-rtds 9 debian-install fail like 107610
test-amd64-amd64-libvirt-xsm 12 migrate-support-check fail never pass
test-amd64-amd64-libvirt 12 migrate-support-check fail never pass
test-amd64-i386-libvirt 12 migrate-support-check fail never pass
test-amd64-i386-libvirt-xsm 12 migrate-support-check fail never pass
test-arm64-arm64-xl-credit2 12 migrate-support-check fail never pass
test-arm64-arm64-xl-credit2 13 saverestore-support-check fail never pass
test-arm64-arm64-xl 12 migrate-support-check fail never pass
test-arm64-arm64-libvirt-xsm 12 migrate-support-check fail never pass
test-arm64-arm64-xl 13 saverestore-support-check fail never pass
test-arm64-arm64-libvirt-xsm 13 saverestore-support-check fail never pass
test-arm64-arm64-xl-xsm 12 migrate-support-check fail never pass
test-arm64-arm64-xl-xsm 13 saverestore-support-check fail never pass
test-amd64-amd64-libvirt-qemuu-debianhvm-amd64-xsm 10 migrate-support-check fail never pass
test-amd64-i386-libvirt-qemuu-debianhvm-amd64-xsm 10 migrate-support-check fail never pass
test-arm64-arm64-libvirt-qcow2 11 migrate-support-check fail never pass
test-arm64-arm64-libvirt-qcow2 12 saverestore-support-check fail never pass
test-armhf-armhf-xl-arndale 12 migrate-support-check fail never pass
test-armhf-armhf-xl-arndale 13 saverestore-support-check fail never pass
test-amd64-amd64-qemuu-nested-amd 16 debian-hvm-install/l1/l2 fail never pass
test-amd64-amd64-libvirt-vhd 11 migrate-support-check fail never pass
test-armhf-armhf-xl-cubietruck 12 migrate-support-check fail never pass
test-armhf-armhf-xl-cubietruck 13 saverestore-support-check fail never pass
test-armhf-armhf-xl-credit2 12 migrate-support-check fail never pass
test-armhf-armhf-xl-credit2 13 saverestore-support-check fail never pass
test-armhf-armhf-libvirt 12 migrate-support-check fail never pass
test-armhf-armhf-libvirt-xsm 12 migrate-support-check fail never pass
test-armhf-armhf-xl-rtds 12 migrate-support-check fail never pass
test-armhf-armhf-xl-rtds 13 saverestore-support-check fail never pass
test-armhf-armhf-libvirt-raw 11 migrate-support-check fail never pass
test-armhf-armhf-xl-vhd 11 migrate-support-check fail never pass
test-armhf-armhf-xl-vhd 12 saverestore-support-check fail never pass
test-armhf-armhf-xl-multivcpu 12 migrate-support-check fail never pass
test-armhf-armhf-xl-multivcpu 13 saverestore-support-check fail never pass
test-armhf-armhf-xl 12 migrate-support-check fail never pass
test-armhf-armhf-xl 13 saverestore-support-check fail never pass
version targeted for testing:
qemuu cd1ea50895faea4d274183bae0d3903523e049fc
baseline version:
qemuu 32c7e0ab755745e961f1772e95cac381cc68769d
Last test of basis 107610 2017-04-22 22:50:15 Z 1 days
Testing same since 107629 2017-04-24 10:00:00 Z 0 days 1 attempts
------------------------------------------------------------
People who touched revisions under test:
Mark Cave-Ayland <mark.cave-ayland@ilande.co.uk>
Peter Maydell <peter.maydell@linaro.org>
jobs:
build-amd64-xsm pass
build-arm64-xsm pass
build-armhf-xsm pass
build-i386-xsm pass
build-amd64 pass
build-arm64 pass
build-armhf pass
build-i386 pass
build-amd64-libvirt pass
build-arm64-libvirt pass
build-armhf-libvirt pass
build-i386-libvirt pass
build-amd64-pvops pass
build-arm64-pvops pass
build-armhf-pvops pass
build-i386-pvops pass
test-amd64-amd64-xl pass
test-arm64-arm64-xl pass
test-armhf-armhf-xl pass
test-amd64-i386-xl pass
test-amd64-amd64-libvirt-qemuu-debianhvm-amd64-xsm pass
test-amd64-i386-libvirt-qemuu-debianhvm-amd64-xsm pass
test-amd64-amd64-xl-qemuu-debianhvm-amd64-xsm pass
test-amd64-i386-xl-qemuu-debianhvm-amd64-xsm pass
test-amd64-amd64-libvirt-xsm pass
test-arm64-arm64-libvirt-xsm pass
test-armhf-armhf-libvirt-xsm pass
test-amd64-i386-libvirt-xsm pass
test-amd64-amd64-xl-xsm pass
test-arm64-arm64-xl-xsm pass
test-armhf-armhf-xl-xsm broken
test-amd64-i386-xl-xsm pass
test-amd64-amd64-qemuu-nested-amd fail
test-amd64-amd64-xl-pvh-amd pass
test-amd64-i386-qemuu-rhel6hvm-amd pass
test-amd64-amd64-xl-qemuu-debianhvm-amd64 pass
test-amd64-i386-xl-qemuu-debianhvm-amd64 pass
test-amd64-i386-freebsd10-amd64 pass
test-amd64-amd64-xl-qemuu-ovmf-amd64 pass
test-amd64-i386-xl-qemuu-ovmf-amd64 pass
test-amd64-amd64-xl-qemuu-win7-amd64 fail
test-amd64-i386-xl-qemuu-win7-amd64 fail
test-armhf-armhf-xl-arndale pass
test-amd64-amd64-xl-credit2 pass
test-arm64-arm64-xl-credit2 pass
test-armhf-armhf-xl-credit2 pass
test-armhf-armhf-xl-cubietruck pass
test-amd64-i386-freebsd10-i386 pass
test-amd64-amd64-qemuu-nested-intel pass
test-amd64-amd64-xl-pvh-intel pass
test-amd64-i386-qemuu-rhel6hvm-intel pass
test-amd64-amd64-libvirt pass
test-arm64-arm64-libvirt fail
test-armhf-armhf-libvirt pass
test-amd64-i386-libvirt pass
test-amd64-amd64-xl-multivcpu pass
test-arm64-arm64-xl-multivcpu fail
test-armhf-armhf-xl-multivcpu pass
test-amd64-amd64-pair pass
test-amd64-i386-pair pass
test-amd64-amd64-libvirt-pair pass
test-amd64-i386-libvirt-pair pass
test-amd64-amd64-amd64-pvgrub pass
test-amd64-amd64-i386-pvgrub pass
test-amd64-amd64-pygrub pass
test-arm64-arm64-libvirt-qcow2 pass
test-amd64-amd64-xl-qcow2 pass
test-armhf-armhf-libvirt-raw pass
test-amd64-i386-xl-raw pass
test-amd64-amd64-xl-rtds fail
test-arm64-arm64-xl-rtds fail
test-armhf-armhf-xl-rtds pass
test-amd64-i386-xl-qemuu-winxpsp3-vcpus1 pass
test-amd64-amd64-libvirt-vhd pass
test-armhf-armhf-xl-vhd pass
test-amd64-amd64-xl-qemuu-winxpsp3 pass
test-amd64-i386-xl-qemuu-winxpsp3 pass
------------------------------------------------------------
sg-report-flight on osstest.test-lab.xenproject.org
logs: /home/logs/logs
images: /home/logs/images
Logs, config files, etc. are available at
http://logs.test-lab.xenproject.org/osstest/logs
Explanation of these reports, and of osstest in general, is at
http://xenbits.xen.org/gitweb/?p=osstest.git;a=blob;f=README.email;hb=master
http://xenbits.xen.org/gitweb/?p=osstest.git;a=blob;f=README;hb=master
Test harness code can be found at
http://xenbits.xen.org/gitweb?p=osstest.git;a=summary
broken-step test-armhf-armhf-xl-xsm host-install(3)
Not pushing.
------------------------------------------------------------
commit cd1ea50895faea4d274183bae0d3903523e049fc
Merge: 32c7e0a 7497638
Author: Peter Maydell <peter.maydell@linaro.org>
Date: Mon Apr 24 09:43:03 2017 +0100
Merge remote-tracking branch 'remotes/mcayland/tags/qemu-sparc-signed' into staging
qemu-sparc update
# gpg: Signature made Fri 21 Apr 2017 20:09:35 BST
# gpg: using RSA key 0x5BC2C56FAE0F321F
# gpg: Good signature from "Mark Cave-Ayland <mark.cave-ayland@ilande.co.uk>"
# Primary key fingerprint: CC62 1AB9 8E82 200D 915C C9C4 5BC2 C56F AE0F 321F
* remotes/mcayland/tags/qemu-sparc-signed:
tcx: switch to load_image_mr() and remove prom_addr hack
tcx: use tcx_set_dirty() for accelerated ops
tcx: remove primitives for non-32-bit surfaces
tcx: remove TARGET_PAGE_SIZE from tcx24_update_display()
tcx: remove TARGET_PAGE_SIZE from tcx_update_display()
tcx: remove page24 and cpage from tcx24_update_display()
tcx: alter tcx24_reset_dirty() to accept address and length parameters
tcx: alter tcx24_check_dirty() to accept address and length parameters
tcx: ensure tcx_set_dirty() also invalidates the 24-bit plane and cplane
tcx: alter tcx_set_dirty() to accept address and length parameters
cg3: switch to load_image_mr() and remove prom-addr hack
cg3: fix up size parameter for memory_region_get_dirty()
cg3: remove TARGET_PAGE_SIZE rounding on dirty page detection
Signed-off-by: Peter Maydell <peter.maydell@linaro.org>
commit 749763864208b14f100f1f8319aeb931134430fa
Author: Mark Cave-Ayland <mark.cave-ayland@ilande.co.uk>
Date: Wed Apr 5 09:02:47 2017 +0100
tcx: switch to load_image_mr() and remove prom_addr hack
Previous to the existence of load_image_mr(), the only way to load in the
FCode ROM image was to pass in its physical address via qdev properties
and use load_image_targphys().
Signed-off-by: Mark Cave-Ayland <mark.cave-ayland@ilande.co.uk>
Reviewed-by: Gerd Hoffmann <kraxel@redhat.com>
commit 973945804d95878375b487c0c5c9b2556c5e4543
Author: Mark Cave-Ayland <mark.cave-ayland@ilande.co.uk>
Date: Wed Apr 5 09:02:47 2017 +0100
tcx: use tcx_set_dirty() for accelerated ops
Rather than calling memory_region_set_dirty() directly, make sure that we call
tcx_set_dirty() instead. This ensures that the 24-bit plane and cplane are
also invalidated correctly.
Signed-off-by: Mark Cave-Ayland <mark.cave-ayland@ilande.co.uk>
Reviewed-by: Gerd Hoffmann <kraxel@redhat.com>
commit ee72bed08cc05f086ad1424e47f1b06461650381
Author: Mark Cave-Ayland <mark.cave-ayland@ilande.co.uk>
Date: Wed Apr 5 09:02:47 2017 +0100
tcx: remove primitives for non-32-bit surfaces
As all surfaces in QEMU are now either shared or 32-bit ARGB regardless of
the guest depth, remove all non-32-bit primitives from tcx_update_display()
and consequence their implementation which are no longer required.
Signed-off-by: Mark Cave-Ayland <mark.cave-ayland@ilande.co.uk>
Reviewed-by: Gerd Hoffmann <kraxel@redhat.com>
commit d18e101225a83a5fa3a8dd9938a115ca2f06ca83
Author: Mark Cave-Ayland <mark.cave-ayland@ilande.co.uk>
Date: Wed Apr 5 09:02:47 2017 +0100
tcx: remove TARGET_PAGE_SIZE from tcx24_update_display()
Now that page alignment is handled by the memory API, there is no need to
duplicate the code 4 times (4 * 1024 == 4096 == TARGET_PAGE_SIZE).
Finally we have now removed all traces of TARGET_PAGE_SIZE.
Signed-off-by: Mark Cave-Ayland <mark.cave-ayland@ilande.co.uk>
Reviewed-by: Gerd Hoffmann <kraxel@redhat.com>
commit 0a97c6c4f938e0be21546f9475b30953b25187f0
Author: Mark Cave-Ayland <mark.cave-ayland@ilande.co.uk>
Date: Wed Apr 5 09:02:47 2017 +0100
tcx: remove TARGET_PAGE_SIZE from tcx_update_display()
Now that page alignment is handled by the memory API, there is no need to
duplicate the code 4 times (4 * 1024 == 4096 == TARGET_PAGE_SIZE).
Signed-off-by: Mark Cave-Ayland <mark.cave-ayland@ilande.co.uk>
Reviewed-by: Gerd Hoffmann <kraxel@redhat.com>
commit 66dcabea477bed6dcaddce499f024b9bb921a598
Author: Mark Cave-Ayland <mark.cave-ayland@ilande.co.uk>
Date: Wed Apr 5 09:02:47 2017 +0100
tcx: remove page24 and cpage from tcx24_update_display()
Since all of the tcx_*_dirty() functions now calculate the 24-bit and
cplane offsets themselves from the base address, these variables are no
longer needed.
Signed-off-by: Mark Cave-Ayland <mark.cave-ayland@ilande.co.uk>
Reviewed-by: Gerd Hoffmann <kraxel@redhat.com>
commit 36180430acfe4b3be80893b0d0a47588a48017f1
Author: Mark Cave-Ayland <mark.cave-ayland@ilande.co.uk>
Date: Wed Apr 5 09:02:46 2017 +0100
tcx: alter tcx24_reset_dirty() to accept address and length parameters
This can now be used by both the 8-bit and 24-bit display code, so rename
to tcx_check_dirty().
Signed-off-by: Mark Cave-Ayland <mark.cave-ayland@ilande.co.uk>
Reviewed-by: Gerd Hoffmann <kraxel@redhat.com>
commit 427ee02bc9a3b8b5d5cb1066f6100a89eba6b201
Author: Mark Cave-Ayland <mark.cave-ayland@ilande.co.uk>
Date: Wed Apr 5 09:02:46 2017 +0100
tcx: alter tcx24_check_dirty() to accept address and length parameters
This can now be used by both the 8-bit and 24-bit display code, so rename
to tcx_check_dirty().
Signed-off-by: Mark Cave-Ayland <mark.cave-ayland@ilande.co.uk>
Reviewed-by: Gerd Hoffmann <kraxel@redhat.com>
commit 4b865c28099ddd365062f46dd1ad83c03b2468eb
Author: Mark Cave-Ayland <mark.cave-ayland@ilande.co.uk>
Date: Wed Apr 5 09:02:46 2017 +0100
tcx: ensure tcx_set_dirty() also invalidates the 24-bit plane and cplane
Signed-off-by: Mark Cave-Ayland <mark.cave-ayland@ilande.co.uk>
Reviewed-by: Gerd Hoffmann <kraxel@redhat.com>
commit 9800b3c20e79b4203f08ca13c7c3cb602cda1618
Author: Mark Cave-Ayland <mark.cave-ayland@ilande.co.uk>
Date: Wed Apr 5 09:02:46 2017 +0100
tcx: alter tcx_set_dirty() to accept address and length parameters
Signed-off-by: Mark Cave-Ayland <mark.cave-ayland@ilande.co.uk>
Reviewed-by: Gerd Hoffmann <kraxel@redhat.com>
commit 8c95e1f20c18007f30bdba6a60e99aea37cc473b
Author: Mark Cave-Ayland <mark.cave-ayland@ilande.co.uk>
Date: Wed Apr 5 09:02:46 2017 +0100
cg3: switch to load_image_mr() and remove prom-addr hack
Previous to the existence of load_image_mr(), the only way to load in the
FCode ROM image was to pass in its physical address via qdev properties
and use load_image_targphys().
Signed-off-by: Mark Cave-Ayland <mark.cave-ayland@ilande.co.uk>
Reviewed-by: Gerd Hoffmann <kraxel@redhat.com>
Reviewed-by: Philippe Mathieu-Daudé <f4bug@amsat.org>
commit be4221d993cc15d3a14ca01181818ba5c41d5ab5
Author: Mark Cave-Ayland <mark.cave-ayland@ilande.co.uk>
Date: Wed Apr 5 09:02:46 2017 +0100
cg3: fix up size parameter for memory_region_get_dirty()
The code was incorrectly calculating the end address rather than the size of
the required region.
Signed-off-by: Mark Cave-Ayland <mark.cave-ayland@ilande.co.uk>
Reviewed-by: Gerd Hoffmann <kraxel@redhat.com>
commit 66e2f304a3af6304a3ba449b708e29fc4d2f6dc2
Author: Mark Cave-Ayland <mark.cave-ayland@ilande.co.uk>
Date: Wed Apr 5 09:02:46 2017 +0100
cg3: remove TARGET_PAGE_SIZE rounding on dirty page detection
This was an artifact from very early versions of the code from before the
memory API and is no longer needed.
Signed-off-by: Mark Cave-Ayland <mark.cave-ayland@ilande.co.uk>
Reviewed-by: Gerd Hoffmann <kraxel@redhat.com>
[-- Attachment #2: Type: text/plain, Size: 127 bytes --]
_______________________________________________
Xen-devel mailing list
Xen-devel@lists.xen.org
https://lists.xen.org/xen-devel
reply other threads:[~2017-04-24 21:03 UTC|newest]
Thread overview: [no followups] expand[flat|nested] mbox.gz Atom feed
Reply instructions:
You may reply publicly to this message via plain-text email
using any one of the following methods:
* Save the following mbox file, import it into your mail client,
and reply-to-all from there: mbox
Avoid top-posting and favor interleaved quoting:
https://en.wikipedia.org/wiki/Posting_style#Interleaved_style
* Reply using the --to, --cc, and --in-reply-to
switches of git-send-email(1):
git send-email \
--in-reply-to=osstest-107629-mainreport@xen.org \
--to=osstest-admin@xenproject.org \
--cc=xen-devel@lists.xensource.com \
/path/to/YOUR_REPLY
https://kernel.org/pub/software/scm/git/docs/git-send-email.html
* If your mail client supports setting the In-Reply-To header
via mailto: links, try the mailto: link
Be sure your reply has a Subject: header at the top and a blank line
before the message body.
This is a public inbox, see mirroring instructions
for how to clone and mirror all data and code used for this inbox;
as well as URLs for NNTP newsgroup(s).