From mboxrd@z Thu Jan 1 00:00:00 1970 From: osstest service owner Subject: [linux-4.9 test] 107633: regressions - FAIL Date: Tue, 25 Apr 2017 02:57:27 +0000 Message-ID: Mime-Version: 1.0 Content-Type: multipart/mixed; boundary="===============8685085120129897764==" Return-path: List-Unsubscribe: , List-Post: List-Help: List-Subscribe: , Errors-To: xen-devel-bounces@lists.xen.org Sender: "Xen-devel" To: xen-devel@lists.xensource.com, osstest-admin@xenproject.org List-Id: xen-devel@lists.xenproject.org --===============8685085120129897764== Content-Type: text/plain flight 107633 linux-4.9 real [real] http://logs.test-lab.xenproject.org/osstest/logs/107633/ Regressions :-( Tests which did not succeed and are blocking, including tests which could not be run: test-armhf-armhf-xl-credit2 6 xen-boot fail REGR. vs. 107358 Regressions which are regarded as allowable (not blocking): test-amd64-i386-xl-qemuu-win7-amd64 16 guest-stop fail REGR. vs. 107358 test-amd64-amd64-xl-rtds 9 debian-install fail REGR. vs. 107358 Tests which did not succeed, but are not blocking: test-armhf-armhf-xl 6 xen-boot fail like 107358 test-armhf-armhf-xl-xsm 6 xen-boot fail like 107358 test-armhf-armhf-xl-rtds 6 xen-boot fail like 107358 test-armhf-armhf-libvirt-xsm 6 xen-boot fail like 107358 test-armhf-armhf-libvirt-raw 6 xen-boot fail like 107358 test-armhf-armhf-xl-multivcpu 6 xen-boot fail like 107358 test-armhf-armhf-xl-vhd 6 xen-boot fail like 107358 test-armhf-armhf-libvirt 6 xen-boot fail like 107358 test-amd64-amd64-xl-qemut-win7-amd64 16 guest-stop fail like 107358 test-amd64-i386-libvirt-xsm 12 migrate-support-check fail never pass test-amd64-i386-libvirt 12 migrate-support-check fail never pass test-amd64-amd64-libvirt-xsm 12 migrate-support-check fail never pass test-amd64-amd64-libvirt 12 migrate-support-check fail never pass test-arm64-arm64-xl 12 migrate-support-check fail never pass test-arm64-arm64-xl 13 saverestore-support-check fail never pass test-arm64-arm64-libvirt 12 migrate-support-check fail never pass test-arm64-arm64-libvirt 13 saverestore-support-check fail never pass test-arm64-arm64-xl-credit2 12 migrate-support-check fail never pass test-arm64-arm64-xl-credit2 13 saverestore-support-check fail never pass test-arm64-arm64-libvirt-xsm 12 migrate-support-check fail never pass test-arm64-arm64-libvirt-xsm 13 saverestore-support-check fail never pass test-amd64-amd64-qemuu-nested-intel 13 xen-boot/l1 fail never pass test-amd64-amd64-libvirt-qemuu-debianhvm-amd64-xsm 10 migrate-support-check fail never pass test-amd64-i386-libvirt-qemuu-debianhvm-amd64-xsm 10 migrate-support-check fail never pass test-arm64-arm64-xl-rtds 12 migrate-support-check fail never pass test-arm64-arm64-xl-rtds 13 saverestore-support-check fail never pass test-arm64-arm64-libvirt-qcow2 11 migrate-support-check fail never pass test-arm64-arm64-libvirt-qcow2 12 saverestore-support-check fail never pass test-armhf-armhf-xl-cubietruck 12 migrate-support-check fail never pass test-armhf-armhf-xl-cubietruck 13 saverestore-support-check fail never pass test-amd64-i386-xl-qemut-win7-amd64 16 guest-stop fail never pass test-armhf-armhf-xl-arndale 6 xen-boot fail never pass test-arm64-arm64-xl-xsm 12 migrate-support-check fail never pass test-arm64-arm64-xl-xsm 13 saverestore-support-check fail never pass test-arm64-arm64-xl-multivcpu 12 migrate-support-check fail never pass test-arm64-arm64-xl-multivcpu 13 saverestore-support-check fail never pass test-amd64-amd64-qemuu-nested-amd 13 xen-boot/l1 fail never pass test-amd64-amd64-libvirt-vhd 11 migrate-support-check fail never pass version targeted for testing: linux 2f5e58ec793f56f9ac1c6736b4638a4b81d6f099 baseline version: linux 37feaf8095d352014555b82adb4a04609ca17d3f Last test of basis 107358 2017-04-10 19:42:52 Z 14 days Failing since 107396 2017-04-12 11:15:19 Z 12 days 23 attempts Testing same since 107582 2017-04-21 10:48:51 Z 3 days 6 attempts ------------------------------------------------------------ People who touched revisions under test: Adrian Hunter Al Viro Alan Stern Alberto Aguirre Alex Deucher Alex Williamson Alex Wood Alexander Polakov Alexander Polyakov Alexandre Belloni Amit Pundir Andrew Morton Andrey Konovalov Andrey Smetanin Andy Gross Andy Lutomirski Andy Shevchenko Ard Biesheuvel Arend van Spriel Arnd Bergmann Aurelien Aptel Baoyou Xie Bartlomiej Zolnierkiewicz Bartosz Golaszewski Bastien Nocera Ben Hutchings Ben Segall Ben Skeggs Benjamin Herrenschmidt Benjamin Tissoires Bjorn Helgaas Bjørn Mork Boris Brezillon Boris Ostrovsky Brian Norris Brian Norris bsegall@google.com Calvin Owens Cameron Gutman Chen Yu Chen-Yu Tsai Chris Salls Chris Wilson Christoffer Dall Christoph Hellwig Chu Yuan Lin Chuck Lever Cohen, Eugene Colin Ian King Corentin Chary Daeho Jeong Dan Williams Daniel Golle Daniel Lezcano Daniel Vetter Daniel Vetter Darren Hart Darrick J. Wong Dave Hansen Dave Jiang David S. Miller David Wu Devin Tuchsen Dmitry Bilunov Dmitry Torokhov Dongdong Liu Eric Dumazet Eugene Cohen Eugenia Emantayev Fam Zheng Felipe Balbi Felipe Balbi Frederic Barrat Gabriel Krisman Bertazi Geert Uytterhoeven Germano Percossi Greg Hackmann Greg Kroah-Hartman Greg Kroah-Hartman gregkh@linuxfoundation.org Guenter Roeck Hauke Mehrtens Heiko Carstens Heinz Mauelshagen Helge Deller Herbert Xu Himanshu Madhani Horia Geantă Huacai Chen HungNien Chen Ilia Mirkin Ilias Tsitsimpis Imre Deak Ingo Molnar J. Bruce Fields Jack Morgenstein Jakobus Schurz James Feeney James Hogan James Shen Jan-Marek Glogowski Jani Nikula Janusz Dziedzic Jason A. Donenfeld Jens Axboe Jiri Kosina Joe Lawrence Joerg Roedel Johan Hovold Johannes Berg John Crispin John Garry Jon Mason Jonathan Cameron Josef Bacik João Paulo Rechi Vita João Paulo Rechi Vita Juergen Gross Kai-Chuan Hsieh Kalle Valo Kalle Valo Kees Cook Kefeng Wang Keith Busch Kenneth Graunke Kevin Hilman Kirill A. Shutemov Kiwoong Kim Krzysztof Kozlowski Lee, Chun-Yi Lee, Chun-Yi Len Brown Ley Foon Tan Li Qiang Li Qiang Liam Girdwood Linus Torvalds Linus Walleij Lorenzo Pieralisi Lucas Stach Lv Zheng Mantas M Mantas Mikulėnas Marc Kleine-Budde Marc Zyngier Marcel Hasler Marcelo Henrique Cerri Marcelo Ricardo Leitner Marek Szyprowski Mark Brown Markus Marb Martin Brandenburg Martin K. Petersen Martin Schwidefsky Masahiro Yamada Matan Barak Mathias Krause Mathias Nyman Matjaz Hegedic Matt Fleming Matt Redfearn Mauro Carvalho Chehab Max Bires Max Filippov Maxime Ripard Miaoqing Pan Michael Ellerman Michael S. Tsirkin Michal Hocko Mika Kuoppala Mika Kuoppala Mika Westerberg Mike Marshall Mike Snitzer Mikulas Patocka Minchan Kim Mohit Gambhir Murray McAllister Mylène Josserand Namhyung Kim NeilBrown Nicholas Bellinger Nobutaka Okabe Noralf Trønnes Oleg Nesterov Oliver O'Halloran Omar Sandoval Paolo Bonzini Patrice Chotard Paul Burton Paul Mackerras Paulo Zanoni Peter Chen Peter Zijlstra (Intel) Peter Zijlstra Pierre-Louis Bossart Ping Cheng Ping Cheng Przemek Quentin Schulz Rafael J. Wysocki Rafał Miłecki Ralf Baechle Ritesh Harjani Rob Herring Roger Quadros Roy Spliet Rui Wang Sabrina Dubroca Sahitya Tummala Sam Bobroff Sami Tolvanen Sasha Levin Sawan Chandak Sekhar Nori Shuxiao Zhang Sinan Kaya Stanislaw Gruszka Stefan Brüns Stephen Boyd Stephen Boyd Steve French Steven Rostedt (VMware) Subhash Jadavani subhashj@codeaurora.org Sudip Mukherjee Sudip Mukherjee Sumit Semwal Suzuki K Poulose Takashi Iwai Tariq Toukan Tejun Heo Theodore Ts'o Thierry Reding Thierry Reding Thomas Gleixner Thomas Hellstrom Tobias Jakobi Tobias Klauser Tomasz Nowicki Tommi Rantala Tony Lindgren Toshi Kani Tyler Baker Ulf Hansson Victor Kamensky Vignesh R Ville Syrjälä Viresh Kumar Vishal Thanki Vishal Verma Vladimir Davydov Vladimir Zapolskiy Wei Xu Wei Yongjun Wei Yongjun Will Deacon Wolfram Sang Xin Long Xiubo Li Yangbo Lu youling257 Youngjin Gil Zang Leigang Zhang Rui jobs: build-amd64-xsm pass build-arm64-xsm pass build-armhf-xsm pass build-i386-xsm pass build-amd64 pass build-arm64 pass build-armhf pass build-i386 pass build-amd64-libvirt pass build-arm64-libvirt pass build-armhf-libvirt pass build-i386-libvirt pass build-amd64-pvops pass build-arm64-pvops pass build-armhf-pvops pass build-i386-pvops pass build-amd64-rumprun pass build-i386-rumprun pass test-amd64-amd64-xl pass test-arm64-arm64-xl pass test-armhf-armhf-xl fail test-amd64-i386-xl pass test-amd64-amd64-xl-qemut-debianhvm-amd64-xsm pass test-amd64-i386-xl-qemut-debianhvm-amd64-xsm pass test-amd64-amd64-libvirt-qemuu-debianhvm-amd64-xsm pass test-amd64-i386-libvirt-qemuu-debianhvm-amd64-xsm pass test-amd64-amd64-xl-qemuu-debianhvm-amd64-xsm pass test-amd64-i386-xl-qemuu-debianhvm-amd64-xsm pass test-amd64-amd64-xl-qemut-stubdom-debianhvm-amd64-xsm pass test-amd64-i386-xl-qemut-stubdom-debianhvm-amd64-xsm pass test-amd64-amd64-libvirt-xsm pass test-arm64-arm64-libvirt-xsm pass test-armhf-armhf-libvirt-xsm fail test-amd64-i386-libvirt-xsm pass test-amd64-amd64-xl-xsm pass test-arm64-arm64-xl-xsm pass test-armhf-armhf-xl-xsm fail test-amd64-i386-xl-xsm pass test-amd64-amd64-qemuu-nested-amd fail test-amd64-amd64-xl-pvh-amd pass test-amd64-i386-qemut-rhel6hvm-amd pass test-amd64-i386-qemuu-rhel6hvm-amd pass test-amd64-amd64-xl-qemut-debianhvm-amd64 pass test-amd64-i386-xl-qemut-debianhvm-amd64 pass test-amd64-amd64-xl-qemuu-debianhvm-amd64 pass test-amd64-i386-xl-qemuu-debianhvm-amd64 pass test-amd64-i386-freebsd10-amd64 pass test-amd64-amd64-xl-qemuu-ovmf-amd64 pass test-amd64-i386-xl-qemuu-ovmf-amd64 pass test-amd64-amd64-rumprun-amd64 pass test-amd64-amd64-xl-qemut-win7-amd64 fail test-amd64-i386-xl-qemut-win7-amd64 fail test-amd64-amd64-xl-qemuu-win7-amd64 pass test-amd64-i386-xl-qemuu-win7-amd64 fail test-armhf-armhf-xl-arndale fail test-amd64-amd64-xl-credit2 pass test-arm64-arm64-xl-credit2 pass test-armhf-armhf-xl-credit2 fail test-armhf-armhf-xl-cubietruck pass test-amd64-i386-freebsd10-i386 pass test-amd64-i386-rumprun-i386 pass test-amd64-amd64-qemuu-nested-intel fail test-amd64-amd64-xl-pvh-intel pass test-amd64-i386-qemut-rhel6hvm-intel pass test-amd64-i386-qemuu-rhel6hvm-intel pass test-amd64-amd64-libvirt pass test-arm64-arm64-libvirt pass test-armhf-armhf-libvirt fail test-amd64-i386-libvirt pass test-amd64-amd64-xl-multivcpu pass test-arm64-arm64-xl-multivcpu pass test-armhf-armhf-xl-multivcpu fail test-amd64-amd64-pair pass test-amd64-i386-pair pass test-amd64-amd64-libvirt-pair pass test-amd64-i386-libvirt-pair pass test-amd64-amd64-amd64-pvgrub pass test-amd64-amd64-i386-pvgrub pass test-amd64-amd64-pygrub pass test-arm64-arm64-libvirt-qcow2 pass test-amd64-amd64-xl-qcow2 pass test-armhf-armhf-libvirt-raw fail test-amd64-i386-xl-raw pass test-amd64-amd64-xl-rtds fail test-arm64-arm64-xl-rtds pass test-armhf-armhf-xl-rtds fail test-amd64-i386-xl-qemut-winxpsp3-vcpus1 pass test-amd64-i386-xl-qemuu-winxpsp3-vcpus1 pass test-amd64-amd64-libvirt-vhd pass test-armhf-armhf-xl-vhd fail test-amd64-amd64-xl-qemut-winxpsp3 pass test-amd64-i386-xl-qemut-winxpsp3 pass test-amd64-amd64-xl-qemuu-winxpsp3 pass test-amd64-i386-xl-qemuu-winxpsp3 pass ------------------------------------------------------------ sg-report-flight on osstest.test-lab.xenproject.org logs: /home/logs/logs images: /home/logs/images Logs, config files, etc. are available at http://logs.test-lab.xenproject.org/osstest/logs Explanation of these reports, and of osstest in general, is at http://xenbits.xen.org/gitweb/?p=osstest.git;a=blob;f=README.email;hb=master http://xenbits.xen.org/gitweb/?p=osstest.git;a=blob;f=README;hb=master Test harness code can be found at http://xenbits.xen.org/gitweb?p=osstest.git;a=summary Not pushing. (No revision log; it would be 6686 lines long.) --===============8685085120129897764== Content-Type: text/plain; charset="utf-8" MIME-Version: 1.0 Content-Transfer-Encoding: base64 Content-Disposition: inline X19fX19fX19fX19fX19fX19fX19fX19fX19fX19fX19fX19fX19fX19fX19fX18KWGVuLWRldmVs IG1haWxpbmcgbGlzdApYZW4tZGV2ZWxAbGlzdHMueGVuLm9yZwpodHRwczovL2xpc3RzLnhlbi5v cmcveGVuLWRldmVsCg== --===============8685085120129897764==--