From mboxrd@z Thu Jan 1 00:00:00 1970 From: xen.org Subject: [xen-unstable test] 10785: regressions - FAIL Date: Tue, 17 Jan 2012 14:42:56 +0000 Message-ID: Mime-Version: 1.0 Content-Type: text/plain; charset="us-ascii" Content-Transfer-Encoding: 7bit Return-path: List-Unsubscribe: , List-Post: List-Help: List-Subscribe: , Sender: xen-devel-bounces@lists.xensource.com Errors-To: xen-devel-bounces@lists.xensource.com To: xen-devel@lists.xensource.com Cc: ian.jackson@eu.citrix.com List-Id: xen-devel@lists.xenproject.org flight 10785 xen-unstable real [real] http://www.chiark.greenend.org.uk/~xensrcts/logs/10785/ Regressions :-( Tests which did not succeed and are blocking, including tests which could not be run: test-amd64-i386-rhel6hvm-intel 7 redhat-install fail REGR. vs. 10649 test-amd64-i386-xl-multivcpu 11 guest-localmigrate fail REGR. vs. 10649 test-i386-i386-xl 11 guest-localmigrate fail REGR. vs. 10649 test-amd64-i386-xl 11 guest-localmigrate fail REGR. vs. 10649 test-amd64-i386-xl-credit2 11 guest-localmigrate fail REGR. vs. 10649 test-amd64-i386-xend-winxpsp3 7 windows-install fail REGR. vs. 10649 test-amd64-amd64-xl-winxpsp3 7 windows-install fail REGR. vs. 10649 test-amd64-i386-xl-winxpsp3-vcpus1 7 windows-install fail REGR. vs. 10649 test-amd64-amd64-win 7 windows-install fail REGR. vs. 10649 test-i386-i386-xl-win 7 windows-install fail REGR. vs. 10649 test-amd64-i386-win-vcpus1 7 windows-install fail REGR. vs. 10649 test-amd64-i386-win 7 windows-install fail REGR. vs. 10649 test-i386-i386-win 7 windows-install fail REGR. vs. 10649 test-i386-i386-xl-winxpsp3 7 windows-install fail REGR. vs. 10649 test-amd64-amd64-xl-win 8 guest-saverestore fail in 10776 REGR. vs. 10649 test-amd64-i386-xl-win-vcpus1 8 guest-saverestore fail in 10776 REGR. vs. 10649 Tests which are failing intermittently (not blocking): test-amd64-amd64-xl-win 7 windows-install fail pass in 10776 test-amd64-i386-xl-win-vcpus1 7 windows-install fail pass in 10776 Regressions which are regarded as allowable (not blocking): test-amd64-i386-xl-credit2 7 debian-install fail in 10776 like 10645 Tests which did not succeed, but are not blocking: test-amd64-amd64-xl-pcipt-intel 9 guest-start fail never pass test-amd64-i386-rhel6hvm-amd 9 guest-start.2 fail never pass test-amd64-i386-xl-win7-amd64 13 guest-stop fail never pass test-amd64-amd64-xl-win7-amd64 13 guest-stop fail never pass version targeted for testing: xen 2913ccc6d70f baseline version: xen 5b2676ac1321 ------------------------------------------------------------ People who touched revisions under test: Adin Scannell Andres Lagar-Cavilla Christoph Egger Daniel De Graaf Dario Faggioli Gang Wei George Dunlap Ian Campbell Ian Jackson Ian Jackson Jan Beulich Joseph Cihula Keir Fraser Olaf Hering Paul Durrant Roger Pau Monne Shane Wang Stefano Stabellini Tim Deegan Wei Wang Wei, Gang ------------------------------------------------------------ jobs: build-amd64 pass build-i386 pass build-amd64-oldkern pass build-i386-oldkern pass build-amd64-pvops pass build-i386-pvops pass test-amd64-amd64-xl pass test-amd64-i386-xl fail test-i386-i386-xl fail test-amd64-i386-rhel6hvm-amd fail test-amd64-amd64-xl-win7-amd64 fail test-amd64-i386-xl-win7-amd64 fail test-amd64-i386-xl-credit2 fail test-amd64-amd64-xl-pcipt-intel fail test-amd64-i386-rhel6hvm-intel fail test-amd64-i386-xl-multivcpu fail test-amd64-amd64-pair pass test-amd64-i386-pair pass test-i386-i386-pair pass test-amd64-amd64-xl-sedf-pin pass test-amd64-amd64-pv pass test-amd64-i386-pv pass test-i386-i386-pv pass test-amd64-amd64-xl-sedf pass test-amd64-i386-win-vcpus1 fail test-amd64-i386-xl-win-vcpus1 fail test-amd64-i386-xl-winxpsp3-vcpus1 fail test-amd64-amd64-win fail test-amd64-i386-win fail test-i386-i386-win fail test-amd64-amd64-xl-win fail test-i386-i386-xl-win fail test-amd64-i386-xend-winxpsp3 fail test-amd64-amd64-xl-winxpsp3 fail test-i386-i386-xl-winxpsp3 fail ------------------------------------------------------------ sg-report-flight on woking.cam.xci-test.com logs: /home/xc_osstest/logs images: /home/xc_osstest/images Logs, config files, etc. are available at http://www.chiark.greenend.org.uk/~xensrcts/logs Test harness code can be found at http://xenbits.xensource.com/gitweb?p=osstest.git;a=summary Not pushing. (No revision log; it would be 815 lines long.)