* [xen-unstable test] 109747: regressions - FAIL
@ 2017-05-26 7:28 osstest service owner
0 siblings, 0 replies; only message in thread
From: osstest service owner @ 2017-05-26 7:28 UTC (permalink / raw)
To: xen-devel, osstest-admin
flight 109747 xen-unstable real [real]
http://logs.test-lab.xenproject.org/osstest/logs/109747/
Regressions :-(
Tests which did not succeed and are blocking,
including tests which could not be run:
test-arm64-arm64-libvirt-xsm 15 guest-start/debian.repeat fail REGR. vs. 109707
test-amd64-amd64-xl-qemut-win7-amd64 15 guest-localmigrate/x10 fail REGR. vs. 109707
test-amd64-i386-xl-qemut-stubdom-debianhvm-amd64-xsm 15 guest-localmigrate/x10 fail REGR. vs. 109707
test-arm64-arm64-xl-xsm 10 debian-fixup fail REGR. vs. 109707
Tests which did not succeed, but are not blocking:
test-amd64-i386-xl-qemut-win7-amd64 17 guest-start/win.repeat fail like 109679
test-armhf-armhf-libvirt-xsm 13 saverestore-support-check fail like 109690
test-armhf-armhf-libvirt 13 saverestore-support-check fail like 109690
test-armhf-armhf-libvirt-raw 12 saverestore-support-check fail like 109690
test-amd64-i386-xl-qemuu-win7-amd64 16 guest-stop fail like 109707
test-amd64-amd64-xl-qemuu-win7-amd64 16 guest-stop fail like 109707
test-amd64-amd64-xl-rtds 9 debian-install fail like 109707
test-amd64-i386-libvirt 12 migrate-support-check fail never pass
test-amd64-i386-libvirt-xsm 12 migrate-support-check fail never pass
test-amd64-amd64-libvirt 12 migrate-support-check fail never pass
test-amd64-amd64-libvirt-xsm 12 migrate-support-check fail never pass
test-amd64-amd64-xl-qemut-ws16-amd64 9 windows-install fail never pass
test-arm64-arm64-xl-credit2 12 migrate-support-check fail never pass
test-arm64-arm64-xl-credit2 13 saverestore-support-check fail never pass
test-arm64-arm64-libvirt-xsm 12 migrate-support-check fail never pass
test-arm64-arm64-libvirt-xsm 13 saverestore-support-check fail never pass
test-arm64-arm64-libvirt 12 migrate-support-check fail never pass
test-arm64-arm64-libvirt 13 saverestore-support-check fail never pass
test-amd64-i386-libvirt-qemuu-debianhvm-amd64-xsm 10 migrate-support-check fail never pass
test-arm64-arm64-xl 12 migrate-support-check fail never pass
test-arm64-arm64-xl 13 saverestore-support-check fail never pass
test-amd64-amd64-libvirt-qemuu-debianhvm-amd64-xsm 10 migrate-support-check fail never pass
test-arm64-arm64-xl-multivcpu 12 migrate-support-check fail never pass
test-arm64-arm64-xl-multivcpu 13 saverestore-support-check fail never pass
test-amd64-amd64-libvirt-vhd 11 migrate-support-check fail never pass
test-amd64-amd64-qemuu-nested-amd 16 debian-hvm-install/l1/l2 fail never pass
test-armhf-armhf-xl-cubietruck 12 migrate-support-check fail never pass
test-armhf-armhf-xl-cubietruck 13 saverestore-support-check fail never pass
test-armhf-armhf-xl-xsm 12 migrate-support-check fail never pass
test-armhf-armhf-xl-xsm 13 saverestore-support-check fail never pass
test-armhf-armhf-xl 12 migrate-support-check fail never pass
test-armhf-armhf-xl 13 saverestore-support-check fail never pass
test-armhf-armhf-libvirt-xsm 12 migrate-support-check fail never pass
test-armhf-armhf-xl-credit2 12 migrate-support-check fail never pass
test-armhf-armhf-xl-credit2 13 saverestore-support-check fail never pass
test-armhf-armhf-libvirt 12 migrate-support-check fail never pass
test-amd64-amd64-xl-qemuu-ws16-amd64 9 windows-install fail never pass
test-armhf-armhf-xl-rtds 12 migrate-support-check fail never pass
test-armhf-armhf-xl-rtds 13 saverestore-support-check fail never pass
test-armhf-armhf-xl-vhd 11 migrate-support-check fail never pass
test-armhf-armhf-xl-vhd 12 saverestore-support-check fail never pass
test-arm64-arm64-xl-rtds 12 migrate-support-check fail never pass
test-arm64-arm64-xl-rtds 13 saverestore-support-check fail never pass
test-armhf-armhf-xl-arndale 12 migrate-support-check fail never pass
test-armhf-armhf-xl-arndale 13 saverestore-support-check fail never pass
test-arm64-arm64-libvirt-qcow2 11 migrate-support-check fail never pass
test-arm64-arm64-libvirt-qcow2 12 saverestore-support-check fail never pass
test-amd64-i386-xl-qemuu-win10-i386 9 windows-install fail never pass
test-amd64-i386-xl-qemut-win10-i386 9 windows-install fail never pass
test-amd64-amd64-xl-qemut-win10-i386 9 windows-install fail never pass
test-amd64-i386-xl-qemuu-ws16-amd64 9 windows-install fail never pass
test-amd64-i386-xl-qemut-ws16-amd64 9 windows-install fail never pass
test-armhf-armhf-xl-multivcpu 12 migrate-support-check fail never pass
test-armhf-armhf-xl-multivcpu 13 saverestore-support-check fail never pass
test-amd64-amd64-xl-qemuu-win10-i386 9 windows-install fail never pass
test-armhf-armhf-libvirt-raw 11 migrate-support-check fail never pass
version targeted for testing:
xen d9eb706356ad4dbd04aad563ec4d2bcd3d7d6c03
baseline version:
xen 3fafdc28eb98dc1cb686379d83270516fc38049d
Last test of basis 109707 2017-05-24 02:19:18 Z 2 days
Failing since 109726 2017-05-24 19:50:52 Z 1 days 2 attempts
Testing same since 109747 2017-05-25 16:52:35 Z 0 days 1 attempts
------------------------------------------------------------
People who touched revisions under test:
Anshul Makkar <anshul.makkar@citrix.com>
George Dunlap <george.dunlap@citrix.com>
Xudong Hao <xudong.hao@intel.com>
jobs:
build-amd64-xsm pass
build-arm64-xsm pass
build-armhf-xsm pass
build-i386-xsm pass
build-amd64-xtf pass
build-amd64 pass
build-arm64 pass
build-armhf pass
build-i386 pass
build-amd64-libvirt pass
build-arm64-libvirt pass
build-armhf-libvirt pass
build-i386-libvirt pass
build-amd64-oldkern pass
build-i386-oldkern pass
build-amd64-prev pass
build-i386-prev pass
build-amd64-pvops pass
build-arm64-pvops pass
build-armhf-pvops pass
build-i386-pvops pass
build-amd64-rumprun pass
build-i386-rumprun pass
test-xtf-amd64-amd64-1 pass
test-xtf-amd64-amd64-2 pass
test-xtf-amd64-amd64-3 pass
test-xtf-amd64-amd64-4 pass
test-xtf-amd64-amd64-5 pass
test-amd64-amd64-xl pass
test-arm64-arm64-xl pass
test-armhf-armhf-xl pass
test-amd64-i386-xl pass
test-amd64-amd64-xl-qemut-debianhvm-amd64-xsm pass
test-amd64-i386-xl-qemut-debianhvm-amd64-xsm pass
test-amd64-amd64-libvirt-qemuu-debianhvm-amd64-xsm pass
test-amd64-i386-libvirt-qemuu-debianhvm-amd64-xsm pass
test-amd64-amd64-xl-qemuu-debianhvm-amd64-xsm pass
test-amd64-i386-xl-qemuu-debianhvm-amd64-xsm pass
test-amd64-amd64-xl-qemut-stubdom-debianhvm-amd64-xsm pass
test-amd64-i386-xl-qemut-stubdom-debianhvm-amd64-xsm fail
test-amd64-amd64-libvirt-xsm pass
test-arm64-arm64-libvirt-xsm fail
test-armhf-armhf-libvirt-xsm pass
test-amd64-i386-libvirt-xsm pass
test-amd64-amd64-xl-xsm pass
test-arm64-arm64-xl-xsm fail
test-armhf-armhf-xl-xsm pass
test-amd64-i386-xl-xsm pass
test-amd64-amd64-qemuu-nested-amd fail
test-amd64-amd64-xl-pvh-amd pass
test-amd64-i386-qemut-rhel6hvm-amd pass
test-amd64-i386-qemuu-rhel6hvm-amd pass
test-amd64-amd64-xl-qemut-debianhvm-amd64 pass
test-amd64-i386-xl-qemut-debianhvm-amd64 pass
test-amd64-amd64-xl-qemuu-debianhvm-amd64 pass
test-amd64-i386-xl-qemuu-debianhvm-amd64 pass
test-amd64-i386-freebsd10-amd64 pass
test-amd64-amd64-xl-qemuu-ovmf-amd64 pass
test-amd64-i386-xl-qemuu-ovmf-amd64 pass
test-amd64-amd64-rumprun-amd64 pass
test-amd64-amd64-xl-qemut-win7-amd64 fail
test-amd64-i386-xl-qemut-win7-amd64 fail
test-amd64-amd64-xl-qemuu-win7-amd64 fail
test-amd64-i386-xl-qemuu-win7-amd64 fail
test-amd64-amd64-xl-qemut-ws16-amd64 fail
test-amd64-i386-xl-qemut-ws16-amd64 fail
test-amd64-amd64-xl-qemuu-ws16-amd64 fail
test-amd64-i386-xl-qemuu-ws16-amd64 fail
test-armhf-armhf-xl-arndale pass
test-amd64-amd64-xl-credit2 pass
test-arm64-arm64-xl-credit2 pass
test-armhf-armhf-xl-credit2 pass
test-armhf-armhf-xl-cubietruck pass
test-amd64-amd64-examine pass
test-arm64-arm64-examine pass
test-armhf-armhf-examine pass
test-amd64-i386-examine pass
test-amd64-i386-freebsd10-i386 pass
test-amd64-i386-rumprun-i386 pass
test-amd64-amd64-xl-qemut-win10-i386 fail
test-amd64-i386-xl-qemut-win10-i386 fail
test-amd64-amd64-xl-qemuu-win10-i386 fail
test-amd64-i386-xl-qemuu-win10-i386 fail
test-amd64-amd64-qemuu-nested-intel pass
test-amd64-amd64-xl-pvh-intel pass
test-amd64-i386-qemut-rhel6hvm-intel pass
test-amd64-i386-qemuu-rhel6hvm-intel pass
test-amd64-amd64-libvirt pass
test-arm64-arm64-libvirt pass
test-armhf-armhf-libvirt pass
test-amd64-i386-libvirt pass
test-amd64-amd64-migrupgrade pass
test-amd64-i386-migrupgrade pass
test-amd64-amd64-xl-multivcpu pass
test-arm64-arm64-xl-multivcpu pass
test-armhf-armhf-xl-multivcpu pass
test-amd64-amd64-pair pass
test-amd64-i386-pair pass
test-amd64-amd64-libvirt-pair pass
test-amd64-i386-libvirt-pair pass
test-amd64-amd64-amd64-pvgrub pass
test-amd64-amd64-i386-pvgrub pass
test-amd64-amd64-pygrub pass
test-arm64-arm64-libvirt-qcow2 pass
test-amd64-amd64-xl-qcow2 pass
test-armhf-armhf-libvirt-raw pass
test-amd64-i386-xl-raw pass
test-amd64-amd64-xl-rtds fail
test-arm64-arm64-xl-rtds pass
test-armhf-armhf-xl-rtds pass
test-amd64-amd64-libvirt-vhd pass
test-armhf-armhf-xl-vhd pass
------------------------------------------------------------
sg-report-flight on osstest.test-lab.xenproject.org
logs: /home/logs/logs
images: /home/logs/images
Logs, config files, etc. are available at
http://logs.test-lab.xenproject.org/osstest/logs
Explanation of these reports, and of osstest in general, is at
http://xenbits.xen.org/gitweb/?p=osstest.git;a=blob;f=README.email;hb=master
http://xenbits.xen.org/gitweb/?p=osstest.git;a=blob;f=README;hb=master
Test harness code can be found at
http://xenbits.xen.org/gitweb?p=osstest.git;a=summary
Not pushing.
------------------------------------------------------------
commit d9eb706356ad4dbd04aad563ec4d2bcd3d7d6c03
Author: Anshul Makkar <anshul.makkar@citrix.com>
Date: Tue May 23 15:12:58 2017 +0100
x86/hvmloader: Don't wait for the producer to fill the ring if
The condition: if there is a space in the ring then wait for the producer
to fill the ring also evaluates to true even if the ring if full. It
leads to a deadlock where producer is waiting for consumer
to consume the items and consumer is waiting for producer to fill the ring.
Fix for the issue: check if the ring is full and then break from
the loop to consume the items from the ring.
eg. case: prod = 1272, cons = 248.
Signed-off-by: Anshul Makkar <anshul.makkar@citrix.com>
Reviewed-by: Jan Beulich <jbeulich@suse.com>
Release-acked-by: Julien Grall <julien.grall@arm.com>
commit 7cc806d7f1d91dd4c4656f11226f043c749eb0ed
Author: George Dunlap <george.dunlap@citrix.com>
Date: Mon May 22 11:38:31 2017 +0100
Restore HVM_OP hypercall continuation (partial revert of ae20ccf)
Commit ae20ccf removed the hypercall continuation logic from the end
of do_hvm_op(), claiming:
"This patch removes the need for handling HVMOP restarts, so that
infrastructure is removed."
That turns out to be false. The removal of HVMOP_set_mem_type removed
the need to store a start iteration value in the hypercall
continuation, but a grep through hvm.c for ERESTART turns up at least
two places where do_hvm_op() may still need a hypercall continuation:
* HVMOP_set_hvm_param can return -ERESTART when setting
HVM_PARAM_IDENT_PT in the event that it fails to acquire the domctl
lock
* HVMOP_flush_tlbs can return -ERESTART if several vcpus call it at
the same time
In both cases, a simple restart (with no stored iteration information)
is necessary.
Add a check for -ERESTART again, along with a comment at the top of
the function regarding the lack of decoding any information from the
op value.
Reported-by: Xudong Hao <xudong.hao@intel.com>
Signed-off-by: George Dunlap <george.dunlap@citrix.com>
Reviewed-by: Andrew Cooper <andrew.cooper3@citrix.com>
Release-acked-by: Julien Grall <julien.grall@arm.com>
Tested-by: Xudong Hao <xudong.hao@intel.com>
(qemu changes not included)
_______________________________________________
Xen-devel mailing list
Xen-devel@lists.xen.org
https://lists.xen.org/xen-devel
^ permalink raw reply [flat|nested] only message in thread
only message in thread, other threads:[~2017-05-26 7:28 UTC | newest]
Thread overview: (only message) (download: mbox.gz follow: Atom feed
-- links below jump to the message on this page --
2017-05-26 7:28 [xen-unstable test] 109747: regressions - FAIL osstest service owner
This is a public inbox, see mirroring instructions
for how to clone and mirror all data and code used for this inbox;
as well as URLs for NNTP newsgroup(s).