* [xen-unstable test] 109764: regressions - FAIL
@ 2017-05-27 0:08 osstest service owner
0 siblings, 0 replies; only message in thread
From: osstest service owner @ 2017-05-27 0:08 UTC (permalink / raw)
To: xen-devel, osstest-admin
flight 109764 xen-unstable real [real]
http://logs.test-lab.xenproject.org/osstest/logs/109764/
Regressions :-(
Tests which did not succeed and are blocking,
including tests which could not be run:
test-armhf-armhf-libvirt-raw 14 guest-start/debian.repeat fail REGR. vs. 109690
Tests which did not succeed, but are not blocking:
test-amd64-i386-xl-qemuu-win7-amd64 17 guest-start/win.repeat fail blocked in 109707
test-amd64-i386-xl-qemut-win7-amd64 16 guest-stop fail like 109644
test-amd64-amd64-xl-qemut-win7-amd64 16 guest-stop fail like 109662
test-armhf-armhf-libvirt-xsm 13 saverestore-support-check fail like 109690
test-armhf-armhf-libvirt 13 saverestore-support-check fail like 109690
test-armhf-armhf-libvirt-raw 12 saverestore-support-check fail like 109690
test-amd64-amd64-xl-qemuu-win7-amd64 16 guest-stop fail like 109707
test-amd64-amd64-xl-rtds 9 debian-install fail like 109707
test-amd64-i386-libvirt 12 migrate-support-check fail never pass
test-amd64-i386-libvirt-xsm 12 migrate-support-check fail never pass
test-amd64-amd64-libvirt 12 migrate-support-check fail never pass
test-amd64-amd64-libvirt-xsm 12 migrate-support-check fail never pass
test-amd64-amd64-xl-qemut-ws16-amd64 9 windows-install fail never pass
test-arm64-arm64-xl-credit2 12 migrate-support-check fail never pass
test-arm64-arm64-xl-credit2 13 saverestore-support-check fail never pass
test-arm64-arm64-libvirt-xsm 12 migrate-support-check fail never pass
test-arm64-arm64-libvirt-xsm 13 saverestore-support-check fail never pass
test-arm64-arm64-libvirt 12 migrate-support-check fail never pass
test-arm64-arm64-libvirt 13 saverestore-support-check fail never pass
test-amd64-i386-libvirt-qemuu-debianhvm-amd64-xsm 10 migrate-support-check fail never pass
test-arm64-arm64-xl 12 migrate-support-check fail never pass
test-arm64-arm64-xl 13 saverestore-support-check fail never pass
test-amd64-amd64-libvirt-qemuu-debianhvm-amd64-xsm 10 migrate-support-check fail never pass
test-arm64-arm64-xl-multivcpu 12 migrate-support-check fail never pass
test-arm64-arm64-xl-multivcpu 13 saverestore-support-check fail never pass
test-amd64-amd64-libvirt-vhd 11 migrate-support-check fail never pass
test-amd64-amd64-qemuu-nested-amd 16 debian-hvm-install/l1/l2 fail never pass
test-armhf-armhf-xl-xsm 12 migrate-support-check fail never pass
test-armhf-armhf-xl-xsm 13 saverestore-support-check fail never pass
test-armhf-armhf-xl-cubietruck 12 migrate-support-check fail never pass
test-armhf-armhf-xl-cubietruck 13 saverestore-support-check fail never pass
test-armhf-armhf-xl 12 migrate-support-check fail never pass
test-armhf-armhf-xl 13 saverestore-support-check fail never pass
test-armhf-armhf-libvirt-xsm 12 migrate-support-check fail never pass
test-armhf-armhf-xl-credit2 12 migrate-support-check fail never pass
test-armhf-armhf-xl-credit2 13 saverestore-support-check fail never pass
test-armhf-armhf-libvirt 12 migrate-support-check fail never pass
test-amd64-amd64-xl-qemuu-ws16-amd64 9 windows-install fail never pass
test-armhf-armhf-xl-rtds 12 migrate-support-check fail never pass
test-armhf-armhf-xl-rtds 13 saverestore-support-check fail never pass
test-armhf-armhf-xl-vhd 11 migrate-support-check fail never pass
test-armhf-armhf-xl-vhd 12 saverestore-support-check fail never pass
test-arm64-arm64-xl-xsm 12 migrate-support-check fail never pass
test-arm64-arm64-xl-xsm 13 saverestore-support-check fail never pass
test-arm64-arm64-xl-rtds 12 migrate-support-check fail never pass
test-arm64-arm64-xl-rtds 13 saverestore-support-check fail never pass
test-armhf-armhf-xl-arndale 12 migrate-support-check fail never pass
test-armhf-armhf-xl-arndale 13 saverestore-support-check fail never pass
test-arm64-arm64-libvirt-qcow2 11 migrate-support-check fail never pass
test-arm64-arm64-libvirt-qcow2 12 saverestore-support-check fail never pass
test-amd64-i386-xl-qemuu-win10-i386 9 windows-install fail never pass
test-amd64-i386-xl-qemut-win10-i386 9 windows-install fail never pass
test-amd64-amd64-xl-qemut-win10-i386 9 windows-install fail never pass
test-amd64-i386-xl-qemuu-ws16-amd64 9 windows-install fail never pass
test-amd64-i386-xl-qemut-ws16-amd64 9 windows-install fail never pass
test-armhf-armhf-xl-multivcpu 12 migrate-support-check fail never pass
test-armhf-armhf-xl-multivcpu 13 saverestore-support-check fail never pass
test-amd64-amd64-xl-qemuu-win10-i386 9 windows-install fail never pass
test-armhf-armhf-libvirt-raw 11 migrate-support-check fail never pass
version targeted for testing:
xen 876800d5f9de8b15355172794cb82f505dd26e18
baseline version:
xen 3fafdc28eb98dc1cb686379d83270516fc38049d
Last test of basis 109707 2017-05-24 02:19:18 Z 2 days
Failing since 109726 2017-05-24 19:50:52 Z 2 days 3 attempts
Testing same since 109764 2017-05-26 07:35:27 Z 0 days 1 attempts
------------------------------------------------------------
People who touched revisions under test:
Andrew Cooper <andrew.cooper3@citrix.com>
Anshul Makkar <anshul.makkar@citrix.com>
George Dunlap <george.dunlap@citrix.com>
Ian Jackson <Ian.Jackson@eu.citrix.com>
M A Young <m.a.young@durham.ac.uk>
Xudong Hao <xudong.hao@intel.com>
jobs:
build-amd64-xsm pass
build-arm64-xsm pass
build-armhf-xsm pass
build-i386-xsm pass
build-amd64-xtf pass
build-amd64 pass
build-arm64 pass
build-armhf pass
build-i386 pass
build-amd64-libvirt pass
build-arm64-libvirt pass
build-armhf-libvirt pass
build-i386-libvirt pass
build-amd64-oldkern pass
build-i386-oldkern pass
build-amd64-prev pass
build-i386-prev pass
build-amd64-pvops pass
build-arm64-pvops pass
build-armhf-pvops pass
build-i386-pvops pass
build-amd64-rumprun pass
build-i386-rumprun pass
test-xtf-amd64-amd64-1 pass
test-xtf-amd64-amd64-2 pass
test-xtf-amd64-amd64-3 pass
test-xtf-amd64-amd64-4 pass
test-xtf-amd64-amd64-5 pass
test-amd64-amd64-xl pass
test-arm64-arm64-xl pass
test-armhf-armhf-xl pass
test-amd64-i386-xl pass
test-amd64-amd64-xl-qemut-debianhvm-amd64-xsm pass
test-amd64-i386-xl-qemut-debianhvm-amd64-xsm pass
test-amd64-amd64-libvirt-qemuu-debianhvm-amd64-xsm pass
test-amd64-i386-libvirt-qemuu-debianhvm-amd64-xsm pass
test-amd64-amd64-xl-qemuu-debianhvm-amd64-xsm pass
test-amd64-i386-xl-qemuu-debianhvm-amd64-xsm pass
test-amd64-amd64-xl-qemut-stubdom-debianhvm-amd64-xsm pass
test-amd64-i386-xl-qemut-stubdom-debianhvm-amd64-xsm pass
test-amd64-amd64-libvirt-xsm pass
test-arm64-arm64-libvirt-xsm pass
test-armhf-armhf-libvirt-xsm pass
test-amd64-i386-libvirt-xsm pass
test-amd64-amd64-xl-xsm pass
test-arm64-arm64-xl-xsm pass
test-armhf-armhf-xl-xsm pass
test-amd64-i386-xl-xsm pass
test-amd64-amd64-qemuu-nested-amd fail
test-amd64-amd64-xl-pvh-amd pass
test-amd64-i386-qemut-rhel6hvm-amd pass
test-amd64-i386-qemuu-rhel6hvm-amd pass
test-amd64-amd64-xl-qemut-debianhvm-amd64 pass
test-amd64-i386-xl-qemut-debianhvm-amd64 pass
test-amd64-amd64-xl-qemuu-debianhvm-amd64 pass
test-amd64-i386-xl-qemuu-debianhvm-amd64 pass
test-amd64-i386-freebsd10-amd64 pass
test-amd64-amd64-xl-qemuu-ovmf-amd64 pass
test-amd64-i386-xl-qemuu-ovmf-amd64 pass
test-amd64-amd64-rumprun-amd64 pass
test-amd64-amd64-xl-qemut-win7-amd64 fail
test-amd64-i386-xl-qemut-win7-amd64 fail
test-amd64-amd64-xl-qemuu-win7-amd64 fail
test-amd64-i386-xl-qemuu-win7-amd64 fail
test-amd64-amd64-xl-qemut-ws16-amd64 fail
test-amd64-i386-xl-qemut-ws16-amd64 fail
test-amd64-amd64-xl-qemuu-ws16-amd64 fail
test-amd64-i386-xl-qemuu-ws16-amd64 fail
test-armhf-armhf-xl-arndale pass
test-amd64-amd64-xl-credit2 pass
test-arm64-arm64-xl-credit2 pass
test-armhf-armhf-xl-credit2 pass
test-armhf-armhf-xl-cubietruck pass
test-amd64-amd64-examine pass
test-arm64-arm64-examine pass
test-armhf-armhf-examine pass
test-amd64-i386-examine pass
test-amd64-i386-freebsd10-i386 pass
test-amd64-i386-rumprun-i386 pass
test-amd64-amd64-xl-qemut-win10-i386 fail
test-amd64-i386-xl-qemut-win10-i386 fail
test-amd64-amd64-xl-qemuu-win10-i386 fail
test-amd64-i386-xl-qemuu-win10-i386 fail
test-amd64-amd64-qemuu-nested-intel pass
test-amd64-amd64-xl-pvh-intel pass
test-amd64-i386-qemut-rhel6hvm-intel pass
test-amd64-i386-qemuu-rhel6hvm-intel pass
test-amd64-amd64-libvirt pass
test-arm64-arm64-libvirt pass
test-armhf-armhf-libvirt pass
test-amd64-i386-libvirt pass
test-amd64-amd64-migrupgrade pass
test-amd64-i386-migrupgrade pass
test-amd64-amd64-xl-multivcpu pass
test-arm64-arm64-xl-multivcpu pass
test-armhf-armhf-xl-multivcpu pass
test-amd64-amd64-pair pass
test-amd64-i386-pair pass
test-amd64-amd64-libvirt-pair pass
test-amd64-i386-libvirt-pair pass
test-amd64-amd64-amd64-pvgrub pass
test-amd64-amd64-i386-pvgrub pass
test-amd64-amd64-pygrub pass
test-arm64-arm64-libvirt-qcow2 pass
test-amd64-amd64-xl-qcow2 pass
test-armhf-armhf-libvirt-raw fail
test-amd64-i386-xl-raw pass
test-amd64-amd64-xl-rtds fail
test-arm64-arm64-xl-rtds pass
test-armhf-armhf-xl-rtds pass
test-amd64-amd64-libvirt-vhd pass
test-armhf-armhf-xl-vhd pass
------------------------------------------------------------
sg-report-flight on osstest.test-lab.xenproject.org
logs: /home/logs/logs
images: /home/logs/images
Logs, config files, etc. are available at
http://logs.test-lab.xenproject.org/osstest/logs
Explanation of these reports, and of osstest in general, is at
http://xenbits.xen.org/gitweb/?p=osstest.git;a=blob;f=README.email;hb=master
http://xenbits.xen.org/gitweb/?p=osstest.git;a=blob;f=README;hb=master
Test harness code can be found at
http://xenbits.xen.org/gitweb?p=osstest.git;a=summary
Not pushing.
------------------------------------------------------------
commit 876800d5f9de8b15355172794cb82f505dd26e18
Author: Ian Jackson <ian.jackson@eu.citrix.com>
Date: Wed May 24 16:54:11 2017 +0100
Makefile: Regularise subdir targets and their dependencies
Recent changes to this Makefile have broken some build targets, and
some parallel builds.
Looking at it, I think I have identified the undocumented design
intent in the top-level Makefile. So in this patch I document it, and
also make it true.
In detail:
* Add a comment with the new design intent
* Get rid of the ad-hoc rules for recursing into tools/include,
and replace them with a pattern rule
* Add an appropriate dependency on TARGET-tools-public-headers from
TARGET-tools and TARGET-stubdom (but not dist-*).
* Get rid of all the separate invocations of $(MAKE) -C tools/include
which are now obsolete
* Un-deprecate the simple `tools' etc. targets (aliases for `dist-tools')
which we seem not to be making any effort to get rid of
I have verified with the following shell script that after my change,
the tree producese the same results for various build targets as
3fafdc28eb98 (before the Makefile-hacking started).
My tests failed as expected for make -C tools, both before and after.
Separately, there is a bug in the Makefiles that `make distclean-tools'
fails. I have not investigated that bug in detail.
#!/bin/bash
set -e
set -o pipefail
listings=../listings
rm -rf $listings
mkdir $listings
chks () {
reskey="C$subdir $*"
reskey="${reskey// /_}"
reskey="${reskey//\//:}"
lk=$listings/$reskey
for suffix in '' -xen -tools -stubdom -docs; do
case "$subdir:$suffix" in
.:*) ;;
*:) ;;
*) continue;;
esac
git clean -qxdff
rm -rf $output
printf '%s' "running -C$subdir suffix=$suffix "
case "$subdir $suffix" in
*xen*) ;;
*) printf 'configure '; ./configure >$lk.cfg 2>&1 ;;
esac
fail=''
for targ in $*; do
realtarg=$targ$suffix
printf '%s ' "$realtarg"
if ! make -C $subdir -j10 $realtarg >${lk}_${realtarg}.log 2>&1
then
fail=$realtarg
break
fi
done
if [ "$fail" ]; then
echo fail!
echo "$fail failed" >$lk.list
else
echo ok.
(test ! -e "$output" || find $output) |sort >$lk.list
fi
done
}
subdirs='. xen docs tools'
output=$PWD/dist
for subdir in $subdirs; do
chks build clean distclean
done
output=$PWD/dist
subdir=.
chks dist
export DESTDIR=$PWD/destdir
output=$PWD/destdir
for subdir in $subdirs; do
chks install
done
And the output:
(64)iwj@mariner:~/work/xen.git$ ~/junk/chks
running -C. suffix= configure build clean distclean ok.
running -C. suffix=-xen build-xen clean-xen distclean-xen ok.
running -C. suffix=-tools configure build-tools clean-tools distclean-tools fail!
running -C. suffix=-stubdom configure build-stubdom clean-stubdom distclean-stubdom ok.
running -C. suffix=-docs configure build-docs clean-docs distclean-docs ok.
running -Cxen suffix= build clean distclean ok.
running -Cdocs suffix= configure build clean distclean ok.
running -Ctools suffix= configure build fail!
running -C. suffix= configure dist ok.
running -C. suffix=-xen dist-xen ok.
running -C. suffix=-tools configure dist-tools ok.
running -C. suffix=-stubdom configure dist-stubdom ok.
running -C. suffix=-docs configure dist-docs ok.
running -C. suffix= configure install ok.
running -C. suffix=-xen install-xen ok.
running -C. suffix=-tools configure install-tools ok.
running -C. suffix=-stubdom configure install-stubdom ok.
running -C. suffix=-docs configure install-docs ok.
running -Cxen suffix= install ok.
running -Cdocs suffix= configure install ok.
running -Ctools suffix= configure install fail!
(64)iwj@mariner:~/work/xen.git$
CC: Wei Liu <wei.liu2@citrix.com>
Signed-off-by: Ian Jackson <Ian.Jackson@eu.citrix.com>
Tested-by: M A Young <m.a.young@durham.ac.uk>
Tested-by: Andrew Cooper <andrew.cooper3@citrix.com>
Release-acked-by: Julien Grall <julien.grall@arm.com>
commit 2e736da54652d51cb3e16827fc0fac281164624e
Author: Ian Jackson <ian.jackson@eu.citrix.com>
Date: Wed May 24 16:53:28 2017 +0100
tools/include/Makefile: Support `build' target
This is the only one of the Makefiles invoked with -C from the
toplevel which lacks this target.
CC: Wei Liu <wei.liu2@citrix.com>
Signed-off-by: Ian Jackson <Ian.Jackson@eu.citrix.com>
Tested-by: M A Young <m.a.young@durham.ac.uk>
Tested-by: Andrew Cooper <andrew.cooper3@citrix.com>
Release-acked-by: Julien Grall <julien.grall@arm.com>
commit d9eb706356ad4dbd04aad563ec4d2bcd3d7d6c03
Author: Anshul Makkar <anshul.makkar@citrix.com>
Date: Tue May 23 15:12:58 2017 +0100
x86/hvmloader: Don't wait for the producer to fill the ring if
The condition: if there is a space in the ring then wait for the producer
to fill the ring also evaluates to true even if the ring if full. It
leads to a deadlock where producer is waiting for consumer
to consume the items and consumer is waiting for producer to fill the ring.
Fix for the issue: check if the ring is full and then break from
the loop to consume the items from the ring.
eg. case: prod = 1272, cons = 248.
Signed-off-by: Anshul Makkar <anshul.makkar@citrix.com>
Reviewed-by: Jan Beulich <jbeulich@suse.com>
Release-acked-by: Julien Grall <julien.grall@arm.com>
commit 7cc806d7f1d91dd4c4656f11226f043c749eb0ed
Author: George Dunlap <george.dunlap@citrix.com>
Date: Mon May 22 11:38:31 2017 +0100
Restore HVM_OP hypercall continuation (partial revert of ae20ccf)
Commit ae20ccf removed the hypercall continuation logic from the end
of do_hvm_op(), claiming:
"This patch removes the need for handling HVMOP restarts, so that
infrastructure is removed."
That turns out to be false. The removal of HVMOP_set_mem_type removed
the need to store a start iteration value in the hypercall
continuation, but a grep through hvm.c for ERESTART turns up at least
two places where do_hvm_op() may still need a hypercall continuation:
* HVMOP_set_hvm_param can return -ERESTART when setting
HVM_PARAM_IDENT_PT in the event that it fails to acquire the domctl
lock
* HVMOP_flush_tlbs can return -ERESTART if several vcpus call it at
the same time
In both cases, a simple restart (with no stored iteration information)
is necessary.
Add a check for -ERESTART again, along with a comment at the top of
the function regarding the lack of decoding any information from the
op value.
Reported-by: Xudong Hao <xudong.hao@intel.com>
Signed-off-by: George Dunlap <george.dunlap@citrix.com>
Reviewed-by: Andrew Cooper <andrew.cooper3@citrix.com>
Release-acked-by: Julien Grall <julien.grall@arm.com>
Tested-by: Xudong Hao <xudong.hao@intel.com>
(qemu changes not included)
_______________________________________________
Xen-devel mailing list
Xen-devel@lists.xen.org
https://lists.xen.org/xen-devel
^ permalink raw reply [flat|nested] only message in thread
only message in thread, other threads:[~2017-05-27 0:08 UTC | newest]
Thread overview: (only message) (download: mbox.gz follow: Atom feed
-- links below jump to the message on this page --
2017-05-27 0:08 [xen-unstable test] 109764: regressions - FAIL osstest service owner
This is a public inbox, see mirroring instructions
for how to clone and mirror all data and code used for this inbox;
as well as URLs for NNTP newsgroup(s).