From mboxrd@z Thu Jan 1 00:00:00 1970 From: osstest service owner Subject: [linux-linus test] 109801: regressions - FAIL Date: Sun, 28 May 2017 05:09:55 +0000 Message-ID: Mime-Version: 1.0 Content-Type: multipart/mixed; boundary="===============6406602844785906536==" Return-path: List-Unsubscribe: , List-Post: List-Help: List-Subscribe: , Errors-To: xen-devel-bounces@lists.xen.org Sender: "Xen-devel" To: xen-devel@lists.xensource.com, osstest-admin@xenproject.org List-Id: xen-devel@lists.xenproject.org --===============6406602844785906536== Content-Type: text/plain flight 109801 linux-linus real [real] http://logs.test-lab.xenproject.org/osstest/logs/109801/ Regressions :-( Tests which did not succeed and are blocking, including tests which could not be run: test-amd64-i386-libvirt-qemuu-debianhvm-amd64-xsm 7 host-ping-check-xen fail REGR. vs. 109656 test-armhf-armhf-libvirt-raw 7 host-ping-check-xen fail REGR. vs. 109656 test-amd64-i386-xl-qemut-win7-amd64 9 windows-install fail REGR. vs. 109656 Tests which did not succeed, but are not blocking: test-armhf-armhf-libvirt-xsm 13 saverestore-support-check fail like 109656 test-armhf-armhf-libvirt 13 saverestore-support-check fail like 109656 test-amd64-amd64-xl-qemuu-win7-amd64 15 guest-localmigrate/x10 fail like 109656 test-amd64-amd64-xl-qemut-win7-amd64 15 guest-localmigrate/x10 fail like 109656 test-amd64-i386-xl-qemuu-win7-amd64 16 guest-stop fail like 109656 test-amd64-amd64-xl-rtds 9 debian-install fail like 109656 test-amd64-amd64-xl-qemut-ws16-amd64 9 windows-install fail never pass test-amd64-i386-libvirt 12 migrate-support-check fail never pass test-amd64-i386-libvirt-xsm 12 migrate-support-check fail never pass test-amd64-amd64-libvirt-xsm 12 migrate-support-check fail never pass test-amd64-amd64-libvirt 12 migrate-support-check fail never pass test-amd64-amd64-xl-qemuu-ws16-amd64 9 windows-install fail never pass test-arm64-arm64-xl-multivcpu 12 migrate-support-check fail never pass test-arm64-arm64-xl-multivcpu 13 saverestore-support-check fail never pass test-arm64-arm64-libvirt-xsm 12 migrate-support-check fail never pass test-arm64-arm64-libvirt-xsm 13 saverestore-support-check fail never pass test-arm64-arm64-xl 12 migrate-support-check fail never pass test-arm64-arm64-xl 13 saverestore-support-check fail never pass test-arm64-arm64-xl-xsm 12 migrate-support-check fail never pass test-arm64-arm64-xl-xsm 13 saverestore-support-check fail never pass test-arm64-arm64-xl-rtds 12 migrate-support-check fail never pass test-arm64-arm64-xl-rtds 13 saverestore-support-check fail never pass test-arm64-arm64-libvirt 12 migrate-support-check fail never pass test-arm64-arm64-libvirt 13 saverestore-support-check fail never pass test-arm64-arm64-libvirt-qcow2 11 migrate-support-check fail never pass test-arm64-arm64-libvirt-qcow2 12 saverestore-support-check fail never pass test-amd64-amd64-libvirt-vhd 11 migrate-support-check fail never pass test-armhf-armhf-libvirt-xsm 12 migrate-support-check fail never pass test-amd64-amd64-qemuu-nested-amd 16 debian-hvm-install/l1/l2 fail never pass test-armhf-armhf-xl-credit2 12 migrate-support-check fail never pass test-armhf-armhf-xl-credit2 13 saverestore-support-check fail never pass test-armhf-armhf-xl-xsm 12 migrate-support-check fail never pass test-armhf-armhf-xl-xsm 13 saverestore-support-check fail never pass test-armhf-armhf-libvirt 12 migrate-support-check fail never pass test-armhf-armhf-xl-arndale 12 migrate-support-check fail never pass test-armhf-armhf-xl-arndale 13 saverestore-support-check fail never pass test-amd64-amd64-libvirt-qemuu-debianhvm-amd64-xsm 10 migrate-support-check fail never pass test-armhf-armhf-xl-rtds 12 migrate-support-check fail never pass test-armhf-armhf-xl-rtds 13 saverestore-support-check fail never pass test-armhf-armhf-xl-vhd 11 migrate-support-check fail never pass test-armhf-armhf-xl-vhd 12 saverestore-support-check fail never pass test-arm64-arm64-xl-credit2 12 migrate-support-check fail never pass test-arm64-arm64-xl-credit2 13 saverestore-support-check fail never pass test-armhf-armhf-xl-cubietruck 12 migrate-support-check fail never pass test-armhf-armhf-xl-cubietruck 13 saverestore-support-check fail never pass test-armhf-armhf-xl-multivcpu 12 migrate-support-check fail never pass test-armhf-armhf-xl-multivcpu 13 saverestore-support-check fail never pass test-amd64-i386-xl-qemuu-win10-i386 9 windows-install fail never pass test-amd64-i386-xl-qemut-win10-i386 9 windows-install fail never pass test-amd64-amd64-xl-qemut-win10-i386 9 windows-install fail never pass test-amd64-i386-xl-qemut-ws16-amd64 9 windows-install fail never pass test-amd64-i386-xl-qemuu-ws16-amd64 9 windows-install fail never pass test-armhf-armhf-xl 12 migrate-support-check fail never pass test-armhf-armhf-xl 13 saverestore-support-check fail never pass test-amd64-amd64-xl-qemuu-win10-i386 9 windows-install fail never pass version targeted for testing: linux c86daad2c25bfd4a33d48b7691afaa96d9c5ab46 baseline version: linux ef82f1ad2e3f4509807c83e7eff4ec7c735076e8 Last test of basis 109656 2017-05-21 06:08:50 Z 6 days Failing since 109675 2017-05-22 02:06:45 Z 6 days 9 attempts Testing same since 109801 2017-05-27 14:03:39 Z 0 days 1 attempts ------------------------------------------------------------ People who touched revisions under test: "Eric W. Biederman" "Paul E. McKenney" "Yan, Zheng" Adrian Hunter Al Viro Alex Deucher Alexander Potapenko Alexander Tsoy Alexei Starovoitov Alexey Khoroshilov Andrew Lunn Andrey Konovalov Andy Gospodarek Andy Lutomirski Antony Antony Arend van Spriel Arnd Bergmann Bart Van Assche Bjorn Helgaas Brian Foster Christian König Christoph Hellwig Chunming Zhou Cong Wang Damien Le Moal Dan Carpenter Daniel Borkmann Daniel Lezcano Daniel Vetter Daniel Vetter Darrick J. Wong Dave Airlie David Daney David S. Miller Davide Caratti Derek Basehore Dick Kennedy Dmitry Torokhov Doug Gilbert Erez Shitrit Eric Dumazet Eric Garver Eric Leblond Eric Sandeen Eric Sandeen Eric W. Biederman Eryu Guan Fabio Estevam Florian Westphal Fugang Duan Gabriel Krisman Bertazi Gao Feng Geert Uytterhoeven Gerd Hoffmann Guilherme G. Piccoli Gustavo A. R. Silva Hanjun Guo Harini Katakam Herbert Xu Hu Ziji Ihar Hrachyshka Ilan Tayari Ilya Dryomov Imre Deak Ingo Molnar Jacek Anaszewski James Smart James Smart Jan Glauber Jan Kara Jan Kiszka Jarkko Nikula Jarod Wilson Jason Wang Jens Axboe Jesper Dangaard Brouer Jiri Pirko Jisheng Zhang Johan Hovold Johannes Berg Johannes Thumshirn Jon Derrick Julian Anastasov Julian Wiedmann Juri Lelli Kees Cook Keith Busch Konrad Rzeszutek Wilk KT Liao Lars Ellenberg Lee Jones Lin Zhang Linus Torvalds linzhang Liping Zhang Logan Gunthorpe Long Li Lucas Stach Luis Henriques Lukas Wunner Lv Zheng Lyude Mahesh Bandewar MaJun Manfred Schlaegl Marc Zyngier Marcelo Ricardo Leitner Marta Lofstedt Marta Rybczynska Marta Rybczynska Martin K. Petersen Martin Kepplinger Masami Hiramatsu Matthias Kaehlcke Maxime Roussin-Bélanger Michael S. Tsirkin Michał Potomski Ming Lei Mohamad Haj Yahia Naveen N. Rao Neal Cardwell Neil Horman Nick Moriarty Nikolay Aleksandrov Nisar Sayed Nithin Nayak Sujir Nithin Sujir Oliver Neukum Or Gerlitz Pablo Neira Ayuso Patrik Jakobsson Paul E. McKenney Peter Dawson Peter Dawson Peter Senna Tschudin Peter Zijlstra (Intel) Prarit Bhargava Pravin B Shelar Pushkar Jambhlekar Quentin Schulz Rafael J. Wysocki Rajkumar Manoharan Rakesh Pandit Randy Dunlap Raphael Silva Rex Zhu Richard Richard Narron Richard Zhu Rob Herring Roman Kapl Sabrina Dubroca Saeed Mahameed Sagi Grimberg Samuel Jones Schoefegger Stefan Sebastian Reichel Shaohua Li Simon Horman Srinath Mannam Steffen Klassert Steffen Weber Steven Rostedt (VMware) Steven Rostedt Takashi Iwai Tariq Toukan Tejun Heo Thierry Escande Thomas Gleixner Till Harbaum Tin Huynh Tommi Rantala Toshiaki Makita Ulf Hansson Uwe Kleine-König Varun Prakash Vijay Immanuel Vincent Guittot Viresh Kumar Vlad Yasevich Vladislav Yasevich WANG Cong Wei Wang Willem de Bruijn Wolfram Sang Xin Long Yan, Zheng Yuchung Cheng Zorro Lang jobs: build-amd64-xsm pass build-arm64-xsm pass build-armhf-xsm pass build-i386-xsm pass build-amd64 pass build-arm64 pass build-armhf pass build-i386 pass build-amd64-libvirt pass build-arm64-libvirt pass build-armhf-libvirt pass build-i386-libvirt pass build-amd64-pvops pass build-arm64-pvops pass build-armhf-pvops pass build-i386-pvops pass build-amd64-rumprun pass build-i386-rumprun pass test-amd64-amd64-xl pass test-arm64-arm64-xl pass test-armhf-armhf-xl pass test-amd64-i386-xl pass test-amd64-amd64-xl-qemut-debianhvm-amd64-xsm pass test-amd64-i386-xl-qemut-debianhvm-amd64-xsm pass test-amd64-amd64-libvirt-qemuu-debianhvm-amd64-xsm pass test-amd64-i386-libvirt-qemuu-debianhvm-amd64-xsm fail test-amd64-amd64-xl-qemuu-debianhvm-amd64-xsm pass test-amd64-i386-xl-qemuu-debianhvm-amd64-xsm pass test-amd64-amd64-xl-qemut-stubdom-debianhvm-amd64-xsm pass test-amd64-i386-xl-qemut-stubdom-debianhvm-amd64-xsm pass test-amd64-amd64-libvirt-xsm pass test-arm64-arm64-libvirt-xsm pass test-armhf-armhf-libvirt-xsm pass test-amd64-i386-libvirt-xsm pass test-amd64-amd64-xl-xsm pass test-arm64-arm64-xl-xsm pass test-armhf-armhf-xl-xsm pass test-amd64-i386-xl-xsm pass test-amd64-amd64-qemuu-nested-amd fail test-amd64-amd64-xl-pvh-amd pass test-amd64-i386-qemut-rhel6hvm-amd pass test-amd64-i386-qemuu-rhel6hvm-amd pass test-amd64-amd64-xl-qemut-debianhvm-amd64 pass test-amd64-i386-xl-qemut-debianhvm-amd64 pass test-amd64-amd64-xl-qemuu-debianhvm-amd64 pass test-amd64-i386-xl-qemuu-debianhvm-amd64 pass test-amd64-i386-freebsd10-amd64 pass test-amd64-amd64-xl-qemuu-ovmf-amd64 pass test-amd64-i386-xl-qemuu-ovmf-amd64 pass test-amd64-amd64-rumprun-amd64 pass test-amd64-amd64-xl-qemut-win7-amd64 fail test-amd64-i386-xl-qemut-win7-amd64 fail test-amd64-amd64-xl-qemuu-win7-amd64 fail test-amd64-i386-xl-qemuu-win7-amd64 fail test-amd64-amd64-xl-qemut-ws16-amd64 fail test-amd64-i386-xl-qemut-ws16-amd64 fail test-amd64-amd64-xl-qemuu-ws16-amd64 fail test-amd64-i386-xl-qemuu-ws16-amd64 fail test-armhf-armhf-xl-arndale pass test-amd64-amd64-xl-credit2 pass test-arm64-arm64-xl-credit2 pass test-armhf-armhf-xl-credit2 pass test-armhf-armhf-xl-cubietruck pass test-amd64-amd64-examine pass test-arm64-arm64-examine pass test-armhf-armhf-examine pass test-amd64-i386-examine pass test-amd64-i386-freebsd10-i386 pass test-amd64-i386-rumprun-i386 pass test-amd64-amd64-xl-qemut-win10-i386 fail test-amd64-i386-xl-qemut-win10-i386 fail test-amd64-amd64-xl-qemuu-win10-i386 fail test-amd64-i386-xl-qemuu-win10-i386 fail test-amd64-amd64-qemuu-nested-intel pass test-amd64-amd64-xl-pvh-intel pass test-amd64-i386-qemut-rhel6hvm-intel pass test-amd64-i386-qemuu-rhel6hvm-intel pass test-amd64-amd64-libvirt pass test-arm64-arm64-libvirt pass test-armhf-armhf-libvirt pass test-amd64-i386-libvirt pass test-amd64-amd64-xl-multivcpu pass test-arm64-arm64-xl-multivcpu pass test-armhf-armhf-xl-multivcpu pass test-amd64-amd64-pair pass test-amd64-i386-pair pass test-amd64-amd64-libvirt-pair pass test-amd64-i386-libvirt-pair pass test-amd64-amd64-amd64-pvgrub pass test-amd64-amd64-i386-pvgrub pass test-amd64-amd64-pygrub pass test-arm64-arm64-libvirt-qcow2 pass test-amd64-amd64-xl-qcow2 pass test-armhf-armhf-libvirt-raw fail test-amd64-i386-xl-raw pass test-amd64-amd64-xl-rtds fail test-arm64-arm64-xl-rtds pass test-armhf-armhf-xl-rtds pass test-amd64-amd64-libvirt-vhd pass test-armhf-armhf-xl-vhd pass ------------------------------------------------------------ sg-report-flight on osstest.test-lab.xenproject.org logs: /home/logs/logs images: /home/logs/images Logs, config files, etc. are available at http://logs.test-lab.xenproject.org/osstest/logs Explanation of these reports, and of osstest in general, is at http://xenbits.xen.org/gitweb/?p=osstest.git;a=blob;f=README.email;hb=master http://xenbits.xen.org/gitweb/?p=osstest.git;a=blob;f=README;hb=master Test harness code can be found at http://xenbits.xen.org/gitweb?p=osstest.git;a=summary Not pushing. (No revision log; it would be 6007 lines long.) --===============6406602844785906536== Content-Type: text/plain; charset="utf-8" MIME-Version: 1.0 Content-Transfer-Encoding: base64 Content-Disposition: inline X19fX19fX19fX19fX19fX19fX19fX19fX19fX19fX19fX19fX19fX19fX19fX18KWGVuLWRldmVs IG1haWxpbmcgbGlzdApYZW4tZGV2ZWxAbGlzdHMueGVuLm9yZwpodHRwczovL2xpc3RzLnhlbi5v cmcveGVuLWRldmVsCg== --===============6406602844785906536==--