xen-devel.lists.xenproject.org archive mirror
 help / color / mirror / Atom feed
* [linux-linus test] 109821: regressions - FAIL
@ 2017-05-29  7:57 osstest service owner
  0 siblings, 0 replies; only message in thread
From: osstest service owner @ 2017-05-29  7:57 UTC (permalink / raw)
  To: xen-devel, osstest-admin

[-- Attachment #1: Type: text/plain, Size: 22909 bytes --]

flight 109821 linux-linus real [real]
http://logs.test-lab.xenproject.org/osstest/logs/109821/

Regressions :-(

Tests which did not succeed and are blocking,
including tests which could not be run:
 test-amd64-amd64-i386-pvgrub 21 leak-check/check fail in 109809 REGR. vs. 109656

Tests which are failing intermittently (not blocking):
 test-amd64-i386-libvirt-pair 11 host-ping-check-xen/src_host fail in 109809 pass in 109821
 test-amd64-i386-libvirt-xsm 7 host-ping-check-xen fail in 109809 pass in 109821
 test-amd64-i386-libvirt-pair 12 host-ping-check-xen/dst_host fail in 109809 pass in 109821
 test-amd64-i386-xl-qemut-win7-amd64 15 guest-localmigrate/x10 fail in 109809 pass in 109821
 test-armhf-armhf-libvirt-xsm  7 host-ping-check-xen        fail pass in 109809
 test-armhf-armhf-libvirt      7 host-ping-check-xen        fail pass in 109809
 test-amd64-amd64-xl-qemut-debianhvm-amd64-xsm 14 guest-saverestore.2 fail pass in 109809
 test-amd64-amd64-i386-pvgrub 18 guest-start/debian.repeat  fail pass in 109809

Tests which did not succeed, but are not blocking:
 test-amd64-amd64-xl-qemut-win7-amd64 16 guest-stop      fail blocked in 109656
 test-armhf-armhf-xl-rtds   15 guest-start/debian.repeat fail blocked in 109656
 test-armhf-armhf-libvirt-xsm 13 saverestore-support-check fail in 109809 like 109656
 test-armhf-armhf-libvirt 13 saverestore-support-check fail in 109809 like 109656
 test-amd64-amd64-xl-qemut-win7-amd64 15 guest-localmigrate/x10 fail in 109809 like 109656
 test-armhf-armhf-libvirt-xsm 12 migrate-support-check fail in 109809 never pass
 test-armhf-armhf-libvirt    12 migrate-support-check fail in 109809 never pass
 test-amd64-amd64-xl-qemuu-win7-amd64 15 guest-localmigrate/x10 fail like 109656
 test-armhf-armhf-libvirt-raw 12 saverestore-support-check    fail  like 109656
 test-amd64-i386-xl-qemuu-win7-amd64 16 guest-stop             fail like 109656
 test-amd64-i386-xl-qemut-win7-amd64 16 guest-stop             fail like 109656
 test-amd64-amd64-xl-rtds      9 debian-install               fail  like 109656
 test-amd64-amd64-xl-qemut-ws16-amd64  9 windows-install        fail never pass
 test-amd64-amd64-libvirt     12 migrate-support-check        fail   never pass
 test-amd64-i386-libvirt      12 migrate-support-check        fail   never pass
 test-amd64-i386-libvirt-xsm  12 migrate-support-check        fail   never pass
 test-amd64-amd64-libvirt-xsm 12 migrate-support-check        fail   never pass
 test-amd64-amd64-xl-qemuu-ws16-amd64  9 windows-install        fail never pass
 test-arm64-arm64-xl-multivcpu 12 migrate-support-check        fail  never pass
 test-arm64-arm64-xl-multivcpu 13 saverestore-support-check    fail  never pass
 test-arm64-arm64-libvirt-xsm 12 migrate-support-check        fail   never pass
 test-arm64-arm64-libvirt-xsm 13 saverestore-support-check    fail   never pass
 test-arm64-arm64-xl          12 migrate-support-check        fail   never pass
 test-arm64-arm64-xl          13 saverestore-support-check    fail   never pass
 test-arm64-arm64-xl-xsm      12 migrate-support-check        fail   never pass
 test-arm64-arm64-xl-xsm      13 saverestore-support-check    fail   never pass
 test-amd64-i386-libvirt-qemuu-debianhvm-amd64-xsm 10 migrate-support-check fail never pass
 test-arm64-arm64-xl-rtds     12 migrate-support-check        fail   never pass
 test-arm64-arm64-xl-rtds     13 saverestore-support-check    fail   never pass
 test-arm64-arm64-libvirt     12 migrate-support-check        fail   never pass
 test-arm64-arm64-libvirt     13 saverestore-support-check    fail   never pass
 test-arm64-arm64-libvirt-qcow2 11 migrate-support-check        fail never pass
 test-arm64-arm64-libvirt-qcow2 12 saverestore-support-check    fail never pass
 test-amd64-amd64-libvirt-vhd 11 migrate-support-check        fail   never pass
 test-amd64-amd64-qemuu-nested-amd 16 debian-hvm-install/l1/l2  fail never pass
 test-armhf-armhf-xl-credit2  12 migrate-support-check        fail   never pass
 test-armhf-armhf-xl-credit2  13 saverestore-support-check    fail   never pass
 test-armhf-armhf-xl-xsm      12 migrate-support-check        fail   never pass
 test-armhf-armhf-xl-xsm      13 saverestore-support-check    fail   never pass
 test-armhf-armhf-xl-arndale  12 migrate-support-check        fail   never pass
 test-armhf-armhf-xl-arndale  13 saverestore-support-check    fail   never pass
 test-armhf-armhf-libvirt-raw 11 migrate-support-check        fail   never pass
 test-amd64-amd64-libvirt-qemuu-debianhvm-amd64-xsm 10 migrate-support-check fail never pass
 test-armhf-armhf-xl-rtds     12 migrate-support-check        fail   never pass
 test-armhf-armhf-xl-rtds     13 saverestore-support-check    fail   never pass
 test-armhf-armhf-xl-vhd      11 migrate-support-check        fail   never pass
 test-armhf-armhf-xl-vhd      12 saverestore-support-check    fail   never pass
 test-arm64-arm64-xl-credit2  12 migrate-support-check        fail   never pass
 test-arm64-arm64-xl-credit2  13 saverestore-support-check    fail   never pass
 test-armhf-armhf-xl-cubietruck 12 migrate-support-check        fail never pass
 test-armhf-armhf-xl-cubietruck 13 saverestore-support-check    fail never pass
 test-armhf-armhf-xl-multivcpu 12 migrate-support-check        fail  never pass
 test-armhf-armhf-xl-multivcpu 13 saverestore-support-check    fail  never pass
 test-amd64-i386-xl-qemuu-win10-i386  9 windows-install         fail never pass
 test-amd64-i386-xl-qemut-win10-i386  9 windows-install         fail never pass
 test-amd64-amd64-xl-qemut-win10-i386  9 windows-install        fail never pass
 test-amd64-i386-xl-qemut-ws16-amd64  9 windows-install         fail never pass
 test-amd64-i386-xl-qemuu-ws16-amd64  9 windows-install         fail never pass
 test-armhf-armhf-xl          12 migrate-support-check        fail   never pass
 test-armhf-armhf-xl          13 saverestore-support-check    fail   never pass
 test-amd64-amd64-xl-qemuu-win10-i386  9 windows-install        fail never pass

version targeted for testing:
 linux                249f1efd8e3d58f86469fc305b0eda39db18d7ce
baseline version:
 linux                ef82f1ad2e3f4509807c83e7eff4ec7c735076e8

Last test of basis   109656  2017-05-21 06:08:50 Z    8 days
Failing since        109675  2017-05-22 02:06:45 Z    7 days   11 attempts
Testing same since   109809  2017-05-28 05:24:37 Z    1 days    2 attempts

------------------------------------------------------------
People who touched revisions under test:
  "Eric W. Biederman" <ebiederm@xmission.com>
  "Paul E. McKenney" <paulmck@linux.vnet.ibm.com>
  "Yan, Zheng" <zyan@redhat.com>
  Adrian Hunter <adrian.hunter@intel.com>
  Al Viro <viro@zeniv.linux.org.uk>
  Alex Deucher <alexander.deucher@amd.com>
  Alexander Potapenko <glider@google.com>
  Alexander Tsoy <alexander@tsoy.me>
  Alexei Starovoitov <ast@kernel.org>
  Alexey Khoroshilov <khoroshilov@ispras.ru>
  Alistair Popple <alistair@popple.id.au>
  Andrew Lunn <andrew@lunn.ch>
  Andrey Konovalov <andreyknvl@google.com>
  Andy Gospodarek <andy@greyhouse.net>
  Andy Lutomirski <luto@kernel.org>
  Antony Antony <antony@phenome.org>
  Ard Biesheuvel <ard.biesheuvel@linaro.org>
  Arend van Spriel <arend.vanspriel@broadcom.com>
  Arnd Bergmann <arnd@arndb.de>
  Bart Van Assche <bart.vanassche@sandisk.com>
  Benjamin Herrenschmidt <benh@kernel.crashing.org>
  Benjamin Peterson <bp@benjamin.pe>
  Bjorn Helgaas <bhelgaas@google.com>
  Borislav Petkov <bp@suse.de>
  Brian Foster <bfoster@redhat.com>
  Christian König <christian.koenig@amd.com>
  Christoph Hellwig <hch@lst.de>
  Christophe JAILLET <christophe.jaillet@wanadoo.fr>
  Chunming Zhou <David1.Zhou@amd.com>
  Cong Wang <xiyou.wangcong@gmail.com>
  Damien Le Moal <damien.lemoal@wdc.com>
  Dan Carpenter <dan.carpenter@oracle.com>
  Daniel Borkmann <daniel@iogearbox.net>
  Daniel Lezcano <daniel.lezcano@linaro.org>
  Daniel Vetter <daniel.vetter@ffwll.ch>
  Daniel Vetter <daniel.vetter@intel.com>
  Darrick J. Wong <darrick.wong@oracle.com>
  Dave Airlie <airlied@redhat.com>
  David Daney <david.daney@cavium.com>
  David S. Miller <davem@davemloft.net>
  Davide Caratti <dcaratti@redhat.com>
  Derek Basehore <dbasehore@chromium.org>
  Dick Kennedy <dick.kennedy@broadcom.com>
  Dmitry Torokhov <dmitry.torokhov@gmail.com>
  Doug Gilbert <dgilbert@interlog.com>
  Erez Shitrit <erezsh@mellanox.com>
  Eric Dumazet <edumazet@google.com>
  Eric Garver <e@erig.me>
  Eric Leblond <eric@regit.org>
  Eric Sandeen <sandeen@redhat.com>
  Eric Sandeen <sandeen@sandeen.net>
  Eric W. Biederman <ebiederm@xmission.com>
  Eryu Guan <eguan@redhat.com>
  Fabio Estevam <fabio.estevam@nxp.com>
  Florian Westphal <fw@strlen.de>
  Fugang Duan <fugang.duan@nxp.com>
  Gabriel Krisman Bertazi <gabriel@krisman.be>
  Gabriel Krisman Bertazi <krisman@collabora.co.uk>
  Gao Feng <gfree.wind@vip.163.com>
  Geert Uytterhoeven <geert@linux-m68k.org>
  Gerd Hoffmann <kraxel@redhat.com>
  Greg Kroah-Hartman <gregkh@linuxfoundation.org>
  Guilherme G. Piccoli <gpiccoli@linux.vnet.ibm.com>
  Gustavo A. R. Silva <garsilva@embeddedor.com>
  Hanjun Guo <hanjun.guo@linaro.org>
  Harini Katakam <harinik@xilinx.com>
  Herbert Xu <herbert@gondor.apana.org.au>
  Hu Ziji <huziji@marvell.com>
  Ihar Hrachyshka <ihrachys@redhat.com>
  Ilan Tayari <ilant@mellanox.com>
  Ilya Dryomov <idryomov@gmail.com>
  Imre Deak <imre.deak@intel.com>
  Ingo Molnar <mingo@kernel.org>
  Jacek Anaszewski <jacek.anaszewski@gmail.com>
  James Smart <james.smart@broadcom.com>
  James Smart <jsmart2021@gmail.com>
  Jan Glauber <jglauber@cavium.com>
  Jan Kara <jack@suse.cz>
  Jan Kiszka <jan.kiszka@siemens.com>
  Jarkko Nikula <jarkko.nikula@linux.intel.com>
  Jarod Wilson <jarod@redhat.com>
  Jason Wang <jasowang@redhat.com>
  Jens Axboe <axboe@fb.com>
  Jeremy Kerr <jk@ozlabs.org>
  Jesper Dangaard Brouer <brouer@redhat.com>
  Jiri Olsa <jolsa@kernel.org>
  Jiri Pirko <jiri@mellanox.com>
  Jisheng Zhang <jszhang@marvell.com>
  Johan Hovold <johan@kernel.org>
  Johannes Berg <johannes.berg@intel.com>
  Johannes Thumshirn <jthumshirn@suse.de>
  Jon Derrick <jonathan.derrick@intel.com>
  Josh Poimboeuf <jpoimboe@redhat.com>
  Julian Anastasov <ja@ssi.bg>
  Julian Wiedmann <julian.wiedmann@jwi.name>
  Juri Lelli <juri.lelli@arm.com>
  Kees Cook <keescook@chromium.org>
  Keith Busch <keith.busch@intel.com>
  Konrad Rzeszutek Wilk <konrad.wilk@oracle.com>
  KT Liao <kt.liao@emc.com.tw>
  Lars Ellenberg <lars.ellenberg@linbit.com>
  Lee Jones <lee.jones@linaro.org>
  Lin Zhang <xiaolou4617@gmail.com>
  Linus Torvalds <torvalds@linux-foundation.org>
  linzhang <xiaolou4617@gmail.com>
  Liping Zhang <zlpnobody@gmail.com>
  Logan Gunthorpe <logang@deltatee.com>
  Long Li <longli@microsoft.com>
  Lu Baolu <baolu.lu@linux.intel.com>
  Lucas Stach <l.stach@pengutronix.de>
  Luis Henriques <lhenriques@suse.com>
  Lukas Wunner <lukas@wunner.de>
  Lv Zheng <lv.zheng@intel.com>
  Lyude <lyude@redhat.com>
  Mahesh Bandewar <maheshb@google.com>
  MaJun <majun258@huawei.com>
  Manfred Schlaegl <manfred.schlaegl@ginzinger.com>
  Marc Zyngier <marc.zyngier@arm.com>
  Marcelo Ricardo Leitner <marcelo.leitner@gmail.com>
  Marta Lofstedt <marta.lofstedt@intel.com>
  Marta Rybczynska <marta.rybczynska@kalray.eu>
  Marta Rybczynska <mrybczyn@kalray.eu>
  Martin K. Petersen <martin.petersen@oracle.com>
  Martin Kepplinger <martin.kepplinger@ginzinger.com>
  Masami Hiramatsu <mhiramat@kernel.org>
  Mateusz Jurczyk <mjurczyk@google.com>
  Matthias Kaehlcke <mka@chromium.org>
  Maxime Roussin-Bélanger <maxime.roussinbelanger@gmail.com>
  Michael Ellerman <mpe@ellerman.id.au>
  Michael Neuling <mikey@neuling.org>
  Michael S. Tsirkin <mst@redhat.com>
  Michał Potomski <michalx.potomski@intel.com>
  Mika Penttilä <mika.penttila@nextfour.com>
  Mikulas Patocka <mpatocka@redhat.com>
  Milian Wolff <milian.wolff@kdab.com>
  Ming Lei <ming.lei@redhat.com>
  Mohamad Haj Yahia <mohamad@mellanox.com>
  Namhyung Kim <namhyung@kernel.org>
  Naveen N. Rao <naveen.n.rao@linux.vnet.ibm.com>
  Neal Cardwell <ncardwell@google.com>
  Neil Horman <nhorman@tuxdriver.com>
  Nicholas Piggin <npiggin@gmail.com>
  Nick Moriarty <nick.moriarty@york.ac.uk>
  Nikolay Aleksandrov <nikolay@cumulusnetworks.com>
  Nisar Sayed <Nisar.Sayed@microchip.com>
  Nithin Nayak Sujir <nsujir@tintri.com>
  Nithin Sujir <nsujir@tintri.com>
  Oleg Nesterov <oleg@redhat.com>
  Oliver Neukum <oneukum@suse.com>
  Or Gerlitz <ogerlitz@mellanox.com>
  Pablo Neira Ayuso <pablo@netfilter.org>
  Patrik Jakobsson <patrik.r.jakobsson@gmail.com>
  Paul E. McKenney <paulmck@linux.vnet.ibm.com>
  Peter Dawson <petedaws@gmail.com>
  Peter Dawson <peter.a.dawson@boeing.com>
  Peter Senna Tschudin <peter.senna@collabora.com>
  Peter Zijlstra (Intel) <peterz@infradead.org>
  Peter Zijlstra <peterz@infradead.org>
  Prarit Bhargava <prarit@redhat.com>
  Pravin B Shelar <pshelar@ovn.org>
  Pushkar Jambhlekar <pushkar.iit@gmail.com>
  Quentin Schulz <quentin.schulz@free-electrons.com>
  Rafael J. Wysocki <rafael.j.wysocki@intel.com>
  Rajkumar Manoharan <rmanohar@qti.qualcomm.com>
  Rakesh Pandit <rakesh@tuxera.com>
  Randy Dunlap <rdunlap@infradead.org>
  Raphael Silva <raphasil@linux.vnet.ibm.com>
  Rex Zhu <Rex.Zhu@amd.com>
  Richard <richard@aaazen.com>
  Richard Narron <comet.berkeley@gmail.com>
  Richard Zhu <hongxing.zhu@nxp.com>
  Rob Herring <robh@kernel.org>
  Rob Landley <rob@landley.net>
  Roman Kapl <roman.kapl@sysgo.com>
  Sabrina Dubroca <sd@queasysnail.net>
  Saeed Mahameed <saeedm@mellanox.com>
  Sagi Grimberg <sagi@grimberg.me>
  Samuel Jones <sjones@kalray.eu>
  Schoefegger Stefan <stefan.schoefegger@ginzinger.com>
  Sebastian Reichel <sebastian.reichel@collabora.co.uk>
  Shaohua Li <shli@fb.com>
  Simon Horman <horms@verge.net.au>
  Srinath Mannam <srinath.mannam@broadcom.com>
  Stefan Wahren <stefan.wahren@i2se.com>
  Steffen Klassert <steffen.klassert@secunet.com>
  Steffen Weber <steffen.weber@gmail.com>
  Steve Twiss <stwiss.opensource@diasemi.com>
  Steven Rostedt (VMware) <rostedt@goodmis.org>
  Steven Rostedt <rostedt@goodmis.org>
  Takashi Iwai <tiwai@suse.de>
  Tariq Toukan <tariqt@mellanox.com>
  Tejun Heo <tj@kernel.org>
  Thierry Escande <thierry.escande@collabora.com>
  Thomas Gleixner <tglx@linutronix.de>
  Till Harbaum <till@harbaum.org>
  Tin Huynh <tnhuynh@apm.com>
  Tobias Klauser <tklauser@distanz.ch>
  Tommi Rantala <tt.rantala@gmail.com>
  Toshiaki Makita <makita.toshiaki@lab.ntt.co.jp>
  Ulf Hansson <ulf.hansson@linaro.org>
  Uwe Kleine-König <u.kleine-koenig@pengutronix.de>
  Varun Prakash <varun@chelsio.com>
  Vegard Nossum <vegard.nossum@oracle.com>
  Vijay Immanuel <vijayi@attalasystems.com>
  Vincent Guittot <vincent.guittot@linaro.org>
  Viresh Kumar <viresh.kumar@linaro.org>
  Vishal Verma <vishal.l.verma@intel.com>
  Vlad Yasevich <vyasevich@gmail.com>
  Vladislav Yasevich <vyasevic@redhat.com>
  WANG Cong <xiyou.wangcong@gmail.com>
  Wei Wang <weiwan@google.com>
  Willem de Bruijn <willemb@google.com>
  Wolfram Sang <wsa@the-dreams.de>
  Xin Long <lucien.xin@gmail.com>
  Yan, Zheng <zyan@redhat.com>
  Yuchung Cheng <ycheng@google.com>
  Zorro Lang <zlang@redhat.com>

jobs:
 build-amd64-xsm                                              pass    
 build-arm64-xsm                                              pass    
 build-armhf-xsm                                              pass    
 build-i386-xsm                                               pass    
 build-amd64                                                  pass    
 build-arm64                                                  pass    
 build-armhf                                                  pass    
 build-i386                                                   pass    
 build-amd64-libvirt                                          pass    
 build-arm64-libvirt                                          pass    
 build-armhf-libvirt                                          pass    
 build-i386-libvirt                                           pass    
 build-amd64-pvops                                            pass    
 build-arm64-pvops                                            pass    
 build-armhf-pvops                                            pass    
 build-i386-pvops                                             pass    
 build-amd64-rumprun                                          pass    
 build-i386-rumprun                                           pass    
 test-amd64-amd64-xl                                          pass    
 test-arm64-arm64-xl                                          pass    
 test-armhf-armhf-xl                                          pass    
 test-amd64-i386-xl                                           pass    
 test-amd64-amd64-xl-qemut-debianhvm-amd64-xsm                fail    
 test-amd64-i386-xl-qemut-debianhvm-amd64-xsm                 pass    
 test-amd64-amd64-libvirt-qemuu-debianhvm-amd64-xsm           pass    
 test-amd64-i386-libvirt-qemuu-debianhvm-amd64-xsm            pass    
 test-amd64-amd64-xl-qemuu-debianhvm-amd64-xsm                pass    
 test-amd64-i386-xl-qemuu-debianhvm-amd64-xsm                 pass    
 test-amd64-amd64-xl-qemut-stubdom-debianhvm-amd64-xsm        pass    
 test-amd64-i386-xl-qemut-stubdom-debianhvm-amd64-xsm         pass    
 test-amd64-amd64-libvirt-xsm                                 pass    
 test-arm64-arm64-libvirt-xsm                                 pass    
 test-armhf-armhf-libvirt-xsm                                 fail    
 test-amd64-i386-libvirt-xsm                                  pass    
 test-amd64-amd64-xl-xsm                                      pass    
 test-arm64-arm64-xl-xsm                                      pass    
 test-armhf-armhf-xl-xsm                                      pass    
 test-amd64-i386-xl-xsm                                       pass    
 test-amd64-amd64-qemuu-nested-amd                            fail    
 test-amd64-amd64-xl-pvh-amd                                  pass    
 test-amd64-i386-qemut-rhel6hvm-amd                           pass    
 test-amd64-i386-qemuu-rhel6hvm-amd                           pass    
 test-amd64-amd64-xl-qemut-debianhvm-amd64                    pass    
 test-amd64-i386-xl-qemut-debianhvm-amd64                     pass    
 test-amd64-amd64-xl-qemuu-debianhvm-amd64                    pass    
 test-amd64-i386-xl-qemuu-debianhvm-amd64                     pass    
 test-amd64-i386-freebsd10-amd64                              pass    
 test-amd64-amd64-xl-qemuu-ovmf-amd64                         pass    
 test-amd64-i386-xl-qemuu-ovmf-amd64                          pass    
 test-amd64-amd64-rumprun-amd64                               pass    
 test-amd64-amd64-xl-qemut-win7-amd64                         fail    
 test-amd64-i386-xl-qemut-win7-amd64                          fail    
 test-amd64-amd64-xl-qemuu-win7-amd64                         fail    
 test-amd64-i386-xl-qemuu-win7-amd64                          fail    
 test-amd64-amd64-xl-qemut-ws16-amd64                         fail    
 test-amd64-i386-xl-qemut-ws16-amd64                          fail    
 test-amd64-amd64-xl-qemuu-ws16-amd64                         fail    
 test-amd64-i386-xl-qemuu-ws16-amd64                          fail    
 test-armhf-armhf-xl-arndale                                  pass    
 test-amd64-amd64-xl-credit2                                  pass    
 test-arm64-arm64-xl-credit2                                  pass    
 test-armhf-armhf-xl-credit2                                  pass    
 test-armhf-armhf-xl-cubietruck                               pass    
 test-amd64-amd64-examine                                     pass    
 test-arm64-arm64-examine                                     pass    
 test-armhf-armhf-examine                                     pass    
 test-amd64-i386-examine                                      pass    
 test-amd64-i386-freebsd10-i386                               pass    
 test-amd64-i386-rumprun-i386                                 pass    
 test-amd64-amd64-xl-qemut-win10-i386                         fail    
 test-amd64-i386-xl-qemut-win10-i386                          fail    
 test-amd64-amd64-xl-qemuu-win10-i386                         fail    
 test-amd64-i386-xl-qemuu-win10-i386                          fail    
 test-amd64-amd64-qemuu-nested-intel                          pass    
 test-amd64-amd64-xl-pvh-intel                                pass    
 test-amd64-i386-qemut-rhel6hvm-intel                         pass    
 test-amd64-i386-qemuu-rhel6hvm-intel                         pass    
 test-amd64-amd64-libvirt                                     pass    
 test-arm64-arm64-libvirt                                     pass    
 test-armhf-armhf-libvirt                                     fail    
 test-amd64-i386-libvirt                                      pass    
 test-amd64-amd64-xl-multivcpu                                pass    
 test-arm64-arm64-xl-multivcpu                                pass    
 test-armhf-armhf-xl-multivcpu                                pass    
 test-amd64-amd64-pair                                        pass    
 test-amd64-i386-pair                                         pass    
 test-amd64-amd64-libvirt-pair                                pass    
 test-amd64-i386-libvirt-pair                                 pass    
 test-amd64-amd64-amd64-pvgrub                                pass    
 test-amd64-amd64-i386-pvgrub                                 fail    
 test-amd64-amd64-pygrub                                      pass    
 test-arm64-arm64-libvirt-qcow2                               pass    
 test-amd64-amd64-xl-qcow2                                    pass    
 test-armhf-armhf-libvirt-raw                                 pass    
 test-amd64-i386-xl-raw                                       pass    
 test-amd64-amd64-xl-rtds                                     fail    
 test-arm64-arm64-xl-rtds                                     pass    
 test-armhf-armhf-xl-rtds                                     fail    
 test-amd64-amd64-libvirt-vhd                                 pass    
 test-armhf-armhf-xl-vhd                                      pass    


------------------------------------------------------------
sg-report-flight on osstest.test-lab.xenproject.org
logs: /home/logs/logs
images: /home/logs/images

Logs, config files, etc. are available at
    http://logs.test-lab.xenproject.org/osstest/logs

Explanation of these reports, and of osstest in general, is at
    http://xenbits.xen.org/gitweb/?p=osstest.git;a=blob;f=README.email;hb=master
    http://xenbits.xen.org/gitweb/?p=osstest.git;a=blob;f=README;hb=master

Test harness code can be found at
    http://xenbits.xen.org/gitweb?p=osstest.git;a=summary


Not pushing.

(No revision log; it would be 7856 lines long.)


[-- Attachment #2: Type: text/plain, Size: 127 bytes --]

_______________________________________________
Xen-devel mailing list
Xen-devel@lists.xen.org
https://lists.xen.org/xen-devel

^ permalink raw reply	[flat|nested] only message in thread

only message in thread, other threads:[~2017-05-29  7:57 UTC | newest]

Thread overview: (only message) (download: mbox.gz follow: Atom feed
-- links below jump to the message on this page --
2017-05-29  7:57 [linux-linus test] 109821: regressions - FAIL osstest service owner

This is a public inbox, see mirroring instructions
for how to clone and mirror all data and code used for this inbox;
as well as URLs for NNTP newsgroup(s).