* [linux-next test] 109892: regressions - FAIL
@ 2017-06-01 10:51 osstest service owner
0 siblings, 0 replies; only message in thread
From: osstest service owner @ 2017-06-01 10:51 UTC (permalink / raw)
To: xen-devel, osstest-admin
flight 109892 linux-next real [real]
http://logs.test-lab.xenproject.org/osstest/logs/109892/
Regressions :-(
Tests which did not succeed and are blocking,
including tests which could not be run:
test-amd64-i386-libvirt-xsm 6 xen-boot fail REGR. vs. 109858
test-amd64-i386-qemut-rhel6hvm-intel 6 xen-boot fail REGR. vs. 109858
test-amd64-i386-xl-qemuu-win10-i386 6 xen-boot fail REGR. vs. 109858
test-amd64-i386-xl-qemuu-ws16-amd64 6 xen-boot fail REGR. vs. 109858
test-amd64-i386-pair 9 xen-boot/src_host fail REGR. vs. 109858
test-amd64-i386-pair 10 xen-boot/dst_host fail REGR. vs. 109858
test-amd64-i386-xl-qemut-stubdom-debianhvm-amd64-xsm 6 xen-boot fail REGR. vs. 109858
test-amd64-i386-xl-qemut-debianhvm-amd64 6 xen-boot fail REGR. vs. 109858
test-amd64-i386-libvirt 6 xen-boot fail REGR. vs. 109858
test-amd64-i386-libvirt-pair 9 xen-boot/src_host fail REGR. vs. 109858
test-amd64-i386-libvirt-pair 10 xen-boot/dst_host fail REGR. vs. 109858
test-amd64-i386-xl-qemut-ws16-amd64 6 xen-boot fail REGR. vs. 109858
test-amd64-i386-xl-xsm 6 xen-boot fail REGR. vs. 109858
test-amd64-i386-xl 6 xen-boot fail REGR. vs. 109858
test-amd64-i386-xl-qemut-debianhvm-amd64-xsm 6 xen-boot fail REGR. vs. 109858
test-amd64-i386-libvirt-qemuu-debianhvm-amd64-xsm 6 xen-boot fail REGR. vs. 109858
test-amd64-i386-qemuu-rhel6hvm-amd 6 xen-boot fail REGR. vs. 109858
test-amd64-i386-freebsd10-amd64 6 xen-boot fail REGR. vs. 109858
test-amd64-i386-xl-qemuu-debianhvm-amd64 6 xen-boot fail REGR. vs. 109858
test-amd64-i386-xl-raw 6 xen-boot fail REGR. vs. 109858
test-amd64-i386-freebsd10-i386 6 xen-boot fail REGR. vs. 109858
test-amd64-i386-xl-qemuu-ovmf-amd64 6 xen-boot fail REGR. vs. 109858
test-amd64-i386-qemut-rhel6hvm-amd 6 xen-boot fail REGR. vs. 109858
test-amd64-i386-examine 6 reboot fail REGR. vs. 109858
test-amd64-i386-xl-qemut-win7-amd64 6 xen-boot fail REGR. vs. 109858
test-amd64-i386-xl-qemuu-win7-amd64 6 xen-boot fail REGR. vs. 109858
test-arm64-arm64-xl-multivcpu 6 xen-boot fail REGR. vs. 109858
test-arm64-arm64-examine 6 reboot fail REGR. vs. 109858
test-arm64-arm64-libvirt-qcow2 6 xen-boot fail REGR. vs. 109858
test-arm64-arm64-xl-xsm 6 xen-boot fail REGR. vs. 109858
test-arm64-arm64-libvirt-xsm 6 xen-boot fail REGR. vs. 109858
test-arm64-arm64-xl 6 xen-boot fail REGR. vs. 109858
test-arm64-arm64-libvirt 6 xen-boot fail REGR. vs. 109858
test-arm64-arm64-xl-credit2 6 xen-boot fail REGR. vs. 109858
test-amd64-i386-qemuu-rhel6hvm-intel 6 xen-boot fail REGR. vs. 109858
test-amd64-i386-rumprun-i386 6 xen-boot fail REGR. vs. 109858
test-amd64-i386-xl-qemut-win10-i386 6 xen-boot fail REGR. vs. 109858
test-amd64-i386-xl-qemuu-debianhvm-amd64-xsm 6 xen-boot fail REGR. vs. 109858
build-armhf-pvops 5 kernel-build fail REGR. vs. 109858
Regressions which are regarded as allowable (not blocking):
test-arm64-arm64-xl-rtds 6 xen-boot fail REGR. vs. 109858
Tests which did not succeed, but are not blocking:
test-armhf-armhf-xl-multivcpu 1 build-check(1) blocked n/a
test-armhf-armhf-libvirt 1 build-check(1) blocked n/a
test-armhf-armhf-libvirt-raw 1 build-check(1) blocked n/a
test-armhf-armhf-examine 1 build-check(1) blocked n/a
test-armhf-armhf-xl 1 build-check(1) blocked n/a
test-armhf-armhf-xl-vhd 1 build-check(1) blocked n/a
test-armhf-armhf-xl-credit2 1 build-check(1) blocked n/a
test-armhf-armhf-xl-cubietruck 1 build-check(1) blocked n/a
test-armhf-armhf-xl-rtds 1 build-check(1) blocked n/a
test-armhf-armhf-xl-arndale 1 build-check(1) blocked n/a
test-armhf-armhf-libvirt-xsm 1 build-check(1) blocked n/a
test-armhf-armhf-xl-xsm 1 build-check(1) blocked n/a
test-amd64-amd64-xl-qemut-win7-amd64 16 guest-stop fail like 109839
test-amd64-amd64-xl-qemuu-win7-amd64 16 guest-stop fail like 109858
test-amd64-amd64-libvirt 12 migrate-support-check fail never pass
test-amd64-amd64-libvirt-xsm 12 migrate-support-check fail never pass
test-amd64-amd64-xl-qemut-ws16-amd64 9 windows-install fail never pass
test-amd64-amd64-xl-qemuu-ws16-amd64 9 windows-install fail never pass
test-amd64-amd64-libvirt-qemuu-debianhvm-amd64-xsm 10 migrate-support-check fail never pass
test-amd64-amd64-libvirt-vhd 11 migrate-support-check fail never pass
test-amd64-amd64-qemuu-nested-amd 16 debian-hvm-install/l1/l2 fail never pass
test-amd64-amd64-xl-qemuu-win10-i386 9 windows-install fail never pass
test-amd64-amd64-xl-qemut-win10-i386 9 windows-install fail never pass
version targeted for testing:
linux f2882f46b623423c573c4d029b016974b04da954
baseline version:
linux 3f173bde7e4320211e77a83f936fb754e7591006
Last test of basis (not found)
Failing since (not found)
Testing same since 109892 2017-05-31 09:20:46 Z 1 days 1 attempts
jobs:
build-amd64-xsm pass
build-arm64-xsm pass
build-armhf-xsm pass
build-i386-xsm pass
build-amd64 pass
build-arm64 pass
build-armhf pass
build-i386 pass
build-amd64-libvirt pass
build-arm64-libvirt pass
build-armhf-libvirt pass
build-i386-libvirt pass
build-amd64-pvops pass
build-arm64-pvops pass
build-armhf-pvops fail
build-i386-pvops pass
build-amd64-rumprun pass
build-i386-rumprun pass
test-amd64-amd64-xl pass
test-arm64-arm64-xl fail
test-armhf-armhf-xl blocked
test-amd64-i386-xl fail
test-amd64-amd64-xl-qemut-debianhvm-amd64-xsm pass
test-amd64-i386-xl-qemut-debianhvm-amd64-xsm fail
test-amd64-amd64-libvirt-qemuu-debianhvm-amd64-xsm pass
test-amd64-i386-libvirt-qemuu-debianhvm-amd64-xsm fail
test-amd64-amd64-xl-qemuu-debianhvm-amd64-xsm pass
test-amd64-i386-xl-qemuu-debianhvm-amd64-xsm fail
test-amd64-amd64-xl-qemut-stubdom-debianhvm-amd64-xsm pass
test-amd64-i386-xl-qemut-stubdom-debianhvm-amd64-xsm fail
test-amd64-amd64-libvirt-xsm pass
test-arm64-arm64-libvirt-xsm fail
test-armhf-armhf-libvirt-xsm blocked
test-amd64-i386-libvirt-xsm fail
test-amd64-amd64-xl-xsm pass
test-arm64-arm64-xl-xsm fail
test-armhf-armhf-xl-xsm blocked
test-amd64-i386-xl-xsm fail
test-amd64-amd64-qemuu-nested-amd fail
test-amd64-amd64-xl-pvh-amd pass
test-amd64-i386-qemut-rhel6hvm-amd fail
test-amd64-i386-qemuu-rhel6hvm-amd fail
test-amd64-amd64-xl-qemut-debianhvm-amd64 pass
test-amd64-i386-xl-qemut-debianhvm-amd64 fail
test-amd64-amd64-xl-qemuu-debianhvm-amd64 pass
test-amd64-i386-xl-qemuu-debianhvm-amd64 fail
test-amd64-i386-freebsd10-amd64 fail
test-amd64-amd64-xl-qemuu-ovmf-amd64 pass
test-amd64-i386-xl-qemuu-ovmf-amd64 fail
test-amd64-amd64-rumprun-amd64 pass
test-amd64-amd64-xl-qemut-win7-amd64 fail
test-amd64-i386-xl-qemut-win7-amd64 fail
test-amd64-amd64-xl-qemuu-win7-amd64 fail
test-amd64-i386-xl-qemuu-win7-amd64 fail
test-amd64-amd64-xl-qemut-ws16-amd64 fail
test-amd64-i386-xl-qemut-ws16-amd64 fail
test-amd64-amd64-xl-qemuu-ws16-amd64 fail
test-amd64-i386-xl-qemuu-ws16-amd64 fail
test-armhf-armhf-xl-arndale blocked
test-amd64-amd64-xl-credit2 pass
test-arm64-arm64-xl-credit2 fail
test-armhf-armhf-xl-credit2 blocked
test-armhf-armhf-xl-cubietruck blocked
test-amd64-amd64-examine pass
test-arm64-arm64-examine fail
test-armhf-armhf-examine blocked
test-amd64-i386-examine fail
test-amd64-i386-freebsd10-i386 fail
test-amd64-i386-rumprun-i386 fail
test-amd64-amd64-xl-qemut-win10-i386 fail
test-amd64-i386-xl-qemut-win10-i386 fail
test-amd64-amd64-xl-qemuu-win10-i386 fail
test-amd64-i386-xl-qemuu-win10-i386 fail
test-amd64-amd64-qemuu-nested-intel pass
test-amd64-amd64-xl-pvh-intel pass
test-amd64-i386-qemut-rhel6hvm-intel fail
test-amd64-i386-qemuu-rhel6hvm-intel fail
test-amd64-amd64-libvirt pass
test-arm64-arm64-libvirt fail
test-armhf-armhf-libvirt blocked
test-amd64-i386-libvirt fail
test-amd64-amd64-xl-multivcpu pass
test-arm64-arm64-xl-multivcpu fail
test-armhf-armhf-xl-multivcpu blocked
test-amd64-amd64-pair pass
test-amd64-i386-pair fail
test-amd64-amd64-libvirt-pair pass
test-amd64-i386-libvirt-pair fail
test-amd64-amd64-amd64-pvgrub pass
test-amd64-amd64-i386-pvgrub pass
test-amd64-amd64-pygrub pass
test-arm64-arm64-libvirt-qcow2 fail
test-amd64-amd64-xl-qcow2 pass
test-armhf-armhf-libvirt-raw blocked
test-amd64-i386-xl-raw fail
test-amd64-amd64-xl-rtds pass
test-arm64-arm64-xl-rtds fail
test-armhf-armhf-xl-rtds blocked
test-amd64-amd64-libvirt-vhd pass
test-armhf-armhf-xl-vhd blocked
------------------------------------------------------------
sg-report-flight on osstest.test-lab.xenproject.org
logs: /home/logs/logs
images: /home/logs/images
Logs, config files, etc. are available at
http://logs.test-lab.xenproject.org/osstest/logs
Explanation of these reports, and of osstest in general, is at
http://xenbits.xen.org/gitweb/?p=osstest.git;a=blob;f=README.email;hb=master
http://xenbits.xen.org/gitweb/?p=osstest.git;a=blob;f=README;hb=master
Test harness code can be found at
http://xenbits.xen.org/gitweb?p=osstest.git;a=summary
Push not applicable.
_______________________________________________
Xen-devel mailing list
Xen-devel@lists.xen.org
https://lists.xen.org/xen-devel
^ permalink raw reply [flat|nested] only message in thread
only message in thread, other threads:[~2017-06-01 10:51 UTC | newest]
Thread overview: (only message) (download: mbox.gz follow: Atom feed
-- links below jump to the message on this page --
2017-06-01 10:51 [linux-next test] 109892: regressions - FAIL osstest service owner
This is a public inbox, see mirroring instructions
for how to clone and mirror all data and code used for this inbox;
as well as URLs for NNTP newsgroup(s).