From mboxrd@z Thu Jan 1 00:00:00 1970 From: osstest service owner Subject: [linux-4.1 test] 109910: regressions - trouble: blocked/broken/fail/pass Date: Fri, 02 Jun 2017 13:12:30 +0000 Message-ID: Mime-Version: 1.0 Content-Type: multipart/mixed; boundary="===============1228132274968618478==" Return-path: List-Unsubscribe: , List-Post: List-Help: List-Subscribe: , Errors-To: xen-devel-bounces@lists.xen.org Sender: "Xen-devel" To: xen-devel@lists.xensource.com, osstest-admin@xenproject.org List-Id: xen-devel@lists.xenproject.org --===============1228132274968618478== Content-Type: text/plain flight 109910 linux-4.1 real [real] http://logs.test-lab.xenproject.org/osstest/logs/109910/ Regressions :-( Tests which did not succeed and are blocking, including tests which could not be run: test-amd64-amd64-xl-qemut-win7-amd64 15 guest-localmigrate/x10 fail REGR. vs. 106776 build-armhf-xsm 4 host-build-prep fail REGR. vs. 106776 Tests which are failing intermittently (not blocking): test-armhf-armhf-xl-vhd 3 host-install(3) broken pass in 109869 test-amd64-i386-libvirt-xsm 17 guest-start/debian.repeat fail in 109834 pass in 109910 test-amd64-amd64-xl-qemuu-win7-amd64 15 guest-localmigrate/x10 fail in 109869 pass in 109910 test-amd64-amd64-xl-rtds 9 debian-install fail pass in 109834 test-amd64-i386-xl-qemuu-win7-amd64 15 guest-localmigrate/x10 fail pass in 109869 test-amd64-i386-xl-qemut-win7-amd64 15 guest-localmigrate/x10 fail pass in 109869 Tests which did not succeed, but are not blocking: test-armhf-armhf-libvirt-xsm 1 build-check(1) blocked n/a test-armhf-armhf-xl-xsm 1 build-check(1) blocked n/a test-armhf-armhf-xl-rtds 15 guest-start/debian.repeat fail in 109834 like 106756 test-armhf-armhf-libvirt-xsm 13 saverestore-support-check fail in 109869 like 106776 test-amd64-i386-xl-qemuu-win7-amd64 16 guest-stop fail in 109869 like 106776 test-amd64-i386-xl-qemut-win7-amd64 16 guest-stop fail in 109869 like 106776 test-armhf-armhf-libvirt-xsm 12 migrate-support-check fail in 109869 never pass test-armhf-armhf-xl-xsm 12 migrate-support-check fail in 109869 never pass test-armhf-armhf-xl-xsm 13 saverestore-support-check fail in 109869 never pass test-armhf-armhf-xl-vhd 11 migrate-support-check fail in 109869 never pass test-armhf-armhf-xl-vhd 12 saverestore-support-check fail in 109869 never pass test-armhf-armhf-libvirt 13 saverestore-support-check fail like 106776 test-amd64-amd64-xl-qemuu-win7-amd64 16 guest-stop fail like 106776 test-amd64-amd64-libvirt 12 migrate-support-check fail never pass test-amd64-amd64-xl-qemuu-ws16-amd64 9 windows-install fail never pass test-amd64-i386-libvirt-xsm 12 migrate-support-check fail never pass test-amd64-i386-libvirt 12 migrate-support-check fail never pass test-arm64-arm64-xl 6 xen-boot fail never pass test-arm64-arm64-libvirt-qcow2 6 xen-boot fail never pass test-arm64-arm64-libvirt-xsm 6 xen-boot fail never pass test-arm64-arm64-xl-multivcpu 6 xen-boot fail never pass test-amd64-amd64-libvirt-xsm 12 migrate-support-check fail never pass test-arm64-arm64-xl-credit2 6 xen-boot fail never pass test-arm64-arm64-examine 6 reboot fail never pass test-amd64-amd64-xl-qemut-ws16-amd64 9 windows-install fail never pass test-arm64-arm64-libvirt 6 xen-boot fail never pass test-arm64-arm64-xl-rtds 6 xen-boot fail never pass test-amd64-amd64-libvirt-qemuu-debianhvm-amd64-xsm 10 migrate-support-check fail never pass test-arm64-arm64-xl-xsm 6 xen-boot fail never pass test-amd64-i386-libvirt-qemuu-debianhvm-amd64-xsm 10 migrate-support-check fail never pass test-armhf-armhf-libvirt 12 migrate-support-check fail never pass test-amd64-amd64-libvirt-vhd 11 migrate-support-check fail never pass test-amd64-amd64-qemuu-nested-amd 16 debian-hvm-install/l1/l2 fail never pass test-armhf-armhf-xl-credit2 12 migrate-support-check fail never pass test-armhf-armhf-xl-credit2 13 saverestore-support-check fail never pass test-armhf-armhf-xl 12 migrate-support-check fail never pass test-armhf-armhf-xl 13 saverestore-support-check fail never pass test-armhf-armhf-xl-cubietruck 12 migrate-support-check fail never pass test-armhf-armhf-xl-cubietruck 13 saverestore-support-check fail never pass test-armhf-armhf-xl-multivcpu 12 migrate-support-check fail never pass test-armhf-armhf-xl-multivcpu 13 saverestore-support-check fail never pass test-armhf-armhf-xl-rtds 12 migrate-support-check fail never pass test-armhf-armhf-xl-rtds 13 saverestore-support-check fail never pass test-armhf-armhf-xl-arndale 12 migrate-support-check fail never pass test-armhf-armhf-xl-arndale 13 saverestore-support-check fail never pass test-armhf-armhf-libvirt-raw 11 migrate-support-check fail never pass test-armhf-armhf-libvirt-raw 12 saverestore-support-check fail never pass test-amd64-amd64-xl-qemuu-win10-i386 9 windows-install fail never pass test-amd64-i386-xl-qemuu-ws16-amd64 9 windows-install fail never pass test-amd64-amd64-xl-qemut-win10-i386 9 windows-install fail never pass test-amd64-i386-xl-qemuu-win10-i386 9 windows-install fail never pass test-amd64-i386-xl-qemut-ws16-amd64 9 windows-install fail never pass test-amd64-i386-xl-qemut-win10-i386 9 windows-install fail never pass version targeted for testing: linux 56d847e3ef9433d7ac92376e4ba49d3cf3cb70d2 baseline version: linux d9e0350d2575a20ee7783427da9bd6b6107eb983 Last test of basis 106776 2017-03-19 14:16:43 Z 74 days Testing same since 109834 2017-05-29 10:21:14 Z 4 days 4 attempts ------------------------------------------------------------ People who touched revisions under test: "Eric W. Biederman" Adrian Hunter Adrian Salido Ajay Kaher Al Viro Alan Stern Alex Deucher Alexandre Bailon Alexandre Belloni Alexey Brodkin Alexey Brodkin Alyssa Milburn Andrei Vagin Andrew Morton Andrey Ryabinin Andy Lutomirski Andy Lutomirski Ankur Arora Anna Schumaker Anton Blanchard Arnd Bergmann Ashish Kalra Aurelien Aptel Bart Van Assche Bartlomiej Zolnierkiewicz Ben Segall Benjamin Herrenschmidt Bin Liu Bjoern Jacke Bjorn Andersson Bjorn Helgaas Björn Jacke Bjørn Mork Boris Ostrovsky bsegall@google.com Cameron Gutman Catalin Marinas Chen-Yu Tsai Chris Blake Chris Leech Christian Borntraeger Christian König Christian Lamparter Christoffer Dall Chu Yuan Lin Corey Minyard Dan Carpenter Daniel Glöckner Daniel Golle Daniel Vetter Dave Airlie David Daney David Howells David S. Miller David Woodhouse Davidlohr Bueso Davidlohr Bueso Dennis Yang Dmitry Torokhov Dmitry Tunin Doug Ledford Douglas Gilbert Ed Bordin Erez Shitrit Erez Zadok Eric Biggers Eric Dumazet Eric W. Biederman Evgeniy Polyakov Felipe Balbi Felix Fietkau Feras Daoud Frederic Barrat Gary Guo Gavin Shan Gerald Schaefer Germano Percossi Greg Hackmann Greg Kroah-Hartman Guenter Roeck Gustavo A. R. Silva Hans de Goede Hans Verkuil Hans Verkuil Heiko Carstens Herbert Xu Hillf Danton Horia Geantă Hui Wang Ian Abbott Ilya Dryomov Ingo Molnar J. Bruce Fields Jack Morgenstein James Cowgill James Hogan James Morris Jan Kara Jan-Marek Glogowski Janosch Frank Jarkko Sakkinen Jaroslav Kysela Jason A. Donenfeld Jason Gunthorpe Javier Martinez Canillas Jerry Snitselaar Joe Thornber Joel Stanley Joerg Roedel Joeseph Chang Johan Hovold Johannes Berg John Crispin John Garry Jonathan Liu Josh Poimboeuf Juergen Gross Julian Wiedmann K. Y. Srinivasan Kai-Heng Feng Kalle Valo Kalle Valo Kees Cook Kefeng Wang Ken Lin Konrad Rzeszutek Wilk Kristina Martsenko Krzysztof Kozlowski Ladi Prosek Larry Finger Leon Romanovsky Leonard Crestez Li Qiang Li Qiang Linus Torvalds Linus Walleij Long Li Ludovic Desroches Luis Henriques Lukas Wunner Maciej S. Szmigiero Magnus Lilja Marc Kleine-Budde Marc Zyngier Marcel Holtmann Marcelo Henrique Cerri Marek Szyprowski Marek Vasut Mark Brown Mark Rutland Marko Kiiskila Martin K. Petersen Martin Schwidefsky Mathias Nyman Mathias Svensson Matt Chen Mauricio Faria de Oliveira Mauro Carvalho Chehab Max Filippov Max Lohrmann Maxime Ripard Mel Gorman Michael Ellerman Michael S. Tsirkin Michal Hocko Michel Dänzer Mike Snitzer Mikulas Patocka Mimi Zohar Minchan Kim Mirko Parthey Moreno Bartalucci Murray McAllister Naoya Horiguchi Nayna Jain NeilBrown Nicholas Bellinger Nicolas Ferre Nicolas Ferre Nicolas Iooss Nidhi Panpalia OGAWA Hirofumi Oleg Nesterov Oliver Neukum Paul Burton Paul Mackerras Pavel Shilovsky Peter Chang Peter Chen Peter Zijlstra (Intel) Peter Zijlstra Rafael J. Wysocki Rafał Miłecki Raghava Aditya Renukunta Ralf Baechle Randy Dunlap Ravi Bangoria Richard Cochran Richard Weinberger Rik van Riel Rob Herring Roger Quadros Sabrina Dubroca Sachin Prabhu Sam Bobroff Samuel Thibault Sasha Levin Sean Hefty Sean Young Sebastian Andrzej Siewior Sebastian Siewior Shamir Rabinovitch Shaohua Li Shuxiao Zhang Somasundaram Krishnasamy Stephen Hemminger Steve French Steve French Steve Wise Steven Rostedt (VMware) Suzuki K Poulose Sylwester Nawrocki Szymon Janc Tahsin Erdogan Takashi Iwai Tejun Heo Theodore Ts'o Thomas Gleixner Thomas Hellstrom Tobias Herzog Tony Lindgren Trond Myklebust Tyrel Datwyler Ulf Hansson Vijay Kumar Ville Syrjälä Vinayak Menon Vinod Koul Vinothkumar Raja Viresh Kumar Vitaly Kuznetsov Wang YanQing Wei Yongjun Weston Andros Adamson Will Deacon Xiaolong Ye Y.C. Chen 家瑋 jobs: build-amd64-xsm pass build-arm64-xsm pass build-armhf-xsm broken build-i386-xsm pass build-amd64 pass build-arm64 pass build-armhf pass build-i386 pass build-amd64-libvirt pass build-arm64-libvirt pass build-armhf-libvirt pass build-i386-libvirt pass build-amd64-pvops pass build-arm64-pvops pass build-armhf-pvops pass build-i386-pvops pass build-amd64-rumprun pass build-i386-rumprun pass test-amd64-amd64-xl pass test-arm64-arm64-xl fail test-armhf-armhf-xl pass test-amd64-i386-xl pass test-amd64-amd64-xl-qemut-debianhvm-amd64-xsm pass test-amd64-i386-xl-qemut-debianhvm-amd64-xsm pass test-amd64-amd64-libvirt-qemuu-debianhvm-amd64-xsm pass test-amd64-i386-libvirt-qemuu-debianhvm-amd64-xsm pass test-amd64-amd64-xl-qemuu-debianhvm-amd64-xsm pass test-amd64-i386-xl-qemuu-debianhvm-amd64-xsm pass test-amd64-amd64-xl-qemut-stubdom-debianhvm-amd64-xsm pass test-amd64-i386-xl-qemut-stubdom-debianhvm-amd64-xsm pass test-amd64-amd64-libvirt-xsm pass test-arm64-arm64-libvirt-xsm fail test-armhf-armhf-libvirt-xsm blocked test-amd64-i386-libvirt-xsm pass test-amd64-amd64-xl-xsm pass test-arm64-arm64-xl-xsm fail test-armhf-armhf-xl-xsm blocked test-amd64-i386-xl-xsm pass test-amd64-amd64-qemuu-nested-amd fail test-amd64-amd64-xl-pvh-amd pass test-amd64-i386-qemut-rhel6hvm-amd pass test-amd64-i386-qemuu-rhel6hvm-amd pass test-amd64-amd64-xl-qemut-debianhvm-amd64 pass test-amd64-i386-xl-qemut-debianhvm-amd64 pass test-amd64-amd64-xl-qemuu-debianhvm-amd64 pass test-amd64-i386-xl-qemuu-debianhvm-amd64 pass test-amd64-i386-freebsd10-amd64 pass test-amd64-amd64-xl-qemuu-ovmf-amd64 pass test-amd64-i386-xl-qemuu-ovmf-amd64 pass test-amd64-amd64-rumprun-amd64 pass test-amd64-amd64-xl-qemut-win7-amd64 fail test-amd64-i386-xl-qemut-win7-amd64 fail test-amd64-amd64-xl-qemuu-win7-amd64 fail test-amd64-i386-xl-qemuu-win7-amd64 fail test-amd64-amd64-xl-qemut-ws16-amd64 fail test-amd64-i386-xl-qemut-ws16-amd64 fail test-amd64-amd64-xl-qemuu-ws16-amd64 fail test-amd64-i386-xl-qemuu-ws16-amd64 fail test-armhf-armhf-xl-arndale pass test-amd64-amd64-xl-credit2 pass test-arm64-arm64-xl-credit2 fail test-armhf-armhf-xl-credit2 pass test-armhf-armhf-xl-cubietruck pass test-amd64-amd64-examine pass test-arm64-arm64-examine fail test-armhf-armhf-examine pass test-amd64-i386-examine pass test-amd64-i386-freebsd10-i386 pass test-amd64-i386-rumprun-i386 pass test-amd64-amd64-xl-qemut-win10-i386 fail test-amd64-i386-xl-qemut-win10-i386 fail test-amd64-amd64-xl-qemuu-win10-i386 fail test-amd64-i386-xl-qemuu-win10-i386 fail test-amd64-amd64-qemuu-nested-intel pass test-amd64-amd64-xl-pvh-intel pass test-amd64-i386-qemut-rhel6hvm-intel pass test-amd64-i386-qemuu-rhel6hvm-intel pass test-amd64-amd64-libvirt pass test-arm64-arm64-libvirt fail test-armhf-armhf-libvirt pass test-amd64-i386-libvirt pass test-amd64-amd64-xl-multivcpu pass test-arm64-arm64-xl-multivcpu fail test-armhf-armhf-xl-multivcpu pass test-amd64-amd64-pair pass test-amd64-i386-pair pass test-amd64-amd64-libvirt-pair pass test-amd64-i386-libvirt-pair pass test-amd64-amd64-amd64-pvgrub pass test-amd64-amd64-i386-pvgrub pass test-amd64-amd64-pygrub pass test-arm64-arm64-libvirt-qcow2 fail test-amd64-amd64-xl-qcow2 pass test-armhf-armhf-libvirt-raw pass test-amd64-i386-xl-raw pass test-amd64-amd64-xl-rtds fail test-arm64-arm64-xl-rtds fail test-armhf-armhf-xl-rtds pass test-amd64-amd64-libvirt-vhd pass test-armhf-armhf-xl-vhd broken ------------------------------------------------------------ sg-report-flight on osstest.test-lab.xenproject.org logs: /home/logs/logs images: /home/logs/images Logs, config files, etc. are available at http://logs.test-lab.xenproject.org/osstest/logs Explanation of these reports, and of osstest in general, is at http://xenbits.xen.org/gitweb/?p=osstest.git;a=blob;f=README.email;hb=master http://xenbits.xen.org/gitweb/?p=osstest.git;a=blob;f=README;hb=master Test harness code can be found at http://xenbits.xen.org/gitweb?p=osstest.git;a=summary broken-step test-armhf-armhf-xl-vhd host-install(3) Not pushing. (No revision log; it would be 7548 lines long.) --===============1228132274968618478== Content-Type: text/plain; charset="utf-8" MIME-Version: 1.0 Content-Transfer-Encoding: base64 Content-Disposition: inline X19fX19fX19fX19fX19fX19fX19fX19fX19fX19fX19fX19fX19fX19fX19fX18KWGVuLWRldmVs IG1haWxpbmcgbGlzdApYZW4tZGV2ZWxAbGlzdHMueGVuLm9yZwpodHRwczovL2xpc3RzLnhlbi5v cmcveGVuLWRldmVsCg== --===============1228132274968618478==--