* [qemu-mainline test] 110013: regressions - trouble: broken/fail/pass
@ 2017-06-05 23:30 osstest service owner
0 siblings, 0 replies; only message in thread
From: osstest service owner @ 2017-06-05 23:30 UTC (permalink / raw)
To: xen-devel, osstest-admin
[-- Attachment #1: Type: text/plain, Size: 19320 bytes --]
flight 110013 qemu-mainline real [real]
http://logs.test-lab.xenproject.org/osstest/logs/110013/
Regressions :-(
Tests which did not succeed and are blocking,
including tests which could not be run:
test-armhf-armhf-xl-xsm 3 host-install(3) broken REGR. vs. 109975
test-amd64-amd64-xl-qcow2 10 guest-start fail REGR. vs. 109975
test-amd64-amd64-libvirt-vhd 10 guest-start fail REGR. vs. 109975
test-armhf-armhf-xl-credit2 15 guest-start/debian.repeat fail REGR. vs. 109975
test-amd64-i386-xl-qemuu-ovmf-amd64 9 debian-hvm-install fail REGR. vs. 109975
test-armhf-armhf-xl-vhd 10 guest-start fail REGR. vs. 109975
Tests which did not succeed, but are not blocking:
test-amd64-i386-xl-qemuu-win7-amd64 16 guest-stop fail blocked in 109975
test-armhf-armhf-libvirt 13 saverestore-support-check fail like 109975
test-armhf-armhf-xl-rtds 15 guest-start/debian.repeat fail like 109975
test-armhf-armhf-libvirt-raw 12 saverestore-support-check fail like 109975
test-amd64-amd64-xl-qemuu-win7-amd64 16 guest-stop fail like 109975
test-armhf-armhf-libvirt-xsm 13 saverestore-support-check fail like 109975
test-amd64-amd64-libvirt 12 migrate-support-check fail never pass
test-amd64-amd64-libvirt-xsm 12 migrate-support-check fail never pass
test-amd64-i386-libvirt 12 migrate-support-check fail never pass
test-amd64-i386-libvirt-xsm 12 migrate-support-check fail never pass
test-amd64-amd64-xl-qemuu-ws16-amd64 9 windows-install fail never pass
test-arm64-arm64-xl-xsm 12 migrate-support-check fail never pass
test-arm64-arm64-xl-xsm 13 saverestore-support-check fail never pass
test-amd64-amd64-libvirt-qemuu-debianhvm-amd64-xsm 10 migrate-support-check fail never pass
test-arm64-arm64-xl-credit2 12 migrate-support-check fail never pass
test-arm64-arm64-xl-credit2 13 saverestore-support-check fail never pass
test-arm64-arm64-libvirt-xsm 12 migrate-support-check fail never pass
test-arm64-arm64-libvirt-xsm 13 saverestore-support-check fail never pass
test-amd64-i386-libvirt-qemuu-debianhvm-amd64-xsm 10 migrate-support-check fail never pass
test-amd64-amd64-qemuu-nested-amd 16 debian-hvm-install/l1/l2 fail never pass
test-armhf-armhf-xl-rtds 12 migrate-support-check fail never pass
test-armhf-armhf-xl-rtds 13 saverestore-support-check fail never pass
test-armhf-armhf-xl-cubietruck 12 migrate-support-check fail never pass
test-armhf-armhf-xl-cubietruck 13 saverestore-support-check fail never pass
test-armhf-armhf-xl 12 migrate-support-check fail never pass
test-armhf-armhf-xl 13 saverestore-support-check fail never pass
test-armhf-armhf-xl-multivcpu 12 migrate-support-check fail never pass
test-armhf-armhf-xl-multivcpu 13 saverestore-support-check fail never pass
test-armhf-armhf-libvirt 12 migrate-support-check fail never pass
test-armhf-armhf-libvirt-raw 11 migrate-support-check fail never pass
test-armhf-armhf-libvirt-xsm 12 migrate-support-check fail never pass
test-armhf-armhf-xl-credit2 12 migrate-support-check fail never pass
test-armhf-armhf-xl-credit2 13 saverestore-support-check fail never pass
test-arm64-arm64-xl 12 migrate-support-check fail never pass
test-arm64-arm64-xl 13 saverestore-support-check fail never pass
test-armhf-armhf-xl-arndale 12 migrate-support-check fail never pass
test-armhf-armhf-xl-arndale 13 saverestore-support-check fail never pass
test-amd64-i386-xl-qemuu-win10-i386 9 windows-install fail never pass
test-amd64-amd64-xl-qemuu-win10-i386 9 windows-install fail never pass
test-amd64-i386-xl-qemuu-ws16-amd64 9 windows-install fail never pass
version targeted for testing:
qemuu cb8b8ef4578dc17c350fd4b27700a9f178e2dad0
baseline version:
qemuu c6e84fbd447a51e1161d74d71566a5f67b47eac5
Last test of basis 109975 2017-06-04 00:16:43 Z 1 days
Testing same since 110013 2017-06-05 10:45:10 Z 0 days 1 attempts
------------------------------------------------------------
People who touched revisions under test:
Marc-André Lureau <marcandre.lureau@redhat.com>
Peter Maydell <peter.maydell@linaro.org>
Philippe Mathieu-Daudé <f4bug@amsat.org>
jobs:
build-amd64-xsm pass
build-arm64-xsm pass
build-armhf-xsm pass
build-i386-xsm pass
build-amd64 pass
build-arm64 pass
build-armhf pass
build-i386 pass
build-amd64-libvirt pass
build-arm64-libvirt pass
build-armhf-libvirt pass
build-i386-libvirt pass
build-amd64-pvops pass
build-arm64-pvops pass
build-armhf-pvops pass
build-i386-pvops pass
test-amd64-amd64-xl pass
test-arm64-arm64-xl pass
test-armhf-armhf-xl pass
test-amd64-i386-xl pass
test-amd64-amd64-libvirt-qemuu-debianhvm-amd64-xsm pass
test-amd64-i386-libvirt-qemuu-debianhvm-amd64-xsm pass
test-amd64-amd64-xl-qemuu-debianhvm-amd64-xsm pass
test-amd64-i386-xl-qemuu-debianhvm-amd64-xsm pass
test-amd64-amd64-libvirt-xsm pass
test-arm64-arm64-libvirt-xsm pass
test-armhf-armhf-libvirt-xsm pass
test-amd64-i386-libvirt-xsm pass
test-amd64-amd64-xl-xsm pass
test-arm64-arm64-xl-xsm pass
test-armhf-armhf-xl-xsm broken
test-amd64-i386-xl-xsm pass
test-amd64-amd64-qemuu-nested-amd fail
test-amd64-amd64-xl-pvh-amd pass
test-amd64-i386-qemuu-rhel6hvm-amd pass
test-amd64-amd64-xl-qemuu-debianhvm-amd64 pass
test-amd64-i386-xl-qemuu-debianhvm-amd64 pass
test-amd64-i386-freebsd10-amd64 pass
test-amd64-amd64-xl-qemuu-ovmf-amd64 pass
test-amd64-i386-xl-qemuu-ovmf-amd64 fail
test-amd64-amd64-xl-qemuu-win7-amd64 fail
test-amd64-i386-xl-qemuu-win7-amd64 fail
test-amd64-amd64-xl-qemuu-ws16-amd64 fail
test-amd64-i386-xl-qemuu-ws16-amd64 fail
test-armhf-armhf-xl-arndale pass
test-amd64-amd64-xl-credit2 pass
test-arm64-arm64-xl-credit2 pass
test-armhf-armhf-xl-credit2 fail
test-armhf-armhf-xl-cubietruck pass
test-amd64-i386-freebsd10-i386 pass
test-amd64-amd64-xl-qemuu-win10-i386 fail
test-amd64-i386-xl-qemuu-win10-i386 fail
test-amd64-amd64-qemuu-nested-intel pass
test-amd64-amd64-xl-pvh-intel pass
test-amd64-i386-qemuu-rhel6hvm-intel pass
test-amd64-amd64-libvirt pass
test-armhf-armhf-libvirt pass
test-amd64-i386-libvirt pass
test-amd64-amd64-xl-multivcpu pass
test-armhf-armhf-xl-multivcpu pass
test-amd64-amd64-pair pass
test-amd64-i386-pair pass
test-amd64-amd64-libvirt-pair pass
test-amd64-i386-libvirt-pair pass
test-amd64-amd64-amd64-pvgrub pass
test-amd64-amd64-i386-pvgrub pass
test-amd64-amd64-pygrub pass
test-amd64-amd64-xl-qcow2 fail
test-armhf-armhf-libvirt-raw pass
test-amd64-i386-xl-raw pass
test-amd64-amd64-xl-rtds pass
test-armhf-armhf-xl-rtds fail
test-amd64-amd64-libvirt-vhd fail
test-armhf-armhf-xl-vhd fail
------------------------------------------------------------
sg-report-flight on osstest.test-lab.xenproject.org
logs: /home/logs/logs
images: /home/logs/images
Logs, config files, etc. are available at
http://logs.test-lab.xenproject.org/osstest/logs
Explanation of these reports, and of osstest in general, is at
http://xenbits.xen.org/gitweb/?p=osstest.git;a=blob;f=README.email;hb=master
http://xenbits.xen.org/gitweb/?p=osstest.git;a=blob;f=README;hb=master
Test harness code can be found at
http://xenbits.xen.org/gitweb?p=osstest.git;a=summary
broken-step test-armhf-armhf-xl-xsm host-install(3)
Not pushing.
------------------------------------------------------------
commit cb8b8ef4578dc17c350fd4b27700a9f178e2dad0
Merge: c6e84fb 6b10e57
Author: Peter Maydell <peter.maydell@linaro.org>
Date: Mon Jun 5 10:09:14 2017 +0100
Merge remote-tracking branch 'remotes/elmarco/tags/chrfe-pull-request' into staging
# gpg: Signature made Fri 02 Jun 2017 20:12:48 BST
# gpg: using RSA key 0xDAE8E10975969CE5
# gpg: Good signature from "Marc-André Lureau <marcandre.lureau@redhat.com>"
# gpg: aka "Marc-André Lureau <marcandre.lureau@gmail.com>"
# gpg: WARNING: This key is not certified with sufficiently trusted signatures!
# gpg: It is not certain that the signature belongs to the owner.
# Primary key fingerprint: 87A9 BD93 3F87 C606 D276 F62D DAE8 E109 7596 9CE5
* remotes/elmarco/tags/chrfe-pull-request:
char: move char devices to chardev/
char: make chr_fe_deinit() optionaly delete backend
char: rename functions that are not part of fe
char: move CharBackend handling in char-fe unit
char: generalize qemu_chr_write_all()
be-hci: use backend functions
chardev: serial & parallel declaration to own headers
chardev: move headers to include/chardev
Remove/replace sysemu/char.h inclusion
char-win: close file handle except with console
char-win: rename hcom->file
char-win: rename win_chr_init/poll win_chr_serial_init/poll
char-win: remove WinChardev.len
char-win: simplify win_chr_read()
char: cast ARRAY_SIZE() as signed to silent warning on empty array
Signed-off-by: Peter Maydell <peter.maydell@linaro.org>
commit 6b10e573d15ef82dbc5c5b3726028e6642e134f6
Author: Marc-André Lureau <marcandre.lureau@redhat.com>
Date: Mon May 29 12:39:42 2017 +0400
char: move char devices to chardev/
Suggested by Paolo Bonzini during series review.
Signed-off-by: Marc-André Lureau <marcandre.lureau@redhat.com>
Reviewed-by: Philippe Mathieu-Daudé <f4bug@amsat.org>
commit 1ce2610c106d925387669b3133fc18ea986f0476
Author: Marc-André Lureau <marcandre.lureau@redhat.com>
Date: Fri Jan 27 00:49:13 2017 +0400
char: make chr_fe_deinit() optionaly delete backend
This simplifies removing a backend for a frontend user (no need to
retrieve the associated driver and separate delete call etc).
NB: many frontends have questionable handling of ending a chardev. They
should probably delete the backend to prevent broken reusage.
Signed-off-by: Marc-André Lureau <marcandre.lureau@redhat.com>
Reviewed-by: Philippe Mathieu-Daudé <f4bug@amsat.org>
commit a9b1ca38c2b1f062f22d4847e3b4c848d0fb84c3
Author: Marc-André Lureau <marcandre.lureau@redhat.com>
Date: Thu Jan 26 23:38:22 2017 +0400
char: rename functions that are not part of fe
There is no clear reason to have those functions associated with
frontend.
Signed-off-by: Marc-André Lureau <marcandre.lureau@redhat.com>
Reviewed-by: Philippe Mathieu-Daudé <f4bug@amsat.org>
commit 4d43a603c71d0eb92534bc82b72933f329d8a64c
Author: Marc-André Lureau <marcandre.lureau@redhat.com>
Date: Thu Jan 26 18:26:44 2017 +0400
char: move CharBackend handling in char-fe unit
Move all the frontend struct and methods to a seperate unit. This avoids
accidentally mixing backend and frontend calls, and helps with readabilty.
Make qemu_chr_replay() a macro shared by both char and char-fe.
Export qemu_chr_write(), and use a macro for qemu_chr_write_all()
(nb: yes, CharBackend is for char frontend :)
Signed-off-by: Marc-André Lureau <marcandre.lureau@redhat.com>
Reviewed-by: Philippe Mathieu-Daudé <f4bug@amsat.org>
commit c90e9392efa6579e714fe9aa2993e7d89e3792dc
Author: Marc-André Lureau <marcandre.lureau@redhat.com>
Date: Thu Jan 26 22:48:37 2017 +0400
char: generalize qemu_chr_write_all()
qemu_chr_fe_write() is similar to qemu_chr_write_all(): the later write
all with a chardev backend.
Make qemu_chr_write() and qemu_chr_fe_write_buffer() take an 'all'
argument. If false, handle 'partial' write the way qemu_chr_fe_write()
use to, and call qemu_chr_write() from qemu_chr_fe_write().
Signed-off-by: Marc-André Lureau <marcandre.lureau@redhat.com>
Reviewed-by: Philippe Mathieu-Daudé <f4bug@amsat.org>
commit 93a78e41242ba164ae6af1690ea68fe22165ad4b
Author: Marc-André Lureau <marcandre.lureau@redhat.com>
Date: Thu Jan 26 17:55:04 2017 +0400
be-hci: use backend functions
Avoid accessing CharBackend directly, use qemu_chr_be_* methods instead.
be->chr_read should exists if qemu_chr_be_can_write() is true.
(use qemu_chr_be_write(), _impl() bypasses replay)
Signed-off-by: Marc-André Lureau <marcandre.lureau@redhat.com>
Reviewed-by: Andrzej Zaborowski <balrogg@gmail.com>
commit 7566c6efe75572c63a8841fc09d0a8935b188c2f
Author: Marc-André Lureau <marcandre.lureau@redhat.com>
Date: Thu Jan 26 17:33:39 2017 +0400
chardev: serial & parallel declaration to own headers
Signed-off-by: Marc-André Lureau <marcandre.lureau@redhat.com>
Reviewed-by: Philippe Mathieu-Daudé <f4bug@amsat.org>
commit 8228e353d8906bf43399ca0ef28446c5c48bb686
Author: Marc-André Lureau <marcandre.lureau@redhat.com>
Date: Thu Jan 26 17:19:46 2017 +0400
chardev: move headers to include/chardev
So they are all in one place. The following patch will move serial &
parallel declarations to the respective headers.
Signed-off-by: Marc-André Lureau <marcandre.lureau@redhat.com>
Reviewed-by: Philippe Mathieu-Daudé <f4bug@amsat.org>
commit f664b88247487c4cb020d016bef0f3b1daf9f4e5
Author: Marc-André Lureau <marcandre.lureau@redhat.com>
Date: Thu Feb 2 17:47:00 2017 +0400
Remove/replace sysemu/char.h inclusion
Those are apparently unnecessary includes.
Signed-off-by: Marc-André Lureau <marcandre.lureau@redhat.com>
Reviewed-by: Philippe Mathieu-Daudé <f4bug@amsat.org>
commit 541815ff7f54f45a60d058b1c499c4affff094e0
Author: Marc-André Lureau <marcandre.lureau@redhat.com>
Date: Wed Jan 4 21:34:42 2017 +0100
char-win: close file handle except with console
Only the console handle shouldn't be closed, however, the "file" handle
should.
Signed-off-by: Marc-André Lureau <marcandre.lureau@redhat.com>
Reviewed-by: Philippe Mathieu-Daudé <f4bug@amsat.org>
commit ef0f272f38e1e534dd05a5a611aa0eb15dc60cc1
Author: Marc-André Lureau <marcandre.lureau@redhat.com>
Date: Wed Jan 4 21:37:01 2017 +0100
char-win: rename hcom->file
hcom is the name of the file handle, regardless of the actual chardev
driver (serial, file, console etc..). Rename it to be more explicit.
Signed-off-by: Marc-André Lureau <marcandre.lureau@redhat.com>
Reviewed-by: Philippe Mathieu-Daudé <f4bug@amsat.org>
commit 221e659c3f37251b4312e0ac8ccf7799c67600b0
Author: Marc-André Lureau <marcandre.lureau@redhat.com>
Date: Wed Jan 4 19:51:46 2017 +0100
char-win: rename win_chr_init/poll win_chr_serial_init/poll
Those 2 functions are specific to serial chardev, make it more clear.
Signed-off-by: Marc-André Lureau <marcandre.lureau@redhat.com>
Reviewed-by: Philippe Mathieu-Daudé <f4bug@amsat.org>
commit 6ce8e0eb587782e26a05a57134529cc598febd56
Author: Marc-André Lureau <marcandre.lureau@redhat.com>
Date: Wed Jan 4 20:03:08 2017 +0100
char-win: remove WinChardev.len
The "len" argument can be passed directly to win_chr_read()
Signed-off-by: Marc-André Lureau <marcandre.lureau@redhat.com>
Reviewed-by: Philippe Mathieu-Daudé <f4bug@amsat.org>
commit b88ee025942d1ed67232700ef8befa5e52a9f7bd
Author: Marc-André Lureau <marcandre.lureau@redhat.com>
Date: Wed Jan 4 19:37:19 2017 +0100
char-win: simplify win_chr_read()
win_chr_read_poll() is always used before win_chr_read().
We can easily fold win_chr_readfile() too.
Signed-off-by: Marc-André Lureau <marcandre.lureau@redhat.com>
Reviewed-by: Philippe Mathieu-Daudé <f4bug@amsat.org>
commit c7e47c63e0362ffded57db38684b88c270cff65f
Author: Philippe Mathieu-Daudé <f4bug@amsat.org>
Date: Tue May 30 09:09:19 2017 -0300
char: cast ARRAY_SIZE() as signed to silent warning on empty array
chardev/char.c: In function 'chardev_name_foreach':
chardev/char.c:546:19: error: comparison of unsigned expression < 0 is always false [-Werror=type-limits]
for (i = 0; i < ARRAY_SIZE(chardev_alias_table); i++) {
^
Signed-off-by: Philippe Mathieu-Daudé <f4bug@amsat.org>
Message-Id: <20170530120919.8874-1-f4bug@amsat.org>
Reviewed-by: Marc-André Lureau <marcandre.lureau@redhat.com>
[-- Attachment #2: Type: text/plain, Size: 127 bytes --]
_______________________________________________
Xen-devel mailing list
Xen-devel@lists.xen.org
https://lists.xen.org/xen-devel
^ permalink raw reply [flat|nested] only message in thread
only message in thread, other threads:[~2017-06-05 23:30 UTC | newest]
Thread overview: (only message) (download: mbox.gz follow: Atom feed
-- links below jump to the message on this page --
2017-06-05 23:30 [qemu-mainline test] 110013: regressions - trouble: broken/fail/pass osstest service owner
This is a public inbox, see mirroring instructions
for how to clone and mirror all data and code used for this inbox;
as well as URLs for NNTP newsgroup(s).