From: osstest service owner <osstest-admin@xenproject.org>
To: xen-devel@lists.xensource.com, osstest-admin@xenproject.org
Subject: [xen-unstable test] 110556: regressions - FAIL
Date: Mon, 19 Jun 2017 14:24:17 +0000 [thread overview]
Message-ID: <osstest-110556-mainreport@xen.org> (raw)
flight 110556 xen-unstable real [real]
http://logs.test-lab.xenproject.org/osstest/logs/110556/
Regressions :-(
Tests which did not succeed and are blocking,
including tests which could not be run:
build-armhf-xsm 5 xen-build fail in 110510 REGR. vs. 110465
Tests which are failing intermittently (not blocking):
test-amd64-i386-xl-qemut-win7-amd64 15 guest-localmigrate/x10 fail in 110510 pass in 110556
test-amd64-i386-xl-qemuu-win7-amd64 16 guest-stop fail in 110533 pass in 110510
test-amd64-i386-xl-qemuu-win7-amd64 15 guest-localmigrate/x10 fail pass in 110533
test-amd64-amd64-xl-qemuu-win7-amd64 15 guest-localmigrate/x10 fail pass in 110533
Regressions which are regarded as allowable (not blocking):
test-amd64-amd64-xl-qemuu-win7-amd64 16 guest-stop fail in 110533 REGR. vs. 110465
Tests which did not succeed, but are not blocking:
test-armhf-armhf-libvirt-xsm 1 build-check(1) blocked in 110510 n/a
test-armhf-armhf-xl-xsm 1 build-check(1) blocked in 110510 n/a
test-amd64-amd64-xl-qemut-win7-amd64 16 guest-stop fail in 110510 blocked in 110465
test-amd64-i386-xl-qemuu-win7-amd64 17 guest-start/win.repeat fail in 110510 like 110465
test-armhf-armhf-libvirt-xsm 13 saverestore-support-check fail like 110465
test-armhf-armhf-libvirt 13 saverestore-support-check fail like 110465
test-amd64-amd64-xl-qemut-win7-amd64 15 guest-localmigrate/x10 fail like 110465
test-amd64-i386-xl-qemut-win7-amd64 16 guest-stop fail like 110465
test-amd64-amd64-xl-rtds 9 debian-install fail like 110465
test-armhf-armhf-xl-rtds 15 guest-start/debian.repeat fail like 110465
test-armhf-armhf-libvirt-raw 12 saverestore-support-check fail like 110465
build-amd64-prev 6 xen-build/dist-test fail never pass
test-amd64-amd64-xl-qemut-ws16-amd64 9 windows-install fail never pass
test-amd64-amd64-libvirt 12 migrate-support-check fail never pass
test-amd64-i386-libvirt-xsm 12 migrate-support-check fail never pass
test-amd64-amd64-libvirt-xsm 12 migrate-support-check fail never pass
test-amd64-i386-libvirt 12 migrate-support-check fail never pass
test-amd64-amd64-xl-qemuu-ws16-amd64 9 windows-install fail never pass
test-arm64-arm64-libvirt-xsm 12 migrate-support-check fail never pass
test-arm64-arm64-libvirt-xsm 13 saverestore-support-check fail never pass
build-i386-prev 6 xen-build/dist-test fail never pass
test-arm64-arm64-xl-credit2 12 migrate-support-check fail never pass
test-arm64-arm64-xl-xsm 12 migrate-support-check fail never pass
test-arm64-arm64-xl-credit2 13 saverestore-support-check fail never pass
test-arm64-arm64-xl-xsm 13 saverestore-support-check fail never pass
test-amd64-amd64-libvirt-qemuu-debianhvm-amd64-xsm 10 migrate-support-check fail never pass
test-amd64-amd64-libvirt-vhd 11 migrate-support-check fail never pass
test-amd64-amd64-qemuu-nested-amd 16 debian-hvm-install/l1/l2 fail never pass
test-armhf-armhf-libvirt-xsm 12 migrate-support-check fail never pass
test-armhf-armhf-xl-multivcpu 12 migrate-support-check fail never pass
test-armhf-armhf-xl-multivcpu 13 saverestore-support-check fail never pass
test-armhf-armhf-xl 12 migrate-support-check fail never pass
test-armhf-armhf-xl 13 saverestore-support-check fail never pass
test-armhf-armhf-xl-xsm 12 migrate-support-check fail never pass
test-armhf-armhf-xl-xsm 13 saverestore-support-check fail never pass
test-armhf-armhf-libvirt 12 migrate-support-check fail never pass
test-armhf-armhf-xl-arndale 12 migrate-support-check fail never pass
test-armhf-armhf-xl-arndale 13 saverestore-support-check fail never pass
test-armhf-armhf-xl-cubietruck 12 migrate-support-check fail never pass
test-armhf-armhf-xl-cubietruck 13 saverestore-support-check fail never pass
test-amd64-i386-libvirt-qemuu-debianhvm-amd64-xsm 10 migrate-support-check fail never pass
test-arm64-arm64-xl 12 migrate-support-check fail never pass
test-arm64-arm64-xl 13 saverestore-support-check fail never pass
test-armhf-armhf-xl-vhd 11 migrate-support-check fail never pass
test-armhf-armhf-xl-vhd 12 saverestore-support-check fail never pass
test-armhf-armhf-xl-credit2 12 migrate-support-check fail never pass
test-armhf-armhf-xl-credit2 13 saverestore-support-check fail never pass
test-armhf-armhf-xl-rtds 12 migrate-support-check fail never pass
test-armhf-armhf-xl-rtds 13 saverestore-support-check fail never pass
test-amd64-i386-xl-qemut-win10-i386 9 windows-install fail never pass
test-amd64-i386-xl-qemuu-win10-i386 9 windows-install fail never pass
test-amd64-amd64-xl-qemut-win10-i386 9 windows-install fail never pass
test-amd64-amd64-xl-qemuu-win10-i386 9 windows-install fail never pass
test-amd64-i386-xl-qemuu-ws16-amd64 9 windows-install fail never pass
test-amd64-i386-xl-qemut-ws16-amd64 9 windows-install fail never pass
test-armhf-armhf-libvirt-raw 11 migrate-support-check fail never pass
version targeted for testing:
xen 7251b0d2b28552bf8d7287af9dc2504b4a43278b
baseline version:
xen 695bb5f504ab48c1d546446f104c1b6c0ead126d
Last test of basis 110465 2017-06-15 09:46:33 Z 4 days
Failing since 110484 2017-06-16 09:32:22 Z 3 days 5 attempts
Testing same since 110510 2017-06-17 01:28:00 Z 2 days 4 attempts
------------------------------------------------------------
People who touched revisions under test:
Dushyant Behl <myselfdushyantbehl@gmail.com>
Jan Beulich <jbeulich@suse.com>
Julien Grall <julien.grall@arm.com>
Tamas K Lengyel <tamas@tklengyel.com>
jobs:
build-amd64-xsm pass
build-arm64-xsm pass
build-armhf-xsm pass
build-i386-xsm pass
build-amd64-xtf pass
build-amd64 pass
build-arm64 pass
build-armhf pass
build-i386 pass
build-amd64-libvirt pass
build-arm64-libvirt pass
build-armhf-libvirt pass
build-i386-libvirt pass
build-amd64-prev pass
build-i386-prev pass
build-amd64-pvops pass
build-arm64-pvops pass
build-armhf-pvops pass
build-i386-pvops pass
build-amd64-rumprun pass
build-i386-rumprun pass
test-xtf-amd64-amd64-1 pass
test-xtf-amd64-amd64-2 pass
test-xtf-amd64-amd64-3 pass
test-xtf-amd64-amd64-4 pass
test-xtf-amd64-amd64-5 pass
test-amd64-amd64-xl pass
test-arm64-arm64-xl pass
test-armhf-armhf-xl pass
test-amd64-i386-xl pass
test-amd64-amd64-xl-qemut-debianhvm-amd64-xsm pass
test-amd64-i386-xl-qemut-debianhvm-amd64-xsm pass
test-amd64-amd64-libvirt-qemuu-debianhvm-amd64-xsm pass
test-amd64-i386-libvirt-qemuu-debianhvm-amd64-xsm pass
test-amd64-amd64-xl-qemuu-debianhvm-amd64-xsm pass
test-amd64-i386-xl-qemuu-debianhvm-amd64-xsm pass
test-amd64-amd64-xl-qemut-stubdom-debianhvm-amd64-xsm pass
test-amd64-i386-xl-qemut-stubdom-debianhvm-amd64-xsm pass
test-amd64-amd64-libvirt-xsm pass
test-arm64-arm64-libvirt-xsm pass
test-armhf-armhf-libvirt-xsm pass
test-amd64-i386-libvirt-xsm pass
test-amd64-amd64-xl-xsm pass
test-arm64-arm64-xl-xsm pass
test-armhf-armhf-xl-xsm pass
test-amd64-i386-xl-xsm pass
test-amd64-amd64-qemuu-nested-amd fail
test-amd64-amd64-xl-pvh-amd pass
test-amd64-i386-qemut-rhel6hvm-amd pass
test-amd64-i386-qemuu-rhel6hvm-amd pass
test-amd64-amd64-xl-qemut-debianhvm-amd64 pass
test-amd64-i386-xl-qemut-debianhvm-amd64 pass
test-amd64-amd64-xl-qemuu-debianhvm-amd64 pass
test-amd64-i386-xl-qemuu-debianhvm-amd64 pass
test-amd64-i386-freebsd10-amd64 pass
test-amd64-amd64-xl-qemuu-ovmf-amd64 pass
test-amd64-i386-xl-qemuu-ovmf-amd64 pass
test-amd64-amd64-rumprun-amd64 pass
test-amd64-amd64-xl-qemut-win7-amd64 fail
test-amd64-i386-xl-qemut-win7-amd64 fail
test-amd64-amd64-xl-qemuu-win7-amd64 fail
test-amd64-i386-xl-qemuu-win7-amd64 fail
test-amd64-amd64-xl-qemut-ws16-amd64 fail
test-amd64-i386-xl-qemut-ws16-amd64 fail
test-amd64-amd64-xl-qemuu-ws16-amd64 fail
test-amd64-i386-xl-qemuu-ws16-amd64 fail
test-armhf-armhf-xl-arndale pass
test-amd64-amd64-xl-credit2 pass
test-arm64-arm64-xl-credit2 pass
test-armhf-armhf-xl-credit2 pass
test-armhf-armhf-xl-cubietruck pass
test-amd64-amd64-examine pass
test-arm64-arm64-examine pass
test-armhf-armhf-examine pass
test-amd64-i386-examine pass
test-amd64-i386-freebsd10-i386 pass
test-amd64-i386-rumprun-i386 pass
test-amd64-amd64-xl-qemut-win10-i386 fail
test-amd64-i386-xl-qemut-win10-i386 fail
test-amd64-amd64-xl-qemuu-win10-i386 fail
test-amd64-i386-xl-qemuu-win10-i386 fail
test-amd64-amd64-qemuu-nested-intel pass
test-amd64-amd64-xl-pvh-intel pass
test-amd64-i386-qemut-rhel6hvm-intel pass
test-amd64-i386-qemuu-rhel6hvm-intel pass
test-amd64-amd64-libvirt pass
test-armhf-armhf-libvirt pass
test-amd64-i386-libvirt pass
test-amd64-amd64-livepatch pass
test-amd64-i386-livepatch pass
test-amd64-amd64-migrupgrade pass
test-amd64-i386-migrupgrade pass
test-amd64-amd64-xl-multivcpu pass
test-armhf-armhf-xl-multivcpu pass
test-amd64-amd64-pair pass
test-amd64-i386-pair pass
test-amd64-amd64-libvirt-pair pass
test-amd64-i386-libvirt-pair pass
test-amd64-amd64-amd64-pvgrub pass
test-amd64-amd64-i386-pvgrub pass
test-amd64-amd64-pygrub pass
test-amd64-amd64-xl-qcow2 pass
test-armhf-armhf-libvirt-raw pass
test-amd64-i386-xl-raw pass
test-amd64-amd64-xl-rtds fail
test-armhf-armhf-xl-rtds fail
test-amd64-amd64-libvirt-vhd pass
test-armhf-armhf-xl-vhd pass
------------------------------------------------------------
sg-report-flight on osstest.test-lab.xenproject.org
logs: /home/logs/logs
images: /home/logs/images
Logs, config files, etc. are available at
http://logs.test-lab.xenproject.org/osstest/logs
Explanation of these reports, and of osstest in general, is at
http://xenbits.xen.org/gitweb/?p=osstest.git;a=blob;f=README.email;hb=master
http://xenbits.xen.org/gitweb/?p=osstest.git;a=blob;f=README;hb=master
Test harness code can be found at
http://xenbits.xen.org/gitweb?p=osstest.git;a=summary
Not pushing.
------------------------------------------------------------
commit 7251b0d2b28552bf8d7287af9dc2504b4a43278b
Author: Jan Beulich <jbeulich@suse.com>
Date: Fri Jun 16 16:18:54 2017 +0200
x86emul: minor cleanup
Drop a redundant input constraint and correct a comment.
Signed-off-by: Jan Beulich <jbeulich@suse.com>
Reviewed-by: Andrew Cooper <andrew.cooper3@citrix.com>
commit 3910756987ccfac2d79fb8e4ca0f196522597b74
Author: Dushyant Behl <myselfdushyantbehl@gmail.com>
Date: Fri Jun 16 16:18:10 2017 +0200
x86/SVM: correct comments in vmcb.h
The VMEXIT codes listed from EXCEPTION_PF to EXCEPTION_XF had comments
describe the exitcodes slightly shifted than the expected value.
The expected exitcode value for page-fault is 78 which should be 0x4E
and so on till exception XF.
Signed-off-by: Dushyant Behl <myselfdushyantbehl@gmail.com>
Reviewed-by: Boris Ostrovsky <boris.ostrovsky@oracle.com>
commit 534ecddd8a961a44356fcab576bd68d6900bfa74
Author: Julien Grall <julien.grall@arm.com>
Date: Tue Jun 13 17:13:17 2017 +0100
xen/arm: mm: Use typesafe MFN in dump_pt_walk
Signed-off-by: Julien Grall <julien.grall@arm.com>
Reviewed-by: Stefano Stabellini <sstabellini@kernel.org>
commit 265b56de8d7c92e74e481644a5921b27daebb4ae
Author: Julien Grall <julien.grall@arm.com>
Date: Tue Jun 13 17:13:16 2017 +0100
xen/arm: mm: Use typesafe MFN in set_fixmap
Signed-off-by: Julien Grall <julien.grall@arm.com>
Reviewed-by: Stefano Stabellini <sstabellini@kernel.org>
commit 8258c741e233371aa62e491d8faffcba5f0eeb69
Author: Julien Grall <julien.grall@arm.com>
Date: Tue Jun 13 17:13:14 2017 +0100
xen/arm: Use the newly introduced MFN <-> MADDR and GFN <-> MADDR helpers
Replace the following constructions:
- _gfn(paddr_to_pfn(...)) => gaddr_to_gfn(...)
- _mfn(paddr_to_pfn(...)) => maddr_to_mfn(...)
- pfn_to_paddr(mfn_x(...)) => mfn_to_maddr(...)
- pfn_to_paddr(gfn_x(...)) => gfn_to_gaddr(...)
- _mfn(... >> PAGE_SHIFT) => maddr_to_mfn(...)
Signed-off-by: Julien Grall <julien.grall@arm.com>
Acked-by: Tamas K Lengyel <tamas@tklengyel.com>
Reviewed-by: Stefano Stabellini <sstabellini@kernel.org>
Cc: Razvan Cojocaru <rcojocaru@bitdefender.com>
Cc: Tamas K Lengyel <tamas@tklengyel.com>
commit b110455f4281d555f2f98393e805c4b45a3743a5
Author: Julien Grall <julien.grall@arm.com>
Date: Tue Jun 13 17:13:13 2017 +0100
xen/arm: Introduce wrappers for MFN <-> MADDR and GFN <-> GADDR
The new wrappers will add more safety when converting an address to a
frame number (either machine or guest). A follow-up patch will use them
to simplify the code.
Signed-off-by: Julien Grall <julien.grall@arm.com>
Reviewed-by: Stefano Stabellini <sstabellini@kernel.org>
commit 67c3ca7a7795f0ca31e3733ec6ae9716157e2726
Author: Julien Grall <julien.grall@arm.com>
Date: Tue Jun 13 17:13:12 2017 +0100
xen/arm: traps: Replace p2m_lookup(..., ..., NULL) by gfn_to_mfn(..., ...)
gfn_to_mfn is a wrapper of p2m_lookup which does not return the
p2m_type.
Signed-off-by: Julien Grall <julien.grall@arm.com>
Reviewed-by: Stefano Stabellini <sstabellini@kernel.org>
commit 38426987b6a132b39d7504961bbe8a385df6ec37
Author: Julien Grall <julien.grall@arm.com>
Date: Tue Jun 13 17:13:11 2017 +0100
xen/arm: Replace DIV_ROUND_UP(..., PAGE_SIZE) by PFN_UP(...)
DIV_ROUND_UP(..., PAGE_SIZE) and PFN_UP(...) are equivalent.
Signed-off-by: Julien Grall <julien.grall@arm.com>
Reviewed-by: Stefano Stabellini <sstabellini@kernel.org>
commit 7723dd6b1a4f395112c902e276456f3e05457e19
Author: Julien Grall <julien.grall@arm.com>
Date: Tue Jun 13 17:13:10 2017 +0100
xen/arm: mm: Replace __va(pfn_to_paddr(...)) by mfn_to_virt
__va(pfn_to_paddr(...)) and mfn_to_virt are equivalent.
Signed-off-by: Julien Grall <julien.grall@arm.com>
Reviewed-by: Stefano Stabellini <sstabellini@kernel.org>
commit 324834e4f102004a3cb595de82e725b7adee6cff
Author: Julien Grall <julien.grall@arm.com>
Date: Tue Jun 13 17:13:09 2017 +0100
xen/arm: domain_build: Replace paddr_to_pfn(virt_to_maddr(.)) by virt_to_mfn(.)
paddr_to_pfn(virt_to_maddr(.)) and virt_to_mfn(.) are equivalent.
Signed-off-by: Julien Grall <julien.grall@arm.com>
Reviewed-by: Stefano Stabellini <sstabellini@kernel.org>
commit 948066d0526cebe1ecd0c21863a9cfc1be0290a4
Author: Julien Grall <julien.grall@arm.com>
Date: Tue Jun 13 17:13:08 2017 +0100
xen/arm: Define mfn_to_page/page_to_mfn in term of __mfn_to_page/__page_to_mfn
This is matching the x86 side where the __* version is used if you need
to override the helpers in source files.
At the same time, move the non-underscore version at the end of the
defintion and add a comment to explain them.
Signed-off-by: Julien Grall <julien.grall@arm.com>
Reviewed-by: Stefano Stabellini <sstabellini@kernel.org>
commit c702d8a05a28fe892c233a5c63ec2b0c7f394302
Author: Julien Grall <julien.grall@arm.com>
Date: Tue Jun 13 17:13:07 2017 +0100
xen/arm: mm: Use typesafe MFN in mfn_to_xen_entry
Signed-off-by: Julien Grall <julien.grall@arm.com>
Reviewed-by: Stefano Stabellini <sstabellini@kernel.org>
commit 7ddc55f2e3ecab095a99221971b56e1fbf85d803
Author: Julien Grall <julien.grall@arm.com>
Date: Tue Jun 13 17:13:06 2017 +0100
xen/arm: mm: Clean-up mfn_to_xen_entry
The physical address is computed from the machine frame number, so
checking if the physical address is page aligned is pointless.
Furthermore, directly assigned the MFN to the corresponding field in the
entry rather than converting to a physical address and orring the value.
It will avoid to rely on the field position and make the code clearer.
Signed-off-by: Julien Grall <julien.grall@arm.com>
Reviewed-by: Stefano Stabellini <sstabellini@kernel.org>
commit b8d6b337d945de9cc5a29b50bf5c6adfe0d4d3df
Author: Julien Grall <julien.grall@arm.com>
Date: Tue Jun 13 17:13:05 2017 +0100
xen/arm: mm: Fix coding style of mfn_to_xen_entry
Fix the comment coding style and add a newline before the return.
Signed-off-by: Julien Grall <julien.grall@arm.com>
Reviewed-by: Stefano Stabellini <sstabellini@kernel.org>
commit ed67177ac2cfca9645f136b148f15e98ac57035b
Author: Julien Grall <julien.grall@arm.com>
Date: Tue Jun 13 17:13:04 2017 +0100
xen/arm: mm: Move mfn_to_xen_entry from page.h to mm.c
The file mm.c is the only user of mfn_to_xen_entry. This will also help
to use the typesafe MFN.
Signed-off-by: Julien Grall <julien.grall@arm.com>
Reviewed-by: Stefano Stabellini <sstabellini@kernel.org>
commit 615656a91050898f49b00e6933ab195ada08ec49
Author: Julien Grall <julien.grall@arm.com>
Date: Tue Jun 13 17:13:03 2017 +0100
xen/arm: mm: Introduce clear_table and use it
Add a new helper clear_table to clear a page table entry and invalidate
the cache.
Signed-off-by: Julien Grall <julien.grall@arm.com>
Reviewed-by: Stefano Stabellini <sstabellini@kernel.org>
commit 5da2fc8784114f0bc14f6af0f1ad5a69e4fb3789
Author: Julien Grall <julien.grall@arm.com>
Date: Tue Jun 13 17:13:01 2017 +0100
xen/arm: gic-v2: Fix indentation in gicv2_map_hwdom_extra_mappings
Signed-off-by: Julien Grall <julien.grall@arm.com>
Reviewed-by: Stefano Stabellini <sstabellini@kernel.org>
(qemu changes not included)
_______________________________________________
Xen-devel mailing list
Xen-devel@lists.xen.org
https://lists.xen.org/xen-devel
reply other threads:[~2017-06-19 14:24 UTC|newest]
Thread overview: [no followups] expand[flat|nested] mbox.gz Atom feed
Reply instructions:
You may reply publicly to this message via plain-text email
using any one of the following methods:
* Save the following mbox file, import it into your mail client,
and reply-to-all from there: mbox
Avoid top-posting and favor interleaved quoting:
https://en.wikipedia.org/wiki/Posting_style#Interleaved_style
* Reply using the --to, --cc, and --in-reply-to
switches of git-send-email(1):
git send-email \
--in-reply-to=osstest-110556-mainreport@xen.org \
--to=osstest-admin@xenproject.org \
--cc=xen-devel@lists.xensource.com \
/path/to/YOUR_REPLY
https://kernel.org/pub/software/scm/git/docs/git-send-email.html
* If your mail client supports setting the In-Reply-To header
via mailto: links, try the mailto: link
Be sure your reply has a Subject: header at the top and a blank line
before the message body.
This is a public inbox, see mirroring instructions
for how to clone and mirror all data and code used for this inbox;
as well as URLs for NNTP newsgroup(s).