From mboxrd@z Thu Jan 1 00:00:00 1970 From: osstest service owner Subject: [linux-4.9 test] 110557: regressions - FAIL Date: Mon, 19 Jun 2017 15:28:41 +0000 Message-ID: Mime-Version: 1.0 Content-Type: multipart/mixed; boundary="===============1892639905924353199==" Return-path: List-Unsubscribe: , List-Post: List-Help: List-Subscribe: , Errors-To: xen-devel-bounces@lists.xen.org Sender: "Xen-devel" To: xen-devel@lists.xensource.com, osstest-admin@xenproject.org List-Id: xen-devel@lists.xenproject.org --===============1892639905924353199== Content-Type: text/plain flight 110557 linux-4.9 real [real] http://logs.test-lab.xenproject.org/osstest/logs/110557/ Regressions :-( Tests which did not succeed and are blocking, including tests which could not be run: test-amd64-amd64-xl-qemuu-win7-amd64 15 guest-localmigrate/x10 fail REGR. vs. 110456 Tests which are failing intermittently (not blocking): test-amd64-i386-xl-qemuu-win7-amd64 15 guest-localmigrate/x10 fail in 110545 pass in 110557 test-amd64-i386-xl-qemut-win7-amd64 15 guest-localmigrate/x10 fail in 110545 pass in 110557 test-armhf-armhf-libvirt-raw 14 guest-start/debian.repeat fail in 110545 pass in 110557 test-amd64-amd64-xl-qemuu-debianhvm-amd64 15 guest-localmigrate/x10 fail pass in 110545 test-armhf-armhf-xl-rtds 15 guest-start/debian.repeat fail pass in 110545 Tests which did not succeed, but are not blocking: test-amd64-amd64-xl-qemut-win7-amd64 17 guest-start/win.repeat fail blocked in 110456 test-amd64-i386-xl-qemuu-win7-amd64 16 guest-stop fail like 110456 test-amd64-i386-xl-qemut-win7-amd64 16 guest-stop fail like 110456 test-amd64-amd64-xl-rtds 9 debian-install fail like 110456 test-amd64-amd64-xl-qemuu-ws16-amd64 9 windows-install fail never pass test-amd64-i386-libvirt-xsm 12 migrate-support-check fail never pass test-amd64-i386-libvirt 12 migrate-support-check fail never pass test-amd64-amd64-libvirt 12 migrate-support-check fail never pass test-amd64-amd64-libvirt-xsm 12 migrate-support-check fail never pass test-arm64-arm64-xl 12 migrate-support-check fail never pass test-arm64-arm64-xl 13 saverestore-support-check fail never pass test-arm64-arm64-libvirt-xsm 12 migrate-support-check fail never pass test-arm64-arm64-libvirt-xsm 13 saverestore-support-check fail never pass test-armhf-armhf-xl-arndale 12 migrate-support-check fail never pass test-armhf-armhf-xl-arndale 13 saverestore-support-check fail never pass test-amd64-amd64-xl-qemut-ws16-amd64 9 windows-install fail never pass test-amd64-i386-libvirt-qemuu-debianhvm-amd64-xsm 10 migrate-support-check fail never pass test-amd64-amd64-libvirt-qemuu-debianhvm-amd64-xsm 10 migrate-support-check fail never pass test-amd64-amd64-qemuu-nested-amd 16 debian-hvm-install/l1/l2 fail never pass test-arm64-arm64-xl-credit2 12 migrate-support-check fail never pass test-arm64-arm64-xl-credit2 13 saverestore-support-check fail never pass test-armhf-armhf-xl-credit2 12 migrate-support-check fail never pass test-armhf-armhf-xl-credit2 13 saverestore-support-check fail never pass test-armhf-armhf-libvirt-xsm 12 migrate-support-check fail never pass test-armhf-armhf-libvirt 12 migrate-support-check fail never pass test-armhf-armhf-libvirt-xsm 13 saverestore-support-check fail never pass test-armhf-armhf-libvirt 13 saverestore-support-check fail never pass test-armhf-armhf-xl 12 migrate-support-check fail never pass test-armhf-armhf-xl 13 saverestore-support-check fail never pass test-armhf-armhf-xl-multivcpu 12 migrate-support-check fail never pass test-armhf-armhf-xl-multivcpu 13 saverestore-support-check fail never pass test-amd64-amd64-libvirt-vhd 11 migrate-support-check fail never pass test-armhf-armhf-libvirt-raw 11 migrate-support-check fail never pass test-armhf-armhf-libvirt-raw 12 saverestore-support-check fail never pass test-armhf-armhf-xl-vhd 11 migrate-support-check fail never pass test-armhf-armhf-xl-vhd 12 saverestore-support-check fail never pass test-armhf-armhf-xl-cubietruck 12 migrate-support-check fail never pass test-armhf-armhf-xl-cubietruck 13 saverestore-support-check fail never pass test-armhf-armhf-xl-xsm 12 migrate-support-check fail never pass test-armhf-armhf-xl-xsm 13 saverestore-support-check fail never pass test-arm64-arm64-xl-xsm 12 migrate-support-check fail never pass test-arm64-arm64-xl-xsm 13 saverestore-support-check fail never pass test-amd64-i386-xl-qemut-win10-i386 9 windows-install fail never pass test-amd64-amd64-xl-qemuu-win10-i386 9 windows-install fail never pass test-amd64-i386-xl-qemuu-win10-i386 9 windows-install fail never pass test-amd64-amd64-xl-qemut-win10-i386 9 windows-install fail never pass test-amd64-i386-xl-qemuu-ws16-amd64 9 windows-install fail never pass test-amd64-i386-xl-qemut-ws16-amd64 9 windows-install fail never pass test-armhf-armhf-xl-rtds 12 migrate-support-check fail never pass test-armhf-armhf-xl-rtds 13 saverestore-support-check fail never pass version targeted for testing: linux 050639ef5810e8ad17fb6a426eff3c63e616350c baseline version: linux 05afd4c0af6a43f6bda7caaacb01bc0116d50d3b Last test of basis 110456 2017-06-14 22:55:22 Z 4 days Testing same since 110513 2017-06-17 05:27:38 Z 2 days 4 attempts ------------------------------------------------------------ People who touched revisions under test: Al Viro Alex Williamson Alexander Potapenko Alexey Kardashevskiy Alexey Khoroshilov Andrea Arcangeli Andreas Schultz Andrew Morton Andrey Ryabinin Andy Shevchenko Anssi Hannula Ard Biesheuvel Ariel Elior Arnd Bergmann Arseny Solokha Babu Moger Ben Skeggs Benjamin Coddington Benjamin Herrenschmidt Bin Liu Bjorn Helgaas Chris Wilson Christian Borntraeger Christophe Leroy Chuck Lever Claudiu Manoil Coly Li Dan Carpenter Daniel Vetter Daniel Vetter Dave Airlie David Howells David Lin David S. Miller Dimitris Michailidis Don Zickus Doug Ledford Eric Dumazet Florian Fainelli Frank Sorenson Greg Kroah-Hartman Hans de Goede Hans Verkuil Hans Verkuil Harald Welte Hayes Wang hayeswang Helge Deller Herbert Xu Hillf Danton Imre Deak Jack Morgenstein Jani Nikula Jean Delvare Jeff Layton Jens Axboe Jeremy McNicoll Jisheng Zhang John Crispin John Thompson Jon Maloy Jonas Aaberg Jonathan T. Leighton Kazuya Mizuguchi Kejian Yan Kirill A. Shutemov Linus Lüssing Linus Torvalds Linus Walleij Liping Zhang Luis R. Rodriguez Lyude Lyude Paul Maarten Lankhorst Mao Wenan Marcus Huewe Martin Schwidefsky Mauro Carvalho Chehab Max Filippov Michael Chan Michael Ellerman Michael S. Tsirkin Michal Kalderon Mika Kahola Mika Westerberg Mike Kravetz Nathan Fontenot Neil Horman Nong Li Or Gerlitz Pablo Neira Ayuso Parav Pandit Parthasarathy Bhuvaragan Peter Ujfalusi Peter Zijlstra (Intel) Peter Zijlstra Rafael J. Wysocki Ralf Baechle Ram Amrani Randy Dunlap Ricardo Ribalda Ricardo Ribalda Delgado Richard Richard Narron Saeed Mahameed Salil Mehta Sasha Levin Sean Nyekjaer Sergei Shtylyov Simon Horman Stanislaw Gruszka Stefan Brüns Stefan Hajnoczi Steve Dickson Steven Rostedt Sudip Mukherjee Sudip Mukherjee Sunil Goutham Tariq Toukan Thanneeru Srinivasulu Thomas Falcon Thomas Osterried Tony Lindgren Trond Myklebust Ville Syrjälä Vineet Gupta Wolfram Sang Xin Long Xuan Qi Y.C. Chen Ying Xue jobs: build-amd64-xsm pass build-arm64-xsm pass build-armhf-xsm pass build-i386-xsm pass build-amd64 pass build-arm64 pass build-armhf pass build-i386 pass build-amd64-libvirt pass build-arm64-libvirt pass build-armhf-libvirt pass build-i386-libvirt pass build-amd64-pvops pass build-arm64-pvops pass build-armhf-pvops pass build-i386-pvops pass build-amd64-rumprun pass build-i386-rumprun pass test-amd64-amd64-xl pass test-arm64-arm64-xl pass test-armhf-armhf-xl pass test-amd64-i386-xl pass test-amd64-amd64-xl-qemut-debianhvm-amd64-xsm pass test-amd64-i386-xl-qemut-debianhvm-amd64-xsm pass test-amd64-amd64-libvirt-qemuu-debianhvm-amd64-xsm pass test-amd64-i386-libvirt-qemuu-debianhvm-amd64-xsm pass test-amd64-amd64-xl-qemuu-debianhvm-amd64-xsm pass test-amd64-i386-xl-qemuu-debianhvm-amd64-xsm pass test-amd64-amd64-xl-qemut-stubdom-debianhvm-amd64-xsm pass test-amd64-i386-xl-qemut-stubdom-debianhvm-amd64-xsm pass test-amd64-amd64-libvirt-xsm pass test-arm64-arm64-libvirt-xsm pass test-armhf-armhf-libvirt-xsm pass test-amd64-i386-libvirt-xsm pass test-amd64-amd64-xl-xsm pass test-arm64-arm64-xl-xsm pass test-armhf-armhf-xl-xsm pass test-amd64-i386-xl-xsm pass test-amd64-amd64-qemuu-nested-amd fail test-amd64-amd64-xl-pvh-amd pass test-amd64-i386-qemut-rhel6hvm-amd pass test-amd64-i386-qemuu-rhel6hvm-amd pass test-amd64-amd64-xl-qemut-debianhvm-amd64 pass test-amd64-i386-xl-qemut-debianhvm-amd64 pass test-amd64-amd64-xl-qemuu-debianhvm-amd64 fail test-amd64-i386-xl-qemuu-debianhvm-amd64 pass test-amd64-i386-freebsd10-amd64 pass test-amd64-amd64-xl-qemuu-ovmf-amd64 pass test-amd64-i386-xl-qemuu-ovmf-amd64 pass test-amd64-amd64-rumprun-amd64 pass test-amd64-amd64-xl-qemut-win7-amd64 fail test-amd64-i386-xl-qemut-win7-amd64 fail test-amd64-amd64-xl-qemuu-win7-amd64 fail test-amd64-i386-xl-qemuu-win7-amd64 fail test-amd64-amd64-xl-qemut-ws16-amd64 fail test-amd64-i386-xl-qemut-ws16-amd64 fail test-amd64-amd64-xl-qemuu-ws16-amd64 fail test-amd64-i386-xl-qemuu-ws16-amd64 fail test-armhf-armhf-xl-arndale pass test-amd64-amd64-xl-credit2 pass test-arm64-arm64-xl-credit2 pass test-armhf-armhf-xl-credit2 pass test-armhf-armhf-xl-cubietruck pass test-amd64-amd64-examine pass test-arm64-arm64-examine pass test-armhf-armhf-examine pass test-amd64-i386-examine pass test-amd64-i386-freebsd10-i386 pass test-amd64-i386-rumprun-i386 pass test-amd64-amd64-xl-qemut-win10-i386 fail test-amd64-i386-xl-qemut-win10-i386 fail test-amd64-amd64-xl-qemuu-win10-i386 fail test-amd64-i386-xl-qemuu-win10-i386 fail test-amd64-amd64-qemuu-nested-intel pass test-amd64-amd64-xl-pvh-intel pass test-amd64-i386-qemut-rhel6hvm-intel pass test-amd64-i386-qemuu-rhel6hvm-intel pass test-amd64-amd64-libvirt pass test-armhf-armhf-libvirt pass test-amd64-i386-libvirt pass test-amd64-amd64-xl-multivcpu pass test-armhf-armhf-xl-multivcpu pass test-amd64-amd64-pair pass test-amd64-i386-pair pass test-amd64-amd64-libvirt-pair pass test-amd64-i386-libvirt-pair pass test-amd64-amd64-amd64-pvgrub pass test-amd64-amd64-i386-pvgrub pass test-amd64-amd64-pygrub pass test-amd64-amd64-xl-qcow2 pass test-armhf-armhf-libvirt-raw pass test-amd64-i386-xl-raw pass test-amd64-amd64-xl-rtds fail test-armhf-armhf-xl-rtds fail test-amd64-amd64-libvirt-vhd pass test-armhf-armhf-xl-vhd pass ------------------------------------------------------------ sg-report-flight on osstest.test-lab.xenproject.org logs: /home/logs/logs images: /home/logs/images Logs, config files, etc. are available at http://logs.test-lab.xenproject.org/osstest/logs Explanation of these reports, and of osstest in general, is at http://xenbits.xen.org/gitweb/?p=osstest.git;a=blob;f=README.email;hb=master http://xenbits.xen.org/gitweb/?p=osstest.git;a=blob;f=README;hb=master Test harness code can be found at http://xenbits.xen.org/gitweb?p=osstest.git;a=summary Not pushing. (No revision log; it would be 3321 lines long.) --===============1892639905924353199== Content-Type: text/plain; charset="utf-8" MIME-Version: 1.0 Content-Transfer-Encoding: base64 Content-Disposition: inline X19fX19fX19fX19fX19fX19fX19fX19fX19fX19fX19fX19fX19fX19fX19fX18KWGVuLWRldmVs IG1haWxpbmcgbGlzdApYZW4tZGV2ZWxAbGlzdHMueGVuLm9yZwpodHRwczovL2xpc3RzLnhlbi5v cmcveGVuLWRldmVsCg== --===============1892639905924353199==--