* [linux-linus test] 110560: regressions - FAIL
@ 2017-06-19 16:57 osstest service owner
0 siblings, 0 replies; only message in thread
From: osstest service owner @ 2017-06-19 16:57 UTC (permalink / raw)
To: xen-devel, osstest-admin
[-- Attachment #1: Type: text/plain, Size: 15339 bytes --]
flight 110560 linux-linus real [real]
http://logs.test-lab.xenproject.org/osstest/logs/110560/
Regressions :-(
Tests which did not succeed and are blocking,
including tests which could not be run:
build-i386-pvops 5 kernel-build fail REGR. vs. 110515
test-amd64-amd64-xl-qemuu-win7-amd64 14 guest-saverestore.2 fail REGR. vs. 110515
test-amd64-amd64-xl-qemut-win7-amd64 15 guest-localmigrate/x10 fail REGR. vs. 110515
build-armhf-pvops 5 kernel-build fail REGR. vs. 110515
Tests which did not succeed, but are not blocking:
test-armhf-armhf-xl-multivcpu 1 build-check(1) blocked n/a
test-amd64-i386-freebsd10-i386 1 build-check(1) blocked n/a
test-amd64-i386-xl-xsm 1 build-check(1) blocked n/a
test-amd64-i386-libvirt-qemuu-debianhvm-amd64-xsm 1 build-check(1) blocked n/a
test-amd64-i386-xl-qemuu-ovmf-amd64 1 build-check(1) blocked n/a
test-amd64-i386-xl-raw 1 build-check(1) blocked n/a
test-amd64-i386-qemuu-rhel6hvm-amd 1 build-check(1) blocked n/a
test-armhf-armhf-libvirt 1 build-check(1) blocked n/a
test-amd64-i386-xl-qemuu-debianhvm-amd64-xsm 1 build-check(1) blocked n/a
test-amd64-i386-xl-qemut-debianhvm-amd64-xsm 1 build-check(1) blocked n/a
test-amd64-i386-xl-qemut-win10-i386 1 build-check(1) blocked n/a
test-amd64-i386-libvirt 1 build-check(1) blocked n/a
test-amd64-i386-xl-qemuu-win10-i386 1 build-check(1) blocked n/a
test-armhf-armhf-libvirt-raw 1 build-check(1) blocked n/a
test-amd64-i386-libvirt-xsm 1 build-check(1) blocked n/a
test-armhf-armhf-examine 1 build-check(1) blocked n/a
test-armhf-armhf-xl 1 build-check(1) blocked n/a
test-amd64-i386-examine 1 build-check(1) blocked n/a
test-amd64-i386-xl-qemut-ws16-amd64 1 build-check(1) blocked n/a
test-amd64-i386-qemuu-rhel6hvm-intel 1 build-check(1) blocked n/a
test-armhf-armhf-xl-vhd 1 build-check(1) blocked n/a
test-amd64-i386-xl-qemuu-win7-amd64 1 build-check(1) blocked n/a
test-amd64-i386-xl-qemut-debianhvm-amd64 1 build-check(1) blocked n/a
test-amd64-i386-qemut-rhel6hvm-intel 1 build-check(1) blocked n/a
test-amd64-i386-freebsd10-amd64 1 build-check(1) blocked n/a
test-amd64-i386-pair 1 build-check(1) blocked n/a
test-armhf-armhf-xl-credit2 1 build-check(1) blocked n/a
test-amd64-i386-rumprun-i386 1 build-check(1) blocked n/a
test-armhf-armhf-xl-cubietruck 1 build-check(1) blocked n/a
test-amd64-i386-xl-qemuu-ws16-amd64 1 build-check(1) blocked n/a
test-amd64-i386-xl-qemut-stubdom-debianhvm-amd64-xsm 1 build-check(1) blocked n/a
test-amd64-i386-xl-qemut-win7-amd64 1 build-check(1) blocked n/a
test-amd64-i386-qemut-rhel6hvm-amd 1 build-check(1) blocked n/a
test-armhf-armhf-xl-rtds 1 build-check(1) blocked n/a
test-armhf-armhf-xl-arndale 1 build-check(1) blocked n/a
test-amd64-i386-xl-qemuu-debianhvm-amd64 1 build-check(1) blocked n/a
test-armhf-armhf-libvirt-xsm 1 build-check(1) blocked n/a
test-amd64-i386-xl 1 build-check(1) blocked n/a
test-amd64-i386-libvirt-pair 1 build-check(1) blocked n/a
test-armhf-armhf-xl-xsm 1 build-check(1) blocked n/a
test-amd64-amd64-xl-rtds 9 debian-install fail like 110515
test-amd64-amd64-xl-qemut-ws16-amd64 9 windows-install fail never pass
test-amd64-amd64-libvirt-xsm 12 migrate-support-check fail never pass
test-amd64-amd64-libvirt 12 migrate-support-check fail never pass
test-amd64-amd64-libvirt-qemuu-debianhvm-amd64-xsm 10 migrate-support-check fail never pass
test-arm64-arm64-xl-xsm 12 migrate-support-check fail never pass
test-arm64-arm64-xl-xsm 13 saverestore-support-check fail never pass
test-arm64-arm64-xl 12 migrate-support-check fail never pass
test-arm64-arm64-xl 13 saverestore-support-check fail never pass
test-arm64-arm64-xl-credit2 12 migrate-support-check fail never pass
test-arm64-arm64-xl-credit2 13 saverestore-support-check fail never pass
test-amd64-amd64-libvirt-vhd 11 migrate-support-check fail never pass
test-amd64-amd64-qemuu-nested-amd 16 debian-hvm-install/l1/l2 fail never pass
test-amd64-amd64-xl-qemuu-ws16-amd64 9 windows-install fail never pass
test-arm64-arm64-libvirt-xsm 12 migrate-support-check fail never pass
test-arm64-arm64-libvirt-xsm 13 saverestore-support-check fail never pass
test-amd64-amd64-xl-qemuu-win10-i386 9 windows-install fail never pass
test-amd64-amd64-xl-qemut-win10-i386 9 windows-install fail never pass
version targeted for testing:
linux 3696e4f0b0072eb9753ffa1387be1dd2ebe2cb8f
baseline version:
linux 1439ccf73d9c07654fdd5b4969fd53c2feb8684d
Last test of basis 110515 2017-06-17 06:48:56 Z 2 days
Failing since 110536 2017-06-17 23:48:13 Z 1 days 3 attempts
Testing same since 110560 2017-06-19 05:58:52 Z 0 days 1 attempts
------------------------------------------------------------
People who touched revisions under test:
"Yan, Zheng" <zyan@redhat.com>
Al Viro <viro@zeniv.linux.org.uk>
Alan Stern <stern@rowland.harvard.edu>
Alexey Khoroshilov <khoroshilov@ispras.ru>
Andrei Vagin <avagin@openvz.org>
Andy Lutomirski <luto@kernel.org>
Arnaldo Carvalho de Melo <acme@redhat.com>
Arnd Bergmann <arnd@arndb.de>
Brian Foster <bfoster@redhat.com>
Corentin Labbe <clabbe.montjoie@gmail.com>
Dan Carpenter <dan.carpenter@oracle.com>
Darrick J. Wong <darrick.wong@oracle.com>
Felipe Balbi <felipe.balbi@linux.intel.com>
Greg Kroah-Hartman <gregkh@linuxfoundation.org>
Heiner Kallweit <hkallweit1@gmail.com>
Hendrik Brueckner <brueckner@linux.vnet.ibm.com>
Ilya Dryomov <idryomov@gmail.com>
Ingo Molnar <mingo@kernel.org>
Jacek Anaszewski <jacek.anaszewski@gmail.com>
Jan Kratochvil <jan.kratochvil@redhat.com>
Jason Wang <jasowang@redhat.com>
Jean-Baptiste Maneyrol <jmaneyrol@invensense.com>
Jiada Wang <jiada_wang@mentor.com>
Jiri Olsa <jolsa@kernel.org>
Jiri Olsa <jolsa@redhat.com>
Jonas Gorski <jonas.gorski@gmail.com>
Jonathan Cameron <jic23@kernel.org>
Josh Poimboeuf <jpoimboe@redhat.com>
Kees Cook <keescook@chromium.org>
Lars-Peter Clausen <lars@metafoo.de>
Linus Torvalds <torvalds@linux-foundation.org>
Liwei Song <liwei.song@windriver.com>
Luis Henriques <lhenriques@suse.com>
Marcin Nowakowski <marcin.nowakowski@imgtec.com>
Martin Blumenstingl <martin.blumenstingl@googlemail.com>
Mathias Nyman <mathias.nyman@linux.intel.com>
Matt Redfearn <matt.redfearn@imgtec.com>
Michael S. Tsirkin <mst@redhat.com>
Milian Wolff <milian.wolff@kdab.com>
Paul Burton <paul.burton@imgtec.com>
Pavel Machek <pavel@ucw.cz>
Peter Zijlstra (Intel) <peterz@infradead.org>
Peter Zijlstra <peterz@infradead.org>
Phil Reid <preid@electromag.com.au>
Ralf Baechle <ralf@linux-mips.org>
Stephen Boyd <sboyd@codeaurora.org>
Stephen Rothwell <sfr@canb.auug.org.au>
Thomas Gleixner <tglx@linutronix.de>
Vlastimil Babka <vbabka@suse.cz>
Wei Yongjun <weiyongjun1@huawei.com>
Wolfram Sang <wsa+renesas@sang-engineering.com>
Wolfram Sang <wsa@the-dreams.de>
Yan, Zheng <zyan@redhat.com>
YD Tseng <yd_tseng@asmedia.com.tw>
Zhang Bo <bo.zhang@nxp.com>
Ãlvaro Fernández Rojas <noltari@gmail.com>
jobs:
build-amd64-xsm pass
build-arm64-xsm pass
build-armhf-xsm pass
build-i386-xsm pass
build-amd64 pass
build-arm64 pass
build-armhf pass
build-i386 pass
build-amd64-libvirt pass
build-arm64-libvirt pass
build-armhf-libvirt pass
build-i386-libvirt pass
build-amd64-pvops pass
build-arm64-pvops pass
build-armhf-pvops fail
build-i386-pvops fail
build-amd64-rumprun pass
build-i386-rumprun pass
test-amd64-amd64-xl pass
test-arm64-arm64-xl pass
test-armhf-armhf-xl blocked
test-amd64-i386-xl blocked
test-amd64-amd64-xl-qemut-debianhvm-amd64-xsm pass
test-amd64-i386-xl-qemut-debianhvm-amd64-xsm blocked
test-amd64-amd64-libvirt-qemuu-debianhvm-amd64-xsm pass
test-amd64-i386-libvirt-qemuu-debianhvm-amd64-xsm blocked
test-amd64-amd64-xl-qemuu-debianhvm-amd64-xsm pass
test-amd64-i386-xl-qemuu-debianhvm-amd64-xsm blocked
test-amd64-amd64-xl-qemut-stubdom-debianhvm-amd64-xsm pass
test-amd64-i386-xl-qemut-stubdom-debianhvm-amd64-xsm blocked
test-amd64-amd64-libvirt-xsm pass
test-arm64-arm64-libvirt-xsm pass
test-armhf-armhf-libvirt-xsm blocked
test-amd64-i386-libvirt-xsm blocked
test-amd64-amd64-xl-xsm pass
test-arm64-arm64-xl-xsm pass
test-armhf-armhf-xl-xsm blocked
test-amd64-i386-xl-xsm blocked
test-amd64-amd64-qemuu-nested-amd fail
test-amd64-amd64-xl-pvh-amd pass
test-amd64-i386-qemut-rhel6hvm-amd blocked
test-amd64-i386-qemuu-rhel6hvm-amd blocked
test-amd64-amd64-xl-qemut-debianhvm-amd64 pass
test-amd64-i386-xl-qemut-debianhvm-amd64 blocked
test-amd64-amd64-xl-qemuu-debianhvm-amd64 pass
test-amd64-i386-xl-qemuu-debianhvm-amd64 blocked
test-amd64-i386-freebsd10-amd64 blocked
test-amd64-amd64-xl-qemuu-ovmf-amd64 pass
test-amd64-i386-xl-qemuu-ovmf-amd64 blocked
test-amd64-amd64-rumprun-amd64 pass
test-amd64-amd64-xl-qemut-win7-amd64 fail
test-amd64-i386-xl-qemut-win7-amd64 blocked
test-amd64-amd64-xl-qemuu-win7-amd64 fail
test-amd64-i386-xl-qemuu-win7-amd64 blocked
test-amd64-amd64-xl-qemut-ws16-amd64 fail
test-amd64-i386-xl-qemut-ws16-amd64 blocked
test-amd64-amd64-xl-qemuu-ws16-amd64 fail
test-amd64-i386-xl-qemuu-ws16-amd64 blocked
test-armhf-armhf-xl-arndale blocked
test-amd64-amd64-xl-credit2 pass
test-arm64-arm64-xl-credit2 pass
test-armhf-armhf-xl-credit2 blocked
test-armhf-armhf-xl-cubietruck blocked
test-amd64-amd64-examine pass
test-arm64-arm64-examine pass
test-armhf-armhf-examine blocked
test-amd64-i386-examine blocked
test-amd64-i386-freebsd10-i386 blocked
test-amd64-i386-rumprun-i386 blocked
test-amd64-amd64-xl-qemut-win10-i386 fail
test-amd64-i386-xl-qemut-win10-i386 blocked
test-amd64-amd64-xl-qemuu-win10-i386 fail
test-amd64-i386-xl-qemuu-win10-i386 blocked
test-amd64-amd64-qemuu-nested-intel pass
test-amd64-amd64-xl-pvh-intel pass
test-amd64-i386-qemut-rhel6hvm-intel blocked
test-amd64-i386-qemuu-rhel6hvm-intel blocked
test-amd64-amd64-libvirt pass
test-armhf-armhf-libvirt blocked
test-amd64-i386-libvirt blocked
test-amd64-amd64-xl-multivcpu pass
test-armhf-armhf-xl-multivcpu blocked
test-amd64-amd64-pair pass
test-amd64-i386-pair blocked
test-amd64-amd64-libvirt-pair pass
test-amd64-i386-libvirt-pair blocked
test-amd64-amd64-amd64-pvgrub pass
test-amd64-amd64-i386-pvgrub pass
test-amd64-amd64-pygrub pass
test-amd64-amd64-xl-qcow2 pass
test-armhf-armhf-libvirt-raw blocked
test-amd64-i386-xl-raw blocked
test-amd64-amd64-xl-rtds fail
test-armhf-armhf-xl-rtds blocked
test-amd64-amd64-libvirt-vhd pass
test-armhf-armhf-xl-vhd blocked
------------------------------------------------------------
sg-report-flight on osstest.test-lab.xenproject.org
logs: /home/logs/logs
images: /home/logs/images
Logs, config files, etc. are available at
http://logs.test-lab.xenproject.org/osstest/logs
Explanation of these reports, and of osstest in general, is at
http://xenbits.xen.org/gitweb/?p=osstest.git;a=blob;f=README.email;hb=master
http://xenbits.xen.org/gitweb/?p=osstest.git;a=blob;f=README;hb=master
Test harness code can be found at
http://xenbits.xen.org/gitweb?p=osstest.git;a=summary
Not pushing.
(No revision log; it would be 1910 lines long.)
[-- Attachment #2: Type: text/plain, Size: 127 bytes --]
_______________________________________________
Xen-devel mailing list
Xen-devel@lists.xen.org
https://lists.xen.org/xen-devel
^ permalink raw reply [flat|nested] only message in thread
only message in thread, other threads:[~2017-06-19 16:57 UTC | newest]
Thread overview: (only message) (download: mbox.gz follow: Atom feed
-- links below jump to the message on this page --
2017-06-19 16:57 [linux-linus test] 110560: regressions - FAIL osstest service owner
This is a public inbox, see mirroring instructions
for how to clone and mirror all data and code used for this inbox;
as well as URLs for NNTP newsgroup(s).