* [xen-4.9-testing test] 110568: regressions - FAIL
@ 2017-06-20 0:51 osstest service owner
0 siblings, 0 replies; only message in thread
From: osstest service owner @ 2017-06-20 0:51 UTC (permalink / raw)
To: xen-devel, osstest-admin
flight 110568 xen-4.9-testing real [real]
http://logs.test-lab.xenproject.org/osstest/logs/110568/
Regressions :-(
Tests which did not succeed and are blocking,
including tests which could not be run:
test-amd64-amd64-xl-qemuu-debianhvm-amd64-xsm 9 debian-hvm-install fail REGR. vs. 110550
build-armhf-xsm 5 xen-build fail REGR. vs. 110550
Regressions which are regarded as allowable (not blocking):
test-amd64-i386-xl-qemuu-win7-amd64 16 guest-stop fail REGR. vs. 110542
Tests which did not succeed, but are not blocking:
test-armhf-armhf-libvirt-xsm 1 build-check(1) blocked n/a
test-armhf-armhf-xl-xsm 1 build-check(1) blocked n/a
test-amd64-amd64-xl-qemut-win7-amd64 17 guest-start/win.repeat fail blocked in 110550
test-amd64-i386-xl-qemut-win7-amd64 15 guest-localmigrate/x10 fail like 110542
test-amd64-amd64-xl-qemuu-win7-amd64 15 guest-localmigrate/x10 fail like 110550
test-amd64-amd64-xl-rtds 9 debian-install fail like 110550
test-amd64-amd64-libvirt-xsm 12 migrate-support-check fail never pass
test-amd64-amd64-xl-qemuu-ws16-amd64 9 windows-install fail never pass
test-amd64-i386-libvirt-xsm 12 migrate-support-check fail never pass
test-amd64-amd64-libvirt 12 migrate-support-check fail never pass
build-amd64-prev 6 xen-build/dist-test fail never pass
test-arm64-arm64-xl-credit2 12 migrate-support-check fail never pass
test-arm64-arm64-xl-credit2 13 saverestore-support-check fail never pass
test-arm64-arm64-xl 12 migrate-support-check fail never pass
test-arm64-arm64-xl 13 saverestore-support-check fail never pass
test-amd64-amd64-xl-qemut-ws16-amd64 9 windows-install fail never pass
test-amd64-amd64-libvirt-qemuu-debianhvm-amd64-xsm 10 migrate-support-check fail never pass
test-armhf-armhf-xl-arndale 12 migrate-support-check fail never pass
test-arm64-arm64-xl-xsm 12 migrate-support-check fail never pass
test-arm64-arm64-xl-xsm 13 saverestore-support-check fail never pass
build-i386-prev 6 xen-build/dist-test fail never pass
test-armhf-armhf-xl-arndale 13 saverestore-support-check fail never pass
test-amd64-amd64-libvirt-vhd 11 migrate-support-check fail never pass
test-armhf-armhf-libvirt 12 migrate-support-check fail never pass
test-armhf-armhf-libvirt 13 saverestore-support-check fail never pass
test-armhf-armhf-xl-cubietruck 12 migrate-support-check fail never pass
test-armhf-armhf-xl-cubietruck 13 saverestore-support-check fail never pass
test-armhf-armhf-xl-multivcpu 12 migrate-support-check fail never pass
test-armhf-armhf-xl-multivcpu 13 saverestore-support-check fail never pass
test-amd64-i386-libvirt 12 migrate-support-check fail never pass
test-armhf-armhf-libvirt-raw 11 migrate-support-check fail never pass
test-armhf-armhf-libvirt-raw 12 saverestore-support-check fail never pass
test-armhf-armhf-xl-rtds 12 migrate-support-check fail never pass
test-armhf-armhf-xl-rtds 13 saverestore-support-check fail never pass
test-armhf-armhf-xl-credit2 12 migrate-support-check fail never pass
test-armhf-armhf-xl-credit2 13 saverestore-support-check fail never pass
test-arm64-arm64-libvirt-xsm 12 migrate-support-check fail never pass
test-arm64-arm64-libvirt-xsm 13 saverestore-support-check fail never pass
test-armhf-armhf-xl 12 migrate-support-check fail never pass
test-armhf-armhf-xl 13 saverestore-support-check fail never pass
test-armhf-armhf-xl-vhd 11 migrate-support-check fail never pass
test-armhf-armhf-xl-vhd 12 saverestore-support-check fail never pass
test-amd64-i386-libvirt-qemuu-debianhvm-amd64-xsm 10 migrate-support-check fail never pass
test-amd64-amd64-qemuu-nested-amd 16 debian-hvm-install/l1/l2 fail never pass
test-amd64-amd64-xl-qemut-win10-i386 9 windows-install fail never pass
test-amd64-i386-xl-qemuu-win10-i386 9 windows-install fail never pass
test-amd64-amd64-xl-qemuu-win10-i386 9 windows-install fail never pass
test-amd64-i386-xl-qemut-win10-i386 9 windows-install fail never pass
test-amd64-i386-xl-qemut-ws16-amd64 9 windows-install fail never pass
test-amd64-i386-xl-qemuu-ws16-amd64 9 windows-install fail never pass
version targeted for testing:
xen 2fb72b56bf0423e4b625cebc40e2dc7ea7734986
baseline version:
xen e197d29514165202308fe65db6effc4835aabfeb
Last test of basis 110550 2017-06-18 21:49:42 Z 1 days
Testing same since 110568 2017-06-19 13:14:32 Z 0 days 1 attempts
------------------------------------------------------------
People who touched revisions under test:
Ian Jackson <Ian.Jackson@eu.citrix.com>
Jan Beulich <jbeulich@suse.com>
Konrad Rzeszutek Wilk <konrad.wilk@oracle.com>
Wei Liu <wei.liu2@citrix.com>
jobs:
build-amd64-xsm pass
build-arm64-xsm pass
build-armhf-xsm fail
build-i386-xsm pass
build-amd64-xtf pass
build-amd64 pass
build-arm64 pass
build-armhf pass
build-i386 pass
build-amd64-libvirt pass
build-arm64-libvirt pass
build-armhf-libvirt pass
build-i386-libvirt pass
build-amd64-prev pass
build-i386-prev pass
build-amd64-pvops pass
build-arm64-pvops pass
build-armhf-pvops pass
build-i386-pvops pass
build-amd64-rumprun pass
build-i386-rumprun pass
test-xtf-amd64-amd64-1 pass
test-xtf-amd64-amd64-2 pass
test-xtf-amd64-amd64-3 pass
test-xtf-amd64-amd64-4 pass
test-xtf-amd64-amd64-5 pass
test-amd64-amd64-xl pass
test-arm64-arm64-xl pass
test-armhf-armhf-xl pass
test-amd64-i386-xl pass
test-amd64-amd64-xl-qemut-debianhvm-amd64-xsm pass
test-amd64-i386-xl-qemut-debianhvm-amd64-xsm pass
test-amd64-amd64-libvirt-qemuu-debianhvm-amd64-xsm pass
test-amd64-i386-libvirt-qemuu-debianhvm-amd64-xsm pass
test-amd64-amd64-xl-qemuu-debianhvm-amd64-xsm fail
test-amd64-i386-xl-qemuu-debianhvm-amd64-xsm pass
test-amd64-amd64-xl-qemut-stubdom-debianhvm-amd64-xsm pass
test-amd64-i386-xl-qemut-stubdom-debianhvm-amd64-xsm pass
test-amd64-amd64-libvirt-xsm pass
test-arm64-arm64-libvirt-xsm pass
test-armhf-armhf-libvirt-xsm blocked
test-amd64-i386-libvirt-xsm pass
test-amd64-amd64-xl-xsm pass
test-arm64-arm64-xl-xsm pass
test-armhf-armhf-xl-xsm blocked
test-amd64-i386-xl-xsm pass
test-amd64-amd64-qemuu-nested-amd fail
test-amd64-amd64-xl-pvh-amd pass
test-amd64-i386-qemut-rhel6hvm-amd pass
test-amd64-i386-qemuu-rhel6hvm-amd pass
test-amd64-amd64-xl-qemut-debianhvm-amd64 pass
test-amd64-i386-xl-qemut-debianhvm-amd64 pass
test-amd64-amd64-xl-qemuu-debianhvm-amd64 pass
test-amd64-i386-xl-qemuu-debianhvm-amd64 pass
test-amd64-i386-freebsd10-amd64 pass
test-amd64-amd64-xl-qemuu-ovmf-amd64 pass
test-amd64-i386-xl-qemuu-ovmf-amd64 pass
test-amd64-amd64-rumprun-amd64 pass
test-amd64-amd64-xl-qemut-win7-amd64 fail
test-amd64-i386-xl-qemut-win7-amd64 fail
test-amd64-amd64-xl-qemuu-win7-amd64 fail
test-amd64-i386-xl-qemuu-win7-amd64 fail
test-amd64-amd64-xl-qemut-ws16-amd64 fail
test-amd64-i386-xl-qemut-ws16-amd64 fail
test-amd64-amd64-xl-qemuu-ws16-amd64 fail
test-amd64-i386-xl-qemuu-ws16-amd64 fail
test-armhf-armhf-xl-arndale pass
test-amd64-amd64-xl-credit2 pass
test-arm64-arm64-xl-credit2 pass
test-armhf-armhf-xl-credit2 pass
test-armhf-armhf-xl-cubietruck pass
test-amd64-i386-freebsd10-i386 pass
test-amd64-i386-rumprun-i386 pass
test-amd64-amd64-xl-qemut-win10-i386 fail
test-amd64-i386-xl-qemut-win10-i386 fail
test-amd64-amd64-xl-qemuu-win10-i386 fail
test-amd64-i386-xl-qemuu-win10-i386 fail
test-amd64-amd64-qemuu-nested-intel pass
test-amd64-amd64-xl-pvh-intel pass
test-amd64-i386-qemut-rhel6hvm-intel pass
test-amd64-i386-qemuu-rhel6hvm-intel pass
test-amd64-amd64-libvirt pass
test-armhf-armhf-libvirt pass
test-amd64-i386-libvirt pass
test-amd64-amd64-livepatch pass
test-amd64-i386-livepatch pass
test-amd64-amd64-migrupgrade pass
test-amd64-i386-migrupgrade pass
test-amd64-amd64-xl-multivcpu pass
test-armhf-armhf-xl-multivcpu pass
test-amd64-amd64-pair pass
test-amd64-i386-pair pass
test-amd64-amd64-libvirt-pair pass
test-amd64-i386-libvirt-pair pass
test-amd64-amd64-amd64-pvgrub pass
test-amd64-amd64-i386-pvgrub pass
test-amd64-amd64-pygrub pass
test-amd64-amd64-xl-qcow2 pass
test-armhf-armhf-libvirt-raw pass
test-amd64-i386-xl-raw pass
test-amd64-amd64-xl-rtds fail
test-armhf-armhf-xl-rtds pass
test-amd64-amd64-libvirt-vhd pass
test-armhf-armhf-xl-vhd pass
------------------------------------------------------------
sg-report-flight on osstest.test-lab.xenproject.org
logs: /home/logs/logs
images: /home/logs/images
Logs, config files, etc. are available at
http://logs.test-lab.xenproject.org/osstest/logs
Explanation of these reports, and of osstest in general, is at
http://xenbits.xen.org/gitweb/?p=osstest.git;a=blob;f=README.email;hb=master
http://xenbits.xen.org/gitweb/?p=osstest.git;a=blob;f=README;hb=master
Test harness code can be found at
http://xenbits.xen.org/gitweb?p=osstest.git;a=summary
Not pushing.
------------------------------------------------------------
commit 2fb72b56bf0423e4b625cebc40e2dc7ea7734986
Author: Ian Jackson <ian.jackson@eu.citrix.com>
Date: Wed Jun 7 15:05:44 2017 +0100
Makefile: Provide way to ship livepatch test files
In the toplevel Makefile, provide build-tests and install-tests
targets which descend into xen/test. (dist-tests is provided
automatically by the pattern rule, as is the convention here.)
We have to set BASEDIR ourselves, and use these curious runes, because
the convention in Makefiles under xen/ is to "make -f Rules.mk" with
BASEDIR set and to expect Rules.mk to reinvoke the per-directory
Makefile. (This is really very strange.) Normally this invocation
pattern is organised by the machinery in xen/Makefile (which sets
BASEDIR) and Rules.mk, but we need to invoke it from outside that
context.
In theory it would be nice to have a pattern rule %-tests. But this
is not the style in the rest of the toplevel Makefile; and doing that
might interfere with the dist-% pattern rule.
None of this is invoked by default. If install-tests or dist-tests is
requested, the livepatches (the only current output from xen/tests)
are shipped in DESTDIR/usr/lib/debug/xen-livepatch/.
This allows CI systems such as osstest which are trying to consume
this to arrange for the files to be built, and output, without them
having to have special knowledge of the details of Xen's build system.
Signed-off-by: Ian Jackson <Ian.Jackson@eu.citrix.com>
Reviewed-by: Konrad Rzeszutek Wilk <konrad.wilk@oracle.com>
Acked-by: Jan Beulich <jbeulich@suse.com>
Acked-by: Wei Liu <wei.liu2@citrix.com>
Release-acked-by: Julien Grall <julien.grall@arm.com>
(cherry picked from commit c55667bd0ad8f04688abfd5c6317709dc00f88ab)
commit c40237fb500be05aee6869f5c2da5aa6f1a86f76
Author: Ian Jackson <ian.jackson@eu.citrix.com>
Date: Wed Jun 7 15:09:57 2017 +0100
xen/test/livepatch: Add xen_nop.livepatch to .gitignore
Signed-off-by: Ian Jackson <Ian.Jackson@eu.citrix.com>
Reviewed-by: Konrad Rzeszutek Wilk <konrad.wilk@oracle.com>
Acked-by: Jan Beulich <jbeulich@suse.com>
Acked-by: Wei Liu <wei.liu2@citrix.com>
Release-acked-by: Julien Grall <julien.grall@arm.com>
(cherry picked from commit 5225e70ccbb02f786647eddfeb65d6db1e230782)
commit 8c60e5f4327583b1c90cf3641388ef618c1727ec
Author: Ian Jackson <ian.jackson@eu.citrix.com>
Date: Wed Jun 7 14:44:51 2017 +0100
xen/test/livepatch: Regularise Makefiles
In xen/test/livepatch/Makefile:
Provide a `build' target, as most of the
subdir-invoking Makefiles elsewhere expect.
In xen/test/Makefile:
Replace the two open-coded targets with a generalised pattern rule
which descends into each of SUBDIRS. This allows `install' to work
too (it is already supported by xen/test/livepatch/Makefile).
Provide an explicit default target of `tests', and an `all' target
(which is conventional).
Suppress entry into the xen/test/livepatch subdir when we are
building for i386, since the 32-bit hypervisor is not supported any
more and we can't build livepatches for it either.
After this, the xen/test subdirectory is somewhere were make can be
invoked in the way which is conventional for xen.git/xen/ subdirs.
None of this is yet invoked from the top-level Makefile.
Signed-off-by: Ian Jackson <Ian.Jackson@eu.citrix.com>
Acked-by: Konrad Rzeszutek Wilk <konrad.wilk@oracle.com>
Acked-by: Jan Beulich <jbeulich@suse.com>
Acked-by: Wei Liu <wei.liu2@citrix.com>
Release-acked-by: Julien Grall <julien.grall@arm.com>
(cherry picked from commit e541982dc21dcc5be61279d22d477ed5c0bc41c5)
commit d32607042bdc944aa23b7eaf17cd68c8536d3a11
Author: Ian Jackson <ian.jackson@eu.citrix.com>
Date: Wed Jun 7 15:00:17 2017 +0100
xen/test/livepatch/Makefile: Install in DESTDIR/usr/lib/debug/xen-livepatch
Dumping these patch files in /usr/lib/debug/xen-*.livepatch is a bit
ugly.
Also, refactor the Makefile to have a LIVEPATCHES variable, to reduce
repetition.
Signed-off-by: Ian Jackson <Ian.Jackson@eu.citrix.com>
Reviewed-by: Konrad Rzeszutek Wilk <konrad.wilk@oracle.com>
Acked-by: Jan Beulich <jbeulich@suse.com>
Acked-by: Wei Liu <wei.liu2@citrix.com>
Release-acked-by: Julien Grall <julien.grall@arm.com>
(cherry picked from commit a38d1af5fb02bee68c9a30e38b97c6129815f943)
(qemu changes not included)
_______________________________________________
Xen-devel mailing list
Xen-devel@lists.xen.org
https://lists.xen.org/xen-devel
^ permalink raw reply [flat|nested] only message in thread
only message in thread, other threads:[~2017-06-20 0:51 UTC | newest]
Thread overview: (only message) (download: mbox.gz follow: Atom feed
-- links below jump to the message on this page --
2017-06-20 0:51 [xen-4.9-testing test] 110568: regressions - FAIL osstest service owner
This is a public inbox, see mirroring instructions
for how to clone and mirror all data and code used for this inbox;
as well as URLs for NNTP newsgroup(s).