From mboxrd@z Thu Jan 1 00:00:00 1970 From: osstest service owner Subject: [linux-linus test] 110984: regressions - FAIL Date: Sat, 24 Jun 2017 00:48:04 +0000 Message-ID: Mime-Version: 1.0 Content-Type: multipart/mixed; boundary="===============6324071854842334279==" Return-path: List-Unsubscribe: , List-Post: List-Help: List-Subscribe: , Errors-To: xen-devel-bounces@lists.xen.org Sender: "Xen-devel" To: xen-devel@lists.xensource.com, osstest-admin@xenproject.org List-Id: xen-devel@lists.xenproject.org --===============6324071854842334279== Content-Type: text/plain flight 110984 linux-linus real [real] http://logs.test-lab.xenproject.org/osstest/logs/110984/ Regressions :-( Tests which did not succeed and are blocking, including tests which could not be run: test-amd64-amd64-xl-qemuu-ovmf-amd64 14 guest-saverestore.2 fail REGR. vs. 110515 test-amd64-i386-xl-qemuu-debianhvm-amd64-xsm 15 guest-localmigrate/x10 fail REGR. vs. 110515 test-amd64-amd64-xl-qemut-win7-amd64 15 guest-localmigrate/x10 fail REGR. vs. 110515 Tests which did not succeed, but are not blocking: test-amd64-i386-xl-qemuu-win7-amd64 17 guest-start/win.repeat fail blocked in 110515 test-armhf-armhf-libvirt 13 saverestore-support-check fail like 110515 test-armhf-armhf-libvirt-xsm 13 saverestore-support-check fail like 110515 test-armhf-armhf-xl-rtds 15 guest-start/debian.repeat fail like 110515 test-amd64-amd64-xl-qemuu-win7-amd64 16 guest-stop fail like 110515 test-amd64-i386-xl-qemut-win7-amd64 16 guest-stop fail like 110515 test-amd64-amd64-xl-rtds 9 debian-install fail like 110515 test-armhf-armhf-libvirt-raw 12 saverestore-support-check fail like 110515 test-amd64-amd64-xl-qemut-ws16-amd64 9 windows-install fail never pass test-amd64-i386-libvirt 12 migrate-support-check fail never pass test-amd64-amd64-libvirt-xsm 12 migrate-support-check fail never pass test-amd64-i386-libvirt-xsm 12 migrate-support-check fail never pass test-amd64-amd64-libvirt 12 migrate-support-check fail never pass test-arm64-arm64-xl-credit2 12 migrate-support-check fail never pass test-arm64-arm64-libvirt-xsm 12 migrate-support-check fail never pass test-arm64-arm64-xl-credit2 13 saverestore-support-check fail never pass test-arm64-arm64-libvirt-xsm 13 saverestore-support-check fail never pass test-amd64-amd64-libvirt-qemuu-debianhvm-amd64-xsm 10 migrate-support-check fail never pass test-arm64-arm64-xl-xsm 12 migrate-support-check fail never pass test-arm64-arm64-xl-xsm 13 saverestore-support-check fail never pass test-arm64-arm64-xl 12 migrate-support-check fail never pass test-arm64-arm64-xl 13 saverestore-support-check fail never pass test-armhf-armhf-xl-arndale 12 migrate-support-check fail never pass test-armhf-armhf-xl-arndale 13 saverestore-support-check fail never pass test-amd64-amd64-libvirt-vhd 11 migrate-support-check fail never pass test-amd64-amd64-qemuu-nested-amd 16 debian-hvm-install/l1/l2 fail never pass test-armhf-armhf-xl-rtds 12 migrate-support-check fail never pass test-armhf-armhf-xl-rtds 13 saverestore-support-check fail never pass test-armhf-armhf-xl 12 migrate-support-check fail never pass test-armhf-armhf-xl 13 saverestore-support-check fail never pass test-armhf-armhf-libvirt 12 migrate-support-check fail never pass test-armhf-armhf-xl-cubietruck 12 migrate-support-check fail never pass test-armhf-armhf-xl-cubietruck 13 saverestore-support-check fail never pass test-armhf-armhf-libvirt-xsm 12 migrate-support-check fail never pass test-armhf-armhf-xl-multivcpu 12 migrate-support-check fail never pass test-armhf-armhf-xl-multivcpu 13 saverestore-support-check fail never pass test-amd64-i386-libvirt-qemuu-debianhvm-amd64-xsm 10 migrate-support-check fail never pass test-amd64-amd64-xl-qemuu-ws16-amd64 9 windows-install fail never pass test-amd64-i386-xl-qemut-ws16-amd64 12 guest-saverestore fail never pass test-armhf-armhf-xl-vhd 11 migrate-support-check fail never pass test-armhf-armhf-xl-vhd 12 saverestore-support-check fail never pass test-armhf-armhf-xl-xsm 12 migrate-support-check fail never pass test-armhf-armhf-xl-xsm 13 saverestore-support-check fail never pass test-armhf-armhf-xl-credit2 12 migrate-support-check fail never pass test-armhf-armhf-xl-credit2 13 saverestore-support-check fail never pass test-armhf-armhf-libvirt-raw 11 migrate-support-check fail never pass test-amd64-i386-xl-qemuu-ws16-amd64 12 guest-saverestore fail never pass test-amd64-amd64-xl-qemut-win10-i386 9 windows-install fail never pass test-amd64-amd64-xl-qemuu-win10-i386 9 windows-install fail never pass test-amd64-i386-xl-qemuu-win10-i386 9 windows-install fail never pass test-amd64-i386-xl-qemut-win10-i386 9 windows-install fail never pass version targeted for testing: linux a38371cba67539ce6a5d5324db34bc2ddaf66cc1 baseline version: linux 1439ccf73d9c07654fdd5b4969fd53c2feb8684d Last test of basis 110515 2017-06-17 06:48:56 Z 6 days Failing since 110536 2017-06-17 23:48:13 Z 6 days 7 attempts Testing same since 110984 2017-06-23 04:20:18 Z 0 days 1 attempts ------------------------------------------------------------ People who touched revisions under test: "Yan, Zheng" Al Viro Alan Stern Alexandre TORGUE Alexey Khoroshilov Allen Hubbe Andrei Vagin Andy Lutomirski Angus Ainslie Arend van Spriel Arnaldo Carvalho de Melo Arnd Bergmann Bart Van Assche Benjamin Gaignard Benjamin Tissoires Boris Brezillon Brian Foster Charles Keepax Chen-Yu Tsai Chris Mi Christian Borntraeger Christophe JAILLET Colin Ian King Cong Wang Corentin Labbe Dan Carpenter Daniel Stone Darrick J. Wong Dave Jiang David Howells David S. Miller Edward Cree Eli Cohen Enric Balletbo i Serra Eric Dumazet Fabrice Gasnier Felipe Balbi Ganesh Goudar Gao Feng Gary R Hook Greg Kroah-Hartman Haishuang Yan Hannes Frederic Sowa Heiko Carstens Heiner Kallweit Heinrich Schuchardt Helge Deller Helge Deller # parisc Hendrik Brueckner Hugh Dickins Icenowy Zheng Ilya Dryomov Ingo Molnar Jacek Anaszewski James Cowgill James Hogan Jan Beulich Jan Kratochvil Jason Wang Jean-Baptiste Maneyrol Jens Axboe Jiada Wang Jiri Kosina Jiri Olsa Jiri Olsa Johannes Berg Jon Mason Jonas Gorski Jonathan Cameron Josh Poimboeuf Juergen Gross Kalle Valo Kees Cook Konrad Rzeszutek Wilk Krzysztof Kozlowski Lars-Peter Clausen Lee Jones Lin Yun Sheng Linus Torvalds Linus Walleij Liwei Song Logan Gunthorpe Luis Henriques Madalin Bucur Maor Dickman Marcin Nowakowski Martin Blumenstingl Martin KaFai Lau Mathias Nyman Matt Redfearn Max Gurtovoy Maxime Ripard Michael S. Tsirkin Michael Turquette Michal Hocko Milian Wolff Miroslav Benes Neil Armstrong Neil Horman Niklas Cassel Olof Johansson Or Gerlitz Paolo Bonzini Paul Burton Paul Mackerras Pavel Machek Pavel Shilovsky Peter Dawson Peter Zijlstra (Intel) Peter Zijlstra Petr Mladek Phil Reid Pravin B Shelar Radim Krčmář Raju Rangoju Ralf Baechle Roger Pau Monné Saeed Mahameed Sebastian Andrzej Siewior Sebastian Parschauer Sebastian Siewior Serhey Popovych Stephen Boyd Stephen Rothwell Steve French Steve Wise Steven Haigh Thomas Gleixner Tobias Regnery Tony Lindgren Vlastimil Babka WANG Cong Wei Wang Wei Yongjun Wolfram Sang Wolfram Sang Xin Long xypron.glpk@gmx.de Yan, Zheng YD Tseng Yong Deng Zhang Bo Zhang Shengju Álvaro Fernández Rojas jobs: build-amd64-xsm pass build-arm64-xsm pass build-armhf-xsm pass build-i386-xsm pass build-amd64 pass build-arm64 pass build-armhf pass build-i386 pass build-amd64-libvirt pass build-arm64-libvirt pass build-armhf-libvirt pass build-i386-libvirt pass build-amd64-pvops pass build-arm64-pvops pass build-armhf-pvops pass build-i386-pvops pass build-amd64-rumprun pass build-i386-rumprun pass test-amd64-amd64-xl pass test-arm64-arm64-xl pass test-armhf-armhf-xl pass test-amd64-i386-xl pass test-amd64-amd64-xl-qemut-debianhvm-amd64-xsm pass test-amd64-i386-xl-qemut-debianhvm-amd64-xsm pass test-amd64-amd64-libvirt-qemuu-debianhvm-amd64-xsm pass test-amd64-i386-libvirt-qemuu-debianhvm-amd64-xsm pass test-amd64-amd64-xl-qemuu-debianhvm-amd64-xsm pass test-amd64-i386-xl-qemuu-debianhvm-amd64-xsm fail test-amd64-amd64-xl-qemut-stubdom-debianhvm-amd64-xsm pass test-amd64-i386-xl-qemut-stubdom-debianhvm-amd64-xsm pass test-amd64-amd64-libvirt-xsm pass test-arm64-arm64-libvirt-xsm pass test-armhf-armhf-libvirt-xsm pass test-amd64-i386-libvirt-xsm pass test-amd64-amd64-xl-xsm pass test-arm64-arm64-xl-xsm pass test-armhf-armhf-xl-xsm pass test-amd64-i386-xl-xsm pass test-amd64-amd64-qemuu-nested-amd fail test-amd64-amd64-xl-pvh-amd pass test-amd64-i386-qemut-rhel6hvm-amd pass test-amd64-i386-qemuu-rhel6hvm-amd pass test-amd64-amd64-xl-qemut-debianhvm-amd64 pass test-amd64-i386-xl-qemut-debianhvm-amd64 pass test-amd64-amd64-xl-qemuu-debianhvm-amd64 pass test-amd64-i386-xl-qemuu-debianhvm-amd64 pass test-amd64-i386-freebsd10-amd64 pass test-amd64-amd64-xl-qemuu-ovmf-amd64 fail test-amd64-i386-xl-qemuu-ovmf-amd64 pass test-amd64-amd64-rumprun-amd64 pass test-amd64-amd64-xl-qemut-win7-amd64 fail test-amd64-i386-xl-qemut-win7-amd64 fail test-amd64-amd64-xl-qemuu-win7-amd64 fail test-amd64-i386-xl-qemuu-win7-amd64 fail test-amd64-amd64-xl-qemut-ws16-amd64 fail test-amd64-i386-xl-qemut-ws16-amd64 fail test-amd64-amd64-xl-qemuu-ws16-amd64 fail test-amd64-i386-xl-qemuu-ws16-amd64 fail test-armhf-armhf-xl-arndale pass test-amd64-amd64-xl-credit2 pass test-arm64-arm64-xl-credit2 pass test-armhf-armhf-xl-credit2 pass test-armhf-armhf-xl-cubietruck pass test-amd64-amd64-examine pass test-arm64-arm64-examine pass test-armhf-armhf-examine pass test-amd64-i386-examine pass test-amd64-i386-freebsd10-i386 pass test-amd64-i386-rumprun-i386 pass test-amd64-amd64-xl-qemut-win10-i386 fail test-amd64-i386-xl-qemut-win10-i386 fail test-amd64-amd64-xl-qemuu-win10-i386 fail test-amd64-i386-xl-qemuu-win10-i386 fail test-amd64-amd64-qemuu-nested-intel pass test-amd64-amd64-xl-pvh-intel pass test-amd64-i386-qemut-rhel6hvm-intel pass test-amd64-i386-qemuu-rhel6hvm-intel pass test-amd64-amd64-libvirt pass test-armhf-armhf-libvirt pass test-amd64-i386-libvirt pass test-amd64-amd64-xl-multivcpu pass test-armhf-armhf-xl-multivcpu pass test-amd64-amd64-pair pass test-amd64-i386-pair pass test-amd64-amd64-libvirt-pair pass test-amd64-i386-libvirt-pair pass test-amd64-amd64-amd64-pvgrub pass test-amd64-amd64-i386-pvgrub pass test-amd64-amd64-pygrub pass test-amd64-amd64-xl-qcow2 pass test-armhf-armhf-libvirt-raw pass test-amd64-i386-xl-raw pass test-amd64-amd64-xl-rtds fail test-armhf-armhf-xl-rtds fail test-amd64-amd64-libvirt-vhd pass test-armhf-armhf-xl-vhd pass ------------------------------------------------------------ sg-report-flight on osstest.test-lab.xenproject.org logs: /home/logs/logs images: /home/logs/images Logs, config files, etc. are available at http://logs.test-lab.xenproject.org/osstest/logs Explanation of these reports, and of osstest in general, is at http://xenbits.xen.org/gitweb/?p=osstest.git;a=blob;f=README.email;hb=master http://xenbits.xen.org/gitweb/?p=osstest.git;a=blob;f=README;hb=master Test harness code can be found at http://xenbits.xen.org/gitweb?p=osstest.git;a=summary Not pushing. (No revision log; it would be 4308 lines long.) --===============6324071854842334279== Content-Type: text/plain; charset="utf-8" MIME-Version: 1.0 Content-Transfer-Encoding: base64 Content-Disposition: inline X19fX19fX19fX19fX19fX19fX19fX19fX19fX19fX19fX19fX19fX19fX19fX18KWGVuLWRldmVs IG1haWxpbmcgbGlzdApYZW4tZGV2ZWxAbGlzdHMueGVuLm9yZwpodHRwczovL2xpc3RzLnhlbi5v cmcveGVuLWRldmVsCg== --===============6324071854842334279==--